{"id":18379,"date":"2023-07-04T11:40:35","date_gmt":"2023-07-04T14:40:35","guid":{"rendered":"https:\/\/magalhaesdealmeida.ma.gov.br\/transparencia\/?post_type=publicacoesdom&#038;p=18379"},"modified":"2023-07-04T11:40:35","modified_gmt":"2023-07-04T14:40:35","slug":"decreto-n-016-2023-de-04-de-julho-de-2023","status":"publish","type":"publicacoesdom","link":"https:\/\/magalhaesdealmeida.ma.gov.br\/transparencia\/publicacoesdom\/decreto-n-016-2023-de-04-de-julho-de-2023\/","title":{"rendered":"DECRETO N.\u00b0 016\/2023, DE 04 DE JULHO DE 2023."},"content":{"rendered":"<p><strong>\u201cDISP\u00d5E SOBRE O PONTO FACULTATIVO NAS REPARTI\u00c7\u00d5ES P\u00daBLICAS MUNICIPAIS, NOS DIAS 07 E 10 DE JULHO DE 2023, E D\u00c1 OUTRAS PROVID\u00caNCIAS.\u201d<br \/>\n<\/strong>O Prefeito Municipal de Magalh\u00e3es de Almeida, Estado do Maranh\u00e3o, RAIMUNDO NONATO CARVALHO, no uso de suas atribui\u00e7\u00f5es constitucionais e na forma prevista no art. 67, VI, da Lei Org\u00e2nica Municipal e;<br \/>\n<strong>CONSIDERANDO<\/strong> o costume das festividades juninas do 25\u00b0 Arraial Nossa Gente;<br \/>\n<strong>CONSIDERANDO<\/strong> o respeito aos aspectos culturais e religiosos que fundamentam a base de nossa sociedade, tornando as tradi\u00e7\u00f5es culturais Direitos Fundamentais, <strong>DECRETA:<br \/>\n<\/strong><strong>Art. 1\u00b0 &#8211;<\/strong> Em raz\u00e3o da tradi\u00e7\u00e3o cultural das festividades juninas, fica determinado ponto facultativo no dia 07 de Julho (sexta-feira) e 10 de Julho (segunda-feira) de 2023 no servi\u00e7o p\u00fablico municipal, em todos os \u00f3rg\u00e3os e entidades da Administra\u00e7\u00e3o P\u00fablica Municipal, sem preju\u00edzo da presta\u00e7\u00e3o dos servi\u00e7os considerados essenciais.<br \/>\n<strong>Art. 2\u00b0 &#8211;<\/strong> Caber\u00e1 aos dirigentes dos \u00f3rg\u00e3os e entidades a preserva\u00e7\u00e3o e o funcionamento dos servi\u00e7os essenciais, atrav\u00e9s do regime de plant\u00f5es, em especial os setores atrelados \u00e0 Secretaria de Sa\u00fade, limpeza p\u00fablica e outras assim consideradas que por sua natureza n\u00e3o possam ser paralisados ou interrompidos.<br \/>\n<strong>Art. 3\u00b0 &#8211;<\/strong> Este Decreto entra em vigor na data de sua publica\u00e7\u00e3o, revogando as disposi\u00e7\u00f5es em contr\u00e1rio.<br \/>\nREGISTRE-SE, PUBLIQUE-SE E CUMPRA-SE.<br \/>\nGABINETE DO PREFEITO MUNICIPAL DE MAGALH\u00c3ES DE ALMEIDA, ESTADO DO MARANH\u00c3O, EM 04 DE JULHO DE 2023. RAIMUNDO NONATO CARVALHO, Prefeito Municipal.<\/p>\n","protected":false},"author":4,"template":"","class_list":["post-18379","publicacoesdom","type-publicacoesdom","status-publish","hentry"],"acf":{"tipo_de_publicacao_diario":"23","e_retificacao":"1","origem_do_diario":"Poder Executivo","codigo_verificador":"be0d3fa0c03844127778014f7ac13abc1a14868b"},"_links":{"self":[{"href":"https:\/\/magalhaesdealmeida.ma.gov.br\/transparencia\/wp-json\/wp\/v2\/publicacoesdom\/18379","targetHints":{"allow":["GET"]}}],"collection":[{"href":"https:\/\/magalhaesdealmeida.ma.gov.br\/transparencia\/wp-json\/wp\/v2\/publicacoesdom"}],"about":[{"href":"https:\/\/magalhaesdealmeida.ma.gov.br\/transparencia\/wp-json\/wp\/v2\/types\/publicacoesdom"}],"author":[{"embeddable":true,"href":"https:\/\/magalhaesdealmeida.ma.gov.br\/transparencia\/wp-json\/wp\/v2\/users\/4"}],"wp:attachment":[{"href":"https:\/\/magalhaesdealmeida.ma.gov.br\/transparencia\/wp-json\/wp\/v2\/media?parent=18379"}],"curies":[{"name":"wp","href":"https:\/\/api.w.org\/{rel}","templated":true}]}}

<p><strong>“DISPÕE SOBRE O PONTO FACULTATIVO NAS REPARTIÇÕES PÚBLICAS MUNICIPAIS, NOS DIAS 07 E 10 DE JULHO DE 2023, E DÁ OUTRAS PROVIDÊNCIAS.”<br />
</strong>O Prefeito Municipal de Magalhães de Almeida, Estado do Maranhão, RAIMUNDO NONATO CARVALHO, no uso de suas atribuições constitucionais e na forma prevista no art. 67, VI, da Lei Orgânica Municipal e;<br />
<strong>CONSIDERANDO</strong> o costume das festividades juninas do 25° Arraial Nossa Gente;<br />
<strong>CONSIDERANDO</strong> o respeito aos aspectos culturais e religiosos que fundamentam a base de nossa sociedade, tornando as tradições culturais Direitos Fundamentais, <strong>DECRETA:<br />
</strong><strong>Art. 1° &#8211;</strong> Em razão da tradição cultural das festividades juninas, fica determinado ponto facultativo no dia 07 de Julho (sexta-feira) e 10 de Julho (segunda-feira) de 2023 no serviço público municipal, em todos os órgãos e entidades da Administração Pública Municipal, sem prejuízo da prestação dos serviços considerados essenciais.<br />
<strong>Art. 2° &#8211;</strong> Caberá aos dirigentes dos órgãos e entidades a preservação e o funcionamento dos serviços essenciais, através do regime de plantões, em especial os setores atrelados à Secretaria de Saúde, limpeza pública e outras assim consideradas que por sua natureza não possam ser paralisados ou interrompidos.<br />
<strong>Art. 3° &#8211;</strong> Este Decreto entra em vigor na data de sua publicação, revogando as disposições em contrário.<br />
REGISTRE-SE, PUBLIQUE-SE E CUMPRA-SE.<br />
GABINETE DO PREFEITO MUNICIPAL DE MAGALHÃES DE ALMEIDA, ESTADO DO MARANHÃO, EM 04 DE JULHO DE 2023. RAIMUNDO NONATO CARVALHO, Prefeito Municipal.</p>
