{"id":18478,"date":"2023-07-20T12:01:53","date_gmt":"2023-07-20T15:01:53","guid":{"rendered":"https:\/\/magalhaesdealmeida.ma.gov.br\/transparencia\/?post_type=publicacoesdom&#038;p=18478"},"modified":"2023-07-20T12:01:53","modified_gmt":"2023-07-20T15:01:53","slug":"lei-n-o-574-2023","status":"publish","type":"publicacoesdom","link":"https:\/\/magalhaesdealmeida.ma.gov.br\/transparencia\/publicacoesdom\/lei-n-o-574-2023\/","title":{"rendered":"LEI N.\u00ba 574\/2023"},"content":{"rendered":"<p><strong>Disp\u00f5e sobre o &#8220;Programa Wi-Fi Comunit\u00e1rio&#8221;, nas pra\u00e7as, parques e pontos tur\u00edsticos do Magalh\u00e3es de Almeida- Ma, por interm\u00e9dio de Conv\u00eanios e parcerias p\u00fablico-privadas e d\u00e1 Outras provid\u00eancias.<br \/>\n<\/strong><strong>O PREFEITO MUNICIPAL DE MAGALH\u00c3ES DE ALMEIDA, ESTADO DO MARANH\u00c3O<\/strong>, no uso de suas atribui\u00e7\u00f5es que lhe s\u00e3o conferidas por Lei, <strong>FA\u00c7O SABER<\/strong> que a C\u00e2mara Municipal de Vereadores aprovou e eu <strong>SANCIONO<\/strong> a seguinte Lei:<br \/>\n<strong>Art. 1\u00b0 &#8211; <\/strong>Fica criado no \u00e2mbito do Munic\u00edpio de Magalh\u00e3es de Almeida o \u201cPrograma Wi-Fi Comunit\u00e1rio\u201d.<br \/>\n<strong>\u00a71\u00ba &#8211; <\/strong>O Poder Executivo Municipal, por interm\u00e9dio de conv\u00eanios e parcerias p\u00fablico privadas, disponibilizar\u00e1 sinal p\u00fablico de internet atrav\u00e9s do sistema Wi-Fi nas pra\u00e7as p\u00fablicas, parques e pontos tur\u00edsticos do Munic\u00edpio, em locais que haja viabilidade para instala\u00e7\u00e3o.<br \/>\n<strong>\u00a72\u00ba &#8211; <\/strong>O sinal Wi-Fi poder\u00e1 ser acessado por meio de celular, smartphone, Tablet, Notebook e demais aparelhos que possuam dispositivos compat\u00edveis com o padr\u00e3o Wi-Fi de Conex\u00e3o \u00e0 internet;<br \/>\n<strong>\u00a73\u00ba &#8211; <\/strong>A conex\u00e3o do sinal Wi-Fi disponibilizada nas pra\u00e7as p\u00fablicas municipais ser\u00e1 gratuita.<br \/>\n<strong>\u00a74\u00ba &#8211; <\/strong>Fica vedada a apropria\u00e7\u00e3o e explora\u00e7\u00e3o comercial privada do sinal do &#8220;Programa Wi-Fi Comunit\u00e1rio&#8221; por pessoas f\u00edsicas ou jur\u00eddicas, independentemente do fim.<br \/>\n<strong>Art. 2\u00ba &#8211; <\/strong>O \u201cPrograma Wi-Fi Comunit\u00e1rio\u201d tem por objetivo instrumentalizar a inclus\u00e3o Digital na democratiza\u00e7\u00e3o da informa\u00e7\u00e3o, no acesso \u00e0 cultura e como ferramenta educacional, extensivo para acesso a not\u00edcias, entretenimento, buscas e pesquisas, relacionamento, entre outros, que proporcionem conhecimento e intera\u00e7\u00e3o.<br \/>\n<strong>Art. 3<\/strong>\u00ba &#8211; O Poder Executivo Municipal dever\u00e1, a t\u00edtulo de garantir a utiliza\u00e7\u00e3o e fornecimento do servi\u00e7o, proibir o acesso a s\u00edtios de pornografia, apologia ao crime ou materiais Il\u00edcitos atrav\u00e9s de sistema, programas ou equipamentos para este fim.<br \/>\n<strong>Art. 4\u00ba &#8211; <\/strong>Fica autorizado desde j\u00e1 o Munic\u00edpio a firmar contratos, conv\u00eanios ou parcerias p\u00fablico-privadas e demais termos aditivos para implementa\u00e7\u00e3o do &#8220;Programa Wi-Fi Comunit\u00e1rio\u201d.<br \/>\n<strong>\u00a71\u00ba &#8211; <\/strong>A iniciativa privada, a qual caber\u00e1 a instala\u00e7\u00e3o e manuten\u00e7\u00e3o dos equipamentos, poder\u00e1 afixar propaganda de sua empresa no poste, antena ou qualquer meio que seja destinado a concretiza\u00e7\u00e3o do programa.<br \/>\n<strong>Art. 5\u00ba &#8211; <\/strong>O Poder Executivo regulamentar\u00e1 no que couber, a presente Lei.<br \/>\n<strong>Art. 6\u00ba &#8211; <\/strong>Esta Lei entra em vigor 90 (noventa) dias ap\u00f3s a publica\u00e7\u00e3o.<br \/>\nPal\u00e1cio Benedito Lima e Silva, Gabinete do Prefeito Municipal de Magalh\u00e3es de Almeida\/MA, em 14 de julho de 2023. RAIMUNDO NONATO CARVALHO, Prefeito Municipal.<\/p>\n","protected":false},"author":4,"template":"","class_list":["post-18478","publicacoesdom","type-publicacoesdom","status-publish","hentry"],"acf":{"tipo_de_publicacao_diario":"34","e_retificacao":"1","origem_do_diario":"Poder Executivo","codigo_verificador":"50150b8ae532220aed63aa7c2a82b49a9a53fa1f"},"_links":{"self":[{"href":"https:\/\/magalhaesdealmeida.ma.gov.br\/transparencia\/wp-json\/wp\/v2\/publicacoesdom\/18478","targetHints":{"allow":["GET"]}}],"collection":[{"href":"https:\/\/magalhaesdealmeida.ma.gov.br\/transparencia\/wp-json\/wp\/v2\/publicacoesdom"}],"about":[{"href":"https:\/\/magalhaesdealmeida.ma.gov.br\/transparencia\/wp-json\/wp\/v2\/types\/publicacoesdom"}],"author":[{"embeddable":true,"href":"https:\/\/magalhaesdealmeida.ma.gov.br\/transparencia\/wp-json\/wp\/v2\/users\/4"}],"wp:attachment":[{"href":"https:\/\/magalhaesdealmeida.ma.gov.br\/transparencia\/wp-json\/wp\/v2\/media?parent=18478"}],"curies":[{"name":"wp","href":"https:\/\/api.w.org\/{rel}","templated":true}]}}

LEI N.º 574/2023

<p><strong>Dispõe sobre o &#8220;Programa Wi-Fi Comunitário&#8221;, nas praças, parques e pontos turísticos do Magalhães de Almeida- Ma, por intermédio de Convênios e parcerias público-privadas e dá Outras providências.<br />
</strong><strong>O PREFEITO MUNICIPAL DE MAGALHÃES DE ALMEIDA, ESTADO DO MARANHÃO</strong>, no uso de suas atribuições que lhe são conferidas por Lei, <strong>FAÇO SABER</strong> que a Câmara Municipal de Vereadores aprovou e eu <strong>SANCIONO</strong> a seguinte Lei:<br />
<strong>Art. 1° &#8211; </strong>Fica criado no âmbito do Município de Magalhães de Almeida o “Programa Wi-Fi Comunitário”.<br />
<strong>§1º &#8211; </strong>O Poder Executivo Municipal, por intermédio de convênios e parcerias público privadas, disponibilizará sinal público de internet através do sistema Wi-Fi nas praças públicas, parques e pontos turísticos do Município, em locais que haja viabilidade para instalação.<br />
<strong>§2º &#8211; </strong>O sinal Wi-Fi poderá ser acessado por meio de celular, smartphone, Tablet, Notebook e demais aparelhos que possuam dispositivos compatíveis com o padrão Wi-Fi de Conexão à internet;<br />
<strong>§3º &#8211; </strong>A conexão do sinal Wi-Fi disponibilizada nas praças públicas municipais será gratuita.<br />
<strong>§4º &#8211; </strong>Fica vedada a apropriação e exploração comercial privada do sinal do &#8220;Programa Wi-Fi Comunitário&#8221; por pessoas físicas ou jurídicas, independentemente do fim.<br />
<strong>Art. 2º &#8211; </strong>O “Programa Wi-Fi Comunitário” tem por objetivo instrumentalizar a inclusão Digital na democratização da informação, no acesso à cultura e como ferramenta educacional, extensivo para acesso a notícias, entretenimento, buscas e pesquisas, relacionamento, entre outros, que proporcionem conhecimento e interação.<br />
<strong>Art. 3</strong>º &#8211; O Poder Executivo Municipal deverá, a título de garantir a utilização e fornecimento do serviço, proibir o acesso a sítios de pornografia, apologia ao crime ou materiais Ilícitos através de sistema, programas ou equipamentos para este fim.<br />
<strong>Art. 4º &#8211; </strong>Fica autorizado desde já o Município a firmar contratos, convênios ou parcerias público-privadas e demais termos aditivos para implementação do &#8220;Programa Wi-Fi Comunitário”.<br />
<strong>§1º &#8211; </strong>A iniciativa privada, a qual caberá a instalação e manutenção dos equipamentos, poderá afixar propaganda de sua empresa no poste, antena ou qualquer meio que seja destinado a concretização do programa.<br />
<strong>Art. 5º &#8211; </strong>O Poder Executivo regulamentará no que couber, a presente Lei.<br />
<strong>Art. 6º &#8211; </strong>Esta Lei entra em vigor 90 (noventa) dias após a publicação.<br />
Palácio Benedito Lima e Silva, Gabinete do Prefeito Municipal de Magalhães de Almeida/MA, em 14 de julho de 2023. RAIMUNDO NONATO CARVALHO, Prefeito Municipal.</p>
