{"id":18538,"date":"2023-08-01T09:42:45","date_gmt":"2023-08-01T12:42:45","guid":{"rendered":"https:\/\/magalhaesdealmeida.ma.gov.br\/transparencia\/?post_type=publicacoesdom&#038;p=18538"},"modified":"2023-08-01T09:42:45","modified_gmt":"2023-08-01T12:42:45","slug":"portaria-n-o-035-2023-gab","status":"publish","type":"publicacoesdom","link":"https:\/\/magalhaesdealmeida.ma.gov.br\/transparencia\/publicacoesdom\/portaria-n-o-035-2023-gab\/","title":{"rendered":"PORTARIA N.\u00ba 035\/2023 &#8211; GAB"},"content":{"rendered":"<p><strong>\u201cDISP\u00d5E SOBRE A CONCESS\u00c3O DE LICEN\u00c7A PR\u00caMIO \u00c0 SERVIDORA OCUPANTE DE CARGO DE PROVIMENTO EFETIVO DA SECRETARIA MUNICIPAL DE ASSIST\u00caNCIA SOCIAL DE MAGALH\u00c3ES DE ALMEIDA-MA\u201d.<\/strong><br \/>\nPrefeito Municipal de Magalh\u00e3es de Almeida, Estado do Maranh\u00e3o RAIMUNDO NONATO CARVALHO, no uso de suas atribui\u00e7\u00f5es legais previstas na Lei Org\u00e2nica do Munic\u00edpio Art. 67, VI e VIII. <strong>RESOLVE:<br \/>\n<\/strong><strong>Art. 1\u00ba<\/strong> Conceder Licen\u00e7a Pr\u00eamio \u00e0 servidora <strong>MARILEUSA SILVA CERVEIRA<\/strong>, CPF: 452.412.283-49, matr\u00edcula 81, ocupante de cargo de Assistente Social, do quadro de provimento efetivo da Secretaria Municipal de Assist\u00eancia Social, de acordo com o art.\u00ba 70 da lei n\u00b0 236\/98, Regime Jur\u00eddico \u00danico.<br \/>\n<strong>Par\u00e1grafo \u2013 \u00danico:<\/strong> A Licen\u00e7a Pr\u00eamio refere-se ao per\u00edodo de aquisi\u00e7\u00e3o de 2018 a 2023, que ser\u00e1 gozada do dia 01 de Agosto de 2023 ao dia 30 de Agosto de 2023.<br \/>\n<strong>Art. 2\u00ba &#8211;<\/strong> Esta portaria entra em vigor na data de sua publica\u00e7\u00e3o.<br \/>\nLeia-se, Publique-se e cumpra-se em Magalh\u00e3es de Almeida\/MA, 31 de julho de 2023. RAIMUNDO NONATO CARVALHO, Prefeito Municipal.<\/p>\n","protected":false},"author":4,"template":"","class_list":["post-18538","publicacoesdom","type-publicacoesdom","status-publish","hentry"],"acf":{"tipo_de_publicacao_diario":"41","e_retificacao":"1","origem_do_diario":"Poder Executivo","codigo_verificador":"70bdf229bff006d6a9ec5a7e43473df530ef5218"},"_links":{"self":[{"href":"https:\/\/magalhaesdealmeida.ma.gov.br\/transparencia\/wp-json\/wp\/v2\/publicacoesdom\/18538","targetHints":{"allow":["GET"]}}],"collection":[{"href":"https:\/\/magalhaesdealmeida.ma.gov.br\/transparencia\/wp-json\/wp\/v2\/publicacoesdom"}],"about":[{"href":"https:\/\/magalhaesdealmeida.ma.gov.br\/transparencia\/wp-json\/wp\/v2\/types\/publicacoesdom"}],"author":[{"embeddable":true,"href":"https:\/\/magalhaesdealmeida.ma.gov.br\/transparencia\/wp-json\/wp\/v2\/users\/4"}],"wp:attachment":[{"href":"https:\/\/magalhaesdealmeida.ma.gov.br\/transparencia\/wp-json\/wp\/v2\/media?parent=18538"}],"curies":[{"name":"wp","href":"https:\/\/api.w.org\/{rel}","templated":true}]}}

PORTARIA N.º 035/2023 &#8211; GAB

<p><strong>“DISPÕE SOBRE A CONCESSÃO DE LICENÇA PRÊMIO À SERVIDORA OCUPANTE DE CARGO DE PROVIMENTO EFETIVO DA SECRETARIA MUNICIPAL DE ASSISTÊNCIA SOCIAL DE MAGALHÃES DE ALMEIDA-MA”.</strong><br />
Prefeito Municipal de Magalhães de Almeida, Estado do Maranhão RAIMUNDO NONATO CARVALHO, no uso de suas atribuições legais previstas na Lei Orgânica do Município Art. 67, VI e VIII. <strong>RESOLVE:<br />
</strong><strong>Art. 1º</strong> Conceder Licença Prêmio à servidora <strong>MARILEUSA SILVA CERVEIRA</strong>, CPF: 452.412.283-49, matrícula 81, ocupante de cargo de Assistente Social, do quadro de provimento efetivo da Secretaria Municipal de Assistência Social, de acordo com o art.º 70 da lei n° 236/98, Regime Jurídico Único.<br />
<strong>Parágrafo – Único:</strong> A Licença Prêmio refere-se ao período de aquisição de 2018 a 2023, que será gozada do dia 01 de Agosto de 2023 ao dia 30 de Agosto de 2023.<br />
<strong>Art. 2º &#8211;</strong> Esta portaria entra em vigor na data de sua publicação.<br />
Leia-se, Publique-se e cumpra-se em Magalhães de Almeida/MA, 31 de julho de 2023. RAIMUNDO NONATO CARVALHO, Prefeito Municipal.</p>
