{"id":18886,"date":"2023-08-09T14:04:04","date_gmt":"2023-08-09T17:04:04","guid":{"rendered":"https:\/\/magalhaesdealmeida.ma.gov.br\/transparencia\/?post_type=publicacoesdom&#038;p=18886"},"modified":"2023-08-09T14:04:04","modified_gmt":"2023-08-09T17:04:04","slug":"pregao-eletronico-srp-n-o-030-2023","status":"publish","type":"publicacoesdom","link":"https:\/\/magalhaesdealmeida.ma.gov.br\/transparencia\/publicacoesdom\/pregao-eletronico-srp-n-o-030-2023\/","title":{"rendered":"PREG\u00c3O ELETR\u00d4NICO SRP N.\u00ba 030\/2023"},"content":{"rendered":"<p><strong>AVISO DE LICITA\u00c7\u00c3O<\/strong><br \/>\nO Pregoeiro Oficial da Prefeitura Municipal de Magalh\u00e3es de Almeida, Estado do Maranh\u00e3o, torna p\u00fablico, para conhecimento dos interessados que far\u00e1 realizar, sob a \u00e9gide da Lei N.\u00ba 10.520\/02, Decreto N.\u00ba 10.024\/19 e subsidiariamente as disposi\u00e7\u00f5es da Lei N.\u00ba 8.666\/93 e suas altera\u00e7\u00f5es posteriores, licita\u00e7\u00e3o na modalidade Preg\u00e3o Eletr\u00f4nico para registro de pre\u00e7o do tipo menor pre\u00e7o por lote Processo Administrativo N.\u00ba 202307040\/2023 que tem por objeto <strong>a eventual e futura contrata\u00e7\u00e3o de empresa especializada para presta\u00e7\u00e3o de servi\u00e7os de terceiriza\u00e7\u00e3o para preenchimento de vagas tempor\u00e1rias na \u00c1rea da Sa\u00fade no munic\u00edpio de Magalh\u00e3es de Almeida\/MA<\/strong>, o certame se realizar\u00e1 no dia 18 de agosto de 2023, \u00e0s 08:00 horas (hor\u00e1rio de Bras\u00edlia), atrav\u00e9s do uso de recursos da tecnologia da informa\u00e7\u00e3o, site https:\/\/www.comprasbr.com.br, sendo presidida pelo Pregoeiro desta Prefeitura Municipal, na sala da Comiss\u00e3o Permanente de Licita\u00e7\u00e3o, situada na Rua Manoel Pires de Castro, N.\u00ba 279, Centro, Magalh\u00e3es de Almeida\/MA. O edital e seus anexos encontram-se dispon\u00edveis na p\u00e1gina web do Portal de Compras P\u00fablicas &#8211; endere\u00e7o https:\/\/www.comprasbr.com.br.<br \/>\nEsclarecimentos adicionais no mesmo endere\u00e7o e\/ou pelo telefone (98) 3483-1122, das 08:00 as 12:00hs.<br \/>\nMagalh\u00e3es de Almeida\/MA, 31 de julho de 2023. Franciel Pessoa da Silva, Pregoeiro Municipal.<\/p>\n","protected":false},"author":4,"template":"","class_list":["post-18886","publicacoesdom","type-publicacoesdom","status-publish","hentry"],"acf":{"tipo_de_publicacao_diario":"11","e_retificacao":"1","origem_do_diario":"Poder Executivo","codigo_verificador":"a1651d3d246134b4bd73156f0a7e5f9197ec72f2"},"_links":{"self":[{"href":"https:\/\/magalhaesdealmeida.ma.gov.br\/transparencia\/wp-json\/wp\/v2\/publicacoesdom\/18886","targetHints":{"allow":["GET"]}}],"collection":[{"href":"https:\/\/magalhaesdealmeida.ma.gov.br\/transparencia\/wp-json\/wp\/v2\/publicacoesdom"}],"about":[{"href":"https:\/\/magalhaesdealmeida.ma.gov.br\/transparencia\/wp-json\/wp\/v2\/types\/publicacoesdom"}],"author":[{"embeddable":true,"href":"https:\/\/magalhaesdealmeida.ma.gov.br\/transparencia\/wp-json\/wp\/v2\/users\/4"}],"wp:attachment":[{"href":"https:\/\/magalhaesdealmeida.ma.gov.br\/transparencia\/wp-json\/wp\/v2\/media?parent=18886"}],"curies":[{"name":"wp","href":"https:\/\/api.w.org\/{rel}","templated":true}]}}

PREGÃO ELETRÔNICO SRP N.º 030/2023

<p><strong>AVISO DE LICITAÇÃO</strong><br />
O Pregoeiro Oficial da Prefeitura Municipal de Magalhães de Almeida, Estado do Maranhão, torna público, para conhecimento dos interessados que fará realizar, sob a égide da Lei N.º 10.520/02, Decreto N.º 10.024/19 e subsidiariamente as disposições da Lei N.º 8.666/93 e suas alterações posteriores, licitação na modalidade Pregão Eletrônico para registro de preço do tipo menor preço por lote Processo Administrativo N.º 202307040/2023 que tem por objeto <strong>a eventual e futura contratação de empresa especializada para prestação de serviços de terceirização para preenchimento de vagas temporárias na Área da Saúde no município de Magalhães de Almeida/MA</strong>, o certame se realizará no dia 18 de agosto de 2023, às 08:00 horas (horário de Brasília), através do uso de recursos da tecnologia da informação, site https://www.comprasbr.com.br, sendo presidida pelo Pregoeiro desta Prefeitura Municipal, na sala da Comissão Permanente de Licitação, situada na Rua Manoel Pires de Castro, N.º 279, Centro, Magalhães de Almeida/MA. O edital e seus anexos encontram-se disponíveis na página web do Portal de Compras Públicas &#8211; endereço https://www.comprasbr.com.br.<br />
Esclarecimentos adicionais no mesmo endereço e/ou pelo telefone (98) 3483-1122, das 08:00 as 12:00hs.<br />
Magalhães de Almeida/MA, 31 de julho de 2023. Franciel Pessoa da Silva, Pregoeiro Municipal.</p>
