{"id":18895,"date":"2023-08-10T12:48:46","date_gmt":"2023-08-10T15:48:46","guid":{"rendered":"https:\/\/magalhaesdealmeida.ma.gov.br\/transparencia\/?post_type=publicacoesdom&#038;p=18895"},"modified":"2023-08-10T12:48:46","modified_gmt":"2023-08-10T15:48:46","slug":"edital-n-o-02-2023-semapa","status":"publish","type":"publicacoesdom","link":"https:\/\/magalhaesdealmeida.ma.gov.br\/transparencia\/publicacoesdom\/edital-n-o-02-2023-semapa\/","title":{"rendered":"EDITAL N.\u00ba 02\/2023 &#8211; SEMAPA"},"content":{"rendered":"<p><strong><u>EDITAL DE CONVOCA\u00c7\u00c3O PARA ELEIC\u00c3O<br \/>\n<\/u><\/strong><strong>Edital N.\u00ba 02\/2023 \u2013 SEMAPA<\/strong>, 10 de agosto de 2023, disp\u00f5e sobre elei\u00e7\u00e3o para membros do<strong> CONCELHO MUNICIPAL DE DESENVOLVIMENTO RURAL SUSTENT\u00c1VEL \u2013 CMDRS, PARA O BI\u00caNIO 2023 \u2013 2025.<br \/>\n<\/strong>De acordo com o a Lei Municipal n\u00b0 276 de 27 de dezembro de 2000 e alterada pela lei 277 de 24 de maio de 2001 e que cria e dar nova reda\u00e7\u00e3o ao <strong>CONSELHO MUNICIPAL DE DESENVOLVIMENTO RURAL SUSTENT\u00c1VEL \u2013 CMDRS<\/strong>, fica convocada a sociedade civil e entidades organizadas com atua\u00e7\u00e3o no munic\u00edpio de Magalh\u00e3es de Almeida \u2013 MA, para participa\u00e7\u00e3o no F\u00f3rum Eleitoral a ser realizado dia 15 de agosto de 2023, \u00e0s 09 horas, no pr\u00e9dio da Secretaria Municipal de Agricultura, Pesca, Pecu\u00e1ria e Meio Ambiente (SEMAMAPP), na Rua S\u00e3o Benedito n\u00b0 128.<br \/>\nAtenciosamente, Raimundo Nonato Carvalho, Prefeito Municipal.<br \/>\n<strong>CONSELHO MUNICIPAL DE DESENVOLVIMENTO RURAL SUSTENT\u00c1VEL \u2013 CMDRS<br \/>\n<\/strong><strong>REGIMENTO O F\u00d3RUM ELEITORAL<br \/>\n<\/strong>O f\u00f3rum eleitoral tem como objetivo a elei\u00e7\u00e3o dos representantes para compor o <strong>CONSELHO MUNICIPAL DE DESENVOLVIMENTO RURAL SUSTENTAVEL \u2013 CMDRS<\/strong> de Magalh\u00e3es de Almeida \u2013 MA, para o bi\u00eanio 2023 a 2025, conforme descrito na Lei n\u00b0 227\/2001.<br \/>\n<strong>Da Elei\u00e7\u00e3o<br \/>\n<\/strong>O processo eleitoral ser\u00e1 as 09 horas, e ser\u00e1 realizado no dia 15 de agosto de 2023, no pr\u00e9dio da secretaria Municipal de Agricultura, Pesca, Pecu\u00e1ria e Meio Ambiente, localizado na Rua S\u00e3o Benedito, n\u00b0 128. Devendo ser lavrada a ata em Livro pr\u00f3prio, que dever\u00e1 ser assinada pelos presentes e em seguida encaminhada ao Governo Municipal, o qual nomeara e empossara os eleitos.<br \/>\n<strong>Coordena\u00e7\u00e3o dos trabalhos<br \/>\n<\/strong>Os trabalhos do F\u00f3rum Eleitoral do CMDRS ser\u00e3o coordenados por uma <strong>comiss\u00e3o eleitoral <\/strong>formada por 03 (tr\u00eas) membros, sendo 01 (um) representante da Secretaria de Agricultura, 01 (um) das Entidades Representativa local e 01 (um) das associa\u00e7\u00f5es rurais. A comiss\u00e3o ter\u00e1 o papel de coordenar o f\u00f3rum e levar a Ata.<br \/>\n<strong>P\u00fablico apto a participar<br \/>\n<\/strong>A sociedade civil e entidades organizadas com atua\u00e7\u00e3o no Munic\u00edpio de Magalh\u00e3es de Almeida \u2013 MA.<br \/>\n<strong>Dura\u00e7\u00e3o do mandato<br \/>\n<\/strong>Segundo o ART. 4\u00b0 da Lei n\u00b0 227\/2001, o mandato dos Membros do CMDRS, ser\u00e1 de 02 (dois) anos, podendo ser prorrogado por igual per\u00edodo e o seu exerc\u00edcio ser\u00e1 sem \u00f4nus para os cofres p\u00fablicos, sendo considerado<br \/>\n<strong>Composi\u00e7\u00e3o do CMDRS<br \/>\n<\/strong>Conforme o ART. 5\u00b0227\/2001, integram o CMDRS:<br \/>\n<strong>I &#8211;<\/strong> 04 representantes do Poder Executivo Municipal;<br \/>\n<strong>II &#8211;<\/strong> 02 representantes do poder Legislativo, sendo um da situa\u00e7\u00e3o e um oposi\u00e7\u00e3o;<br \/>\n<strong>III &#8211;<\/strong> 01 representante da Igreja Cat\u00f3lica;<br \/>\n<strong>IV &#8211;<\/strong> 01 representante da Igreja Evang\u00e9lica Assembleia de Deus;<br \/>\n<strong>V &#8211;<\/strong> 05 representantes das Associa\u00e7\u00f5es ou Cooperativas de agricultores familiares;<br \/>\n<strong>VI &#8211;<\/strong> 01 representante da col\u00f4nia de pescadores;<br \/>\n<strong>VII &#8211;<\/strong> 01 representante do sindicato dos trabalhadores rurais;<br \/>\n<strong>Par\u00e1grafo primeiro \u2013 <\/strong>Cada titular CMDRS ter\u00e1 seu suplente oriundo da mesma categoria representativa.<br \/>\n<strong>Par\u00e1grafo segundo \u2013 <\/strong>Os conselhos perder\u00e3o seu mandato e ser\u00e3o substitu\u00eddos por seus respectivos suplentes no caso das faltas injustificadas a 03 (tr\u00eas) reuni\u00f5es consecutivas ou 05 (cinco) intercaladas.<br \/>\n<strong>A Diretoria do Conselho<br \/>\n<\/strong>A diretoria do conselho ter\u00e1 mandato de 02 (dois) anos, podendo ser reeleito para mais 01 (um) mandato. Ap\u00f3s o segundo mandato dever\u00e1 haver renova\u00e7\u00e3o de pelo menos 50% dos membros da Diretoria, n\u00e3o podendo, todavia, ocupar o mesmo cargo. E ser\u00e1 composta da seguinte forma;<\/p>\n<ul>\n<li><strong>Presidente<\/strong><\/li>\n<li><strong>Vice-Presidente<\/strong><\/li>\n<li><strong>Secret\u00e1rio<\/strong><\/li>\n<\/ul>\n<p><strong>Da Habilita\u00e7\u00e3o:<br \/>\n<\/strong><strong>Pessoa f\u00edsica:<\/strong> Os candidatos dever\u00e3o apresentar documentos pessoais (CPF, RG), comprovante de resid\u00eancia e declara\u00e7\u00e3o da entidade, da Igreja, da pastoral, do servi\u00e7o, programa ou projeto aos quais est\u00e3o vinculados.<br \/>\n<strong>Pessoa Jur\u00eddica:<\/strong> Somente ser\u00e1 admitida a participa\u00e7\u00e3o no <strong>CONSELHO MUNICIPAL DE DESENVOLVIMENTO RURAL SUSTENT\u00c1VEL \u2013 CMDRS<\/strong> as entidades juridicamente constitu\u00eddas e em regular funcionamento em conformidade com a legisla\u00e7\u00e3o vigente.<br \/>\n<strong>Das disposi\u00e7\u00f5es finais<br \/>\n<\/strong>Os casos omissos neste regulamento ser\u00e3o analisados pela comiss\u00e3o eleitoral.<br \/>\nRaimundo Nonato Carvalho, Prefeito Municipal.<\/p>\n","protected":false},"author":4,"template":"","class_list":["post-18895","publicacoesdom","type-publicacoesdom","status-publish","hentry"],"acf":{"tipo_de_publicacao_diario":"0","e_retificacao":"1","origem_do_diario":"Poder Executivo","codigo_verificador":"2fdf9fcbb39fb5784af034b714009d7cd5fc4af0"},"_links":{"self":[{"href":"https:\/\/magalhaesdealmeida.ma.gov.br\/transparencia\/wp-json\/wp\/v2\/publicacoesdom\/18895","targetHints":{"allow":["GET"]}}],"collection":[{"href":"https:\/\/magalhaesdealmeida.ma.gov.br\/transparencia\/wp-json\/wp\/v2\/publicacoesdom"}],"about":[{"href":"https:\/\/magalhaesdealmeida.ma.gov.br\/transparencia\/wp-json\/wp\/v2\/types\/publicacoesdom"}],"author":[{"embeddable":true,"href":"https:\/\/magalhaesdealmeida.ma.gov.br\/transparencia\/wp-json\/wp\/v2\/users\/4"}],"wp:attachment":[{"href":"https:\/\/magalhaesdealmeida.ma.gov.br\/transparencia\/wp-json\/wp\/v2\/media?parent=18895"}],"curies":[{"name":"wp","href":"https:\/\/api.w.org\/{rel}","templated":true}]}}

EDITAL N.º 02/2023 &#8211; SEMAPA

<p><strong><u>EDITAL DE CONVOCAÇÃO PARA ELEICÃO<br />
</u></strong><strong>Edital N.º 02/2023 – SEMAPA</strong>, 10 de agosto de 2023, dispõe sobre eleição para membros do<strong> CONCELHO MUNICIPAL DE DESENVOLVIMENTO RURAL SUSTENTÁVEL – CMDRS, PARA O BIÊNIO 2023 – 2025.<br />
</strong>De acordo com o a Lei Municipal n° 276 de 27 de dezembro de 2000 e alterada pela lei 277 de 24 de maio de 2001 e que cria e dar nova redação ao <strong>CONSELHO MUNICIPAL DE DESENVOLVIMENTO RURAL SUSTENTÁVEL – CMDRS</strong>, fica convocada a sociedade civil e entidades organizadas com atuação no município de Magalhães de Almeida – MA, para participação no Fórum Eleitoral a ser realizado dia 15 de agosto de 2023, às 09 horas, no prédio da Secretaria Municipal de Agricultura, Pesca, Pecuária e Meio Ambiente (SEMAMAPP), na Rua São Benedito n° 128.<br />
Atenciosamente, Raimundo Nonato Carvalho, Prefeito Municipal.<br />
<strong>CONSELHO MUNICIPAL DE DESENVOLVIMENTO RURAL SUSTENTÁVEL – CMDRS<br />
</strong><strong>REGIMENTO O FÓRUM ELEITORAL<br />
</strong>O fórum eleitoral tem como objetivo a eleição dos representantes para compor o <strong>CONSELHO MUNICIPAL DE DESENVOLVIMENTO RURAL SUSTENTAVEL – CMDRS</strong> de Magalhães de Almeida – MA, para o biênio 2023 a 2025, conforme descrito na Lei n° 227/2001.<br />
<strong>Da Eleição<br />
</strong>O processo eleitoral será as 09 horas, e será realizado no dia 15 de agosto de 2023, no prédio da secretaria Municipal de Agricultura, Pesca, Pecuária e Meio Ambiente, localizado na Rua São Benedito, n° 128. Devendo ser lavrada a ata em Livro próprio, que deverá ser assinada pelos presentes e em seguida encaminhada ao Governo Municipal, o qual nomeara e empossara os eleitos.<br />
<strong>Coordenação dos trabalhos<br />
</strong>Os trabalhos do Fórum Eleitoral do CMDRS serão coordenados por uma <strong>comissão eleitoral </strong>formada por 03 (três) membros, sendo 01 (um) representante da Secretaria de Agricultura, 01 (um) das Entidades Representativa local e 01 (um) das associações rurais. A comissão terá o papel de coordenar o fórum e levar a Ata.<br />
<strong>Público apto a participar<br />
</strong>A sociedade civil e entidades organizadas com atuação no Município de Magalhães de Almeida – MA.<br />
<strong>Duração do mandato<br />
</strong>Segundo o ART. 4° da Lei n° 227/2001, o mandato dos Membros do CMDRS, será de 02 (dois) anos, podendo ser prorrogado por igual período e o seu exercício será sem ônus para os cofres públicos, sendo considerado<br />
<strong>Composição do CMDRS<br />
</strong>Conforme o ART. 5°227/2001, integram o CMDRS:<br />
<strong>I &#8211;</strong> 04 representantes do Poder Executivo Municipal;<br />
<strong>II &#8211;</strong> 02 representantes do poder Legislativo, sendo um da situação e um oposição;<br />
<strong>III &#8211;</strong> 01 representante da Igreja Católica;<br />
<strong>IV &#8211;</strong> 01 representante da Igreja Evangélica Assembleia de Deus;<br />
<strong>V &#8211;</strong> 05 representantes das Associações ou Cooperativas de agricultores familiares;<br />
<strong>VI &#8211;</strong> 01 representante da colônia de pescadores;<br />
<strong>VII &#8211;</strong> 01 representante do sindicato dos trabalhadores rurais;<br />
<strong>Parágrafo primeiro – </strong>Cada titular CMDRS terá seu suplente oriundo da mesma categoria representativa.<br />
<strong>Parágrafo segundo – </strong>Os conselhos perderão seu mandato e serão substituídos por seus respectivos suplentes no caso das faltas injustificadas a 03 (três) reuniões consecutivas ou 05 (cinco) intercaladas.<br />
<strong>A Diretoria do Conselho<br />
</strong>A diretoria do conselho terá mandato de 02 (dois) anos, podendo ser reeleito para mais 01 (um) mandato. Após o segundo mandato deverá haver renovação de pelo menos 50% dos membros da Diretoria, não podendo, todavia, ocupar o mesmo cargo. E será composta da seguinte forma;</p>
<ul>
<li><strong>Presidente</strong></li>
<li><strong>Vice-Presidente</strong></li>
<li><strong>Secretário</strong></li>
</ul>
<p><strong>Da Habilitação:<br />
</strong><strong>Pessoa física:</strong> Os candidatos deverão apresentar documentos pessoais (CPF, RG), comprovante de residência e declaração da entidade, da Igreja, da pastoral, do serviço, programa ou projeto aos quais estão vinculados.<br />
<strong>Pessoa Jurídica:</strong> Somente será admitida a participação no <strong>CONSELHO MUNICIPAL DE DESENVOLVIMENTO RURAL SUSTENTÁVEL – CMDRS</strong> as entidades juridicamente constituídas e em regular funcionamento em conformidade com a legislação vigente.<br />
<strong>Das disposições finais<br />
</strong>Os casos omissos neste regulamento serão analisados pela comissão eleitoral.<br />
Raimundo Nonato Carvalho, Prefeito Municipal.</p>
