{"id":18914,"date":"2023-08-11T14:37:14","date_gmt":"2023-08-11T17:37:14","guid":{"rendered":"https:\/\/magalhaesdealmeida.ma.gov.br\/transparencia\/?post_type=publicacoesdom&#038;p=18914"},"modified":"2023-08-11T14:37:14","modified_gmt":"2023-08-11T17:37:14","slug":"portaria-n-o-126-2023-semecti","status":"publish","type":"publicacoesdom","link":"https:\/\/magalhaesdealmeida.ma.gov.br\/transparencia\/publicacoesdom\/portaria-n-o-126-2023-semecti\/","title":{"rendered":"PORTARIA N.\u00ba 126\/2023 &#8211; SEMECTI"},"content":{"rendered":"<p><strong><u>TERMO DE EXONERA\u00c7\u00c3O<br \/>\n<\/u><\/strong>O Prefeito Municipal de Magalh\u00e3es de Almeida, Estado do Maranh\u00e3o, no uso de suas atribui\u00e7\u00f5es e de conformidade com a Lei Org\u00e2nica Municipal Artigo 67, inciso VIII.<br \/>\nConsiderando o disposto no inciso II do art. 9\u00ba da Lei n\u00ba 236 de 02 de janeiro de 1998,<br \/>\n<strong>CONSIDERANDO<\/strong> que o Decreto n\u00b0 002\/2022 regulamentou a Lei Municipal n\u00b0 534\/2021 de modo a possibilitar a delega\u00e7\u00e3o de compet\u00eancia aos secret\u00e1rios municipais e demais cargos equiparados para que procedam \u00e0 nomea\u00e7\u00e3o e exonera\u00e7\u00e3o dos cargos de provimento em comiss\u00e3o de seus respectivos quadros, dentro dos limites estabelecidos na Lei Municipal n\u00b0 534\/2021, <strong>RESOLVE,<br \/>\n<\/strong><strong>Art. 1\u00ba &#8211; EXONERAR<\/strong> a Sr(a). <strong>VIVIANE SILVA DOS SANTOS,<\/strong> brasileira, solteira, maior, capaz, portador do <strong>CPF n\u00ba 109.220.453-99, RG 071632482019-7, SSP MA <\/strong>do<strong> cargo de COORDENADOR DO PROGRAMA PDDE (DAS-4)<\/strong>,<strong> lotada na Secretaria de Educa\u00e7\u00e3o, Ci\u00eancias, Tecnologia e Inova\u00e7\u00e3o.<br \/>\n<\/strong><strong>Art. 2\u00ba &#8211;<\/strong> Esta portaria entra em vigor na data de sua publica\u00e7\u00e3o, tendo seus efeitos retroativos ao dia 01 de agosto de 2023. Revogadas as disposi\u00e7\u00f5es em contr\u00e1rio.<br \/>\nLeia-se, Publique-se e cumpra-se em Magalh\u00e3es de Almeida\/MA, 10 de agosto de 2023. MA\u00c9LIO C\u00c9SAR FREITAS DOS SANTOS, Secret\u00e1rio Municipal de Educa\u00e7\u00e3o, Ci\u00eancia, Tecnologia e Inova\u00e7\u00e3o.<\/p>\n","protected":false},"author":4,"template":"","class_list":["post-18914","publicacoesdom","type-publicacoesdom","status-publish","hentry"],"acf":{"tipo_de_publicacao_diario":"27","e_retificacao":"1","origem_do_diario":"Poder Executivo","codigo_verificador":"64c62bfc49b1aa7987849b00ed0f096d66534b7e"},"_links":{"self":[{"href":"https:\/\/magalhaesdealmeida.ma.gov.br\/transparencia\/wp-json\/wp\/v2\/publicacoesdom\/18914","targetHints":{"allow":["GET"]}}],"collection":[{"href":"https:\/\/magalhaesdealmeida.ma.gov.br\/transparencia\/wp-json\/wp\/v2\/publicacoesdom"}],"about":[{"href":"https:\/\/magalhaesdealmeida.ma.gov.br\/transparencia\/wp-json\/wp\/v2\/types\/publicacoesdom"}],"author":[{"embeddable":true,"href":"https:\/\/magalhaesdealmeida.ma.gov.br\/transparencia\/wp-json\/wp\/v2\/users\/4"}],"wp:attachment":[{"href":"https:\/\/magalhaesdealmeida.ma.gov.br\/transparencia\/wp-json\/wp\/v2\/media?parent=18914"}],"curies":[{"name":"wp","href":"https:\/\/api.w.org\/{rel}","templated":true}]}}

PORTARIA N.º 126/2023 &#8211; SEMECTI

<p><strong><u>TERMO DE EXONERAÇÃO<br />
</u></strong>O Prefeito Municipal de Magalhães de Almeida, Estado do Maranhão, no uso de suas atribuições e de conformidade com a Lei Orgânica Municipal Artigo 67, inciso VIII.<br />
Considerando o disposto no inciso II do art. 9º da Lei nº 236 de 02 de janeiro de 1998,<br />
<strong>CONSIDERANDO</strong> que o Decreto n° 002/2022 regulamentou a Lei Municipal n° 534/2021 de modo a possibilitar a delegação de competência aos secretários municipais e demais cargos equiparados para que procedam à nomeação e exoneração dos cargos de provimento em comissão de seus respectivos quadros, dentro dos limites estabelecidos na Lei Municipal n° 534/2021, <strong>RESOLVE,<br />
</strong><strong>Art. 1º &#8211; EXONERAR</strong> a Sr(a). <strong>VIVIANE SILVA DOS SANTOS,</strong> brasileira, solteira, maior, capaz, portador do <strong>CPF nº 109.220.453-99, RG 071632482019-7, SSP MA </strong>do<strong> cargo de COORDENADOR DO PROGRAMA PDDE (DAS-4)</strong>,<strong> lotada na Secretaria de Educação, Ciências, Tecnologia e Inovação.<br />
</strong><strong>Art. 2º &#8211;</strong> Esta portaria entra em vigor na data de sua publicação, tendo seus efeitos retroativos ao dia 01 de agosto de 2023. Revogadas as disposições em contrário.<br />
Leia-se, Publique-se e cumpra-se em Magalhães de Almeida/MA, 10 de agosto de 2023. MAÉLIO CÉSAR FREITAS DOS SANTOS, Secretário Municipal de Educação, Ciência, Tecnologia e Inovação.</p>
