{"id":18973,"date":"2023-08-18T11:22:20","date_gmt":"2023-08-18T14:22:20","guid":{"rendered":"https:\/\/magalhaesdealmeida.ma.gov.br\/transparencia\/?post_type=publicacoesdom&#038;p=18973"},"modified":"2023-08-18T11:22:37","modified_gmt":"2023-08-18T14:22:37","slug":"portaria-n-o-005-2023-semapa","status":"publish","type":"publicacoesdom","link":"https:\/\/magalhaesdealmeida.ma.gov.br\/transparencia\/publicacoesdom\/portaria-n-o-005-2023-semapa\/","title":{"rendered":"PORTARIA N.\u00ba 005\/2023 &#8211; SEMAPA"},"content":{"rendered":"<p><strong><u>PORTARIA DE EXONERA\u00c7\u00c3O<br \/>\n<\/u><\/strong>Institui a <strong>EXONERA\u00c7\u00c3O,<\/strong> a pedido, do servidor <strong>PAULO VICTOR ROCHA PEREIRA<\/strong> do cargo de <strong>ASSESSOR DE SERVI\u00c7OS AGR\u00d4NOMOS.<br \/>\nO PREFEITO MUNICIPAL DE MAGALH\u00c3ES DE ALMEIDA,<\/strong> Estado do Maranh\u00e3o, no uso de suas atribui\u00e7\u00f5es legais,<br \/>\n<strong>CONSIDERANDO<\/strong>, que o servidor p\u00fablico municipal <strong>PAULO VICTOR ROCHA PEREIRA<\/strong>, matr\u00edcula 1079-1 ocupante do cargo de <strong>ASSESSOR DE SERVI\u00c7OS AGR\u00d4NOMOS,<\/strong> lotado na Secretaria de Agricultura, Pesca, Pecu\u00e1ria e Meio Ambiente requereu sua exonera\u00e7\u00e3o por escrito;<br \/>\n<strong>CONSIDERANDO<\/strong> o requerimento feito por escrito pelo servidor e o disposto no art. 30 da Lei n\u00b0 236\/98 \u2013 Regime Jur\u00eddico dos Servidores P\u00fablicos deste Munic\u00edpio, <strong><u>RESOLVE<\/u><\/strong><strong>:<br \/>\n<\/strong><strong>Art. 1\u00ba &#8211; EXONERAR, <\/strong>a pedido, o Sr. <strong>PAULO VICTOR ROCHA PEREIRA<\/strong>, brasileiro, CPF N\u00b0 076.721.623-73, RG 0528946720140 SSP MA, solteiro, capaz, do cargo de <strong>ASSESSOR DE SERVI\u00c7OS AGR\u00d4NOMOS<\/strong>, lotado na S<strong>ECRETARIA MUNICIPAL DE AGRICULTURA, PESCA, PECU\u00c1RIA E MEIO AMBIENTE.<\/strong><br \/>\n<strong>Art. 2\u00ba &#8211;<\/strong> Esta portaria entra em vigor na data de sua publica\u00e7\u00e3o, tendo os seus efeitos retroativos a 01 de agosto de 2023.<br \/>\nLeia-se, Publique-se e Cumpra-se, em Magalh\u00e3es de Almeida\/MA, 18 de agosto de 2023. JOS\u00c9 MARIA SOUSA J\u00daNIOR, SECRET\u00c1RIO DE AGRICULTURA, PESCA, PECU\u00c1RIA E MEIO AMBIENTE.<\/p>\n","protected":false},"author":4,"template":"","class_list":["post-18973","publicacoesdom","type-publicacoesdom","status-publish","hentry"],"acf":{"tipo_de_publicacao_diario":"27","e_retificacao":"1","origem_do_diario":"Poder Executivo","codigo_verificador":"ee1121e6657525ba646b076deda45b355966bbb6"},"_links":{"self":[{"href":"https:\/\/magalhaesdealmeida.ma.gov.br\/transparencia\/wp-json\/wp\/v2\/publicacoesdom\/18973","targetHints":{"allow":["GET"]}}],"collection":[{"href":"https:\/\/magalhaesdealmeida.ma.gov.br\/transparencia\/wp-json\/wp\/v2\/publicacoesdom"}],"about":[{"href":"https:\/\/magalhaesdealmeida.ma.gov.br\/transparencia\/wp-json\/wp\/v2\/types\/publicacoesdom"}],"author":[{"embeddable":true,"href":"https:\/\/magalhaesdealmeida.ma.gov.br\/transparencia\/wp-json\/wp\/v2\/users\/4"}],"wp:attachment":[{"href":"https:\/\/magalhaesdealmeida.ma.gov.br\/transparencia\/wp-json\/wp\/v2\/media?parent=18973"}],"curies":[{"name":"wp","href":"https:\/\/api.w.org\/{rel}","templated":true}]}}

PORTARIA N.º 005/2023 &#8211; SEMAPA

<p><strong><u>PORTARIA DE EXONERAÇÃO<br />
</u></strong>Institui a <strong>EXONERAÇÃO,</strong> a pedido, do servidor <strong>PAULO VICTOR ROCHA PEREIRA</strong> do cargo de <strong>ASSESSOR DE SERVIÇOS AGRÔNOMOS.<br />
O PREFEITO MUNICIPAL DE MAGALHÃES DE ALMEIDA,</strong> Estado do Maranhão, no uso de suas atribuições legais,<br />
<strong>CONSIDERANDO</strong>, que o servidor público municipal <strong>PAULO VICTOR ROCHA PEREIRA</strong>, matrícula 1079-1 ocupante do cargo de <strong>ASSESSOR DE SERVIÇOS AGRÔNOMOS,</strong> lotado na Secretaria de Agricultura, Pesca, Pecuária e Meio Ambiente requereu sua exoneração por escrito;<br />
<strong>CONSIDERANDO</strong> o requerimento feito por escrito pelo servidor e o disposto no art. 30 da Lei n° 236/98 – Regime Jurídico dos Servidores Públicos deste Município, <strong><u>RESOLVE</u></strong><strong>:<br />
</strong><strong>Art. 1º &#8211; EXONERAR, </strong>a pedido, o Sr. <strong>PAULO VICTOR ROCHA PEREIRA</strong>, brasileiro, CPF N° 076.721.623-73, RG 0528946720140 SSP MA, solteiro, capaz, do cargo de <strong>ASSESSOR DE SERVIÇOS AGRÔNOMOS</strong>, lotado na S<strong>ECRETARIA MUNICIPAL DE AGRICULTURA, PESCA, PECUÁRIA E MEIO AMBIENTE.</strong><br />
<strong>Art. 2º &#8211;</strong> Esta portaria entra em vigor na data de sua publicação, tendo os seus efeitos retroativos a 01 de agosto de 2023.<br />
Leia-se, Publique-se e Cumpra-se, em Magalhães de Almeida/MA, 18 de agosto de 2023. JOSÉ MARIA SOUSA JÚNIOR, SECRETÁRIO DE AGRICULTURA, PESCA, PECUÁRIA E MEIO AMBIENTE.</p>
