{"id":19065,"date":"2023-08-24T16:18:13","date_gmt":"2023-08-24T19:18:13","guid":{"rendered":"https:\/\/magalhaesdealmeida.ma.gov.br\/transparencia\/?post_type=publicacoesdom&#038;p=19065"},"modified":"2023-08-24T16:18:47","modified_gmt":"2023-08-24T19:18:47","slug":"decreto-n-o-025-2023","status":"publish","type":"publicacoesdom","link":"https:\/\/magalhaesdealmeida.ma.gov.br\/transparencia\/publicacoesdom\/decreto-n-o-025-2023\/","title":{"rendered":"DECRETO N.\u00ba 025\/2023"},"content":{"rendered":"<p><strong>DISP\u00d5E SOBRE PONTO FACULTATIVO NAS REPARTI\u00c7\u00d5ES P\u00daBLICAS NA DATA 30 DE AGOSTO DE 2023 E D\u00c1 OUTRAS PROVID\u00caNCIAS.<em><br \/>\n<\/em><\/strong><strong>O PREFEITO MUNICIPAL DE MAGALH\u00c3ES DE ALMEIDA<\/strong>, Estado do Maranh\u00e3o, no uso de suas atribui\u00e7\u00f5es legais <strong>(Art. 67, VI, da Lei Org\u00e2nica do Munic\u00edpio)<\/strong><strong>,<br \/>\n<\/strong><strong>CONSIDERANDO<\/strong> a mobiliza\u00e7\u00e3o dos Prefeitos do Estado do Maranh\u00e3o, alinhados ao <strong>MOVIMENTO \u201cSEM FPM N\u00c3O D\u00c1\u201d<\/strong>, de abrang\u00eancia nacional, organizado, especialmente, pelas associa\u00e7\u00f5es municipalistas do Nordeste, notadamente, pela Federa\u00e7\u00e3o dos Munic\u00edpios do Estado do Maranh\u00e3o \u2013 FAMEM em parceria com a CNM;<br \/>\n<strong>CONSIDERANDO<\/strong> que nos dias 15 e 16 de agosto reuniram-se em mobiliza\u00e7\u00e3o Prefeitos e\u00a0 Prefeitas de todo o Brasil em Bras\u00edlia\/DF, tendo decidido conclamar todos os Prefeitos e Prefeitas a paralisar os servi\u00e7os administrativos das prefeituras no dia 30 de agosto de 2023, ante a necessidade de fomentar a discuss\u00e3o sobre o redimensionamento do pacto federativo, de modo a fortalecer a autonomia, mormente financeira, dos munic\u00edpios brasileiros;<br \/>\n<strong>CONSIDERANDO<\/strong> que o objetivo do movimento \u00e9 a defesa do pacto federativo, a autonomia financeira dos munic\u00edpios e principalmente chamar a aten\u00e7\u00e3o do governo federal para a situa\u00e7\u00e3o dos Munic\u00edpios, mais precisamente quanto: crises financeiras enfrentadas pelos munic\u00edpios diante da comprova\u00e7\u00e3o de diminui\u00e7\u00e3o de arrecada\u00e7\u00e3o proveniente da oscila\u00e7\u00e3o do FPM (proveniente do decr\u00e9scimo na arrecada\u00e7\u00e3o do Imposto de Renda das Pessoas Jur\u00eddicas e o aumento do volume de restitui\u00e7\u00f5es do imposto de renda), al\u00e9m dos abonos no CIDE Combust\u00edvel e redu\u00e7\u00e3o do ICMS\/cota parte munic\u00edpios;<br \/>\n<strong>CONSIDERANDO <\/strong>a delibera\u00e7\u00e3o pautada em reuni\u00e3o com os prefeitos filiados a FAMEM, que em 22 de agosto de 2023, aprovou por unanimidade, a paralisa\u00e7\u00e3o de advert\u00eancias das atividades municipais, no pr\u00f3ximo dia 30 de agosto de 2023;<br \/>\n<strong>CONSIDERANDO<\/strong> que o intuito da mobiliza\u00e7\u00e3o \u00e9 a defesa dos interesses municipalistas, cujo viso \u00e9 sempre a defesa dos interesses coletivos e essenciais, em favor do bem comum.<br \/>\n<strong><u>DECRETA:<br \/>\n<\/u><\/strong><strong>Art. 1\u00ba. <\/strong>Fica decretado ponto facultativo no munic\u00edpio de Magalh\u00e3es de Almeida, estado do Maranh\u00e3o, na data de 30 de Agosto de 2023.<br \/>\n<strong>Art. 2\u00ba. <\/strong>Excluem-se da medida prevista no artigo anterior os org\u00e3os que desempenham suas fun\u00e7\u00f5es em regime de escala e as atividades essenciais e indispens\u00e1veis ao atendimento do interesse p\u00fablico.<br \/>\n<strong>Art. 3\u00ba<\/strong>. Este decreto entra em vigor na data de sua publica\u00e7\u00e3o, revogando-se as disposi\u00e7\u00f5es em contr\u00e1rio.<br \/>\nRegistre-se. Publique-se. Cumpra-se.<br \/>\nMagalh\u00e3es de Almeida, 24 de agosto de 2023. RAIMUNDO NONATO CARVALHO, Prefeito Municipal.<\/p>\n","protected":false},"author":4,"template":"","class_list":["post-19065","publicacoesdom","type-publicacoesdom","status-publish","hentry"],"acf":{"tipo_de_publicacao_diario":"23","e_retificacao":"1","origem_do_diario":"Poder Executivo","codigo_verificador":"592476f055490a9251e0a47ac2d7e84d52136ea1"},"_links":{"self":[{"href":"https:\/\/magalhaesdealmeida.ma.gov.br\/transparencia\/wp-json\/wp\/v2\/publicacoesdom\/19065","targetHints":{"allow":["GET"]}}],"collection":[{"href":"https:\/\/magalhaesdealmeida.ma.gov.br\/transparencia\/wp-json\/wp\/v2\/publicacoesdom"}],"about":[{"href":"https:\/\/magalhaesdealmeida.ma.gov.br\/transparencia\/wp-json\/wp\/v2\/types\/publicacoesdom"}],"author":[{"embeddable":true,"href":"https:\/\/magalhaesdealmeida.ma.gov.br\/transparencia\/wp-json\/wp\/v2\/users\/4"}],"wp:attachment":[{"href":"https:\/\/magalhaesdealmeida.ma.gov.br\/transparencia\/wp-json\/wp\/v2\/media?parent=19065"}],"curies":[{"name":"wp","href":"https:\/\/api.w.org\/{rel}","templated":true}]}}

DECRETO N.º 025/2023

<p><strong>DISPÕE SOBRE PONTO FACULTATIVO NAS REPARTIÇÕES PÚBLICAS NA DATA 30 DE AGOSTO DE 2023 E DÁ OUTRAS PROVIDÊNCIAS.<em><br />
</em></strong><strong>O PREFEITO MUNICIPAL DE MAGALHÃES DE ALMEIDA</strong>, Estado do Maranhão, no uso de suas atribuições legais <strong>(Art. 67, VI, da Lei Orgânica do Município)</strong><strong>,<br />
</strong><strong>CONSIDERANDO</strong> a mobilização dos Prefeitos do Estado do Maranhão, alinhados ao <strong>MOVIMENTO “SEM FPM NÃO DÁ”</strong>, de abrangência nacional, organizado, especialmente, pelas associações municipalistas do Nordeste, notadamente, pela Federação dos Municípios do Estado do Maranhão – FAMEM em parceria com a CNM;<br />
<strong>CONSIDERANDO</strong> que nos dias 15 e 16 de agosto reuniram-se em mobilização Prefeitos e  Prefeitas de todo o Brasil em Brasília/DF, tendo decidido conclamar todos os Prefeitos e Prefeitas a paralisar os serviços administrativos das prefeituras no dia 30 de agosto de 2023, ante a necessidade de fomentar a discussão sobre o redimensionamento do pacto federativo, de modo a fortalecer a autonomia, mormente financeira, dos municípios brasileiros;<br />
<strong>CONSIDERANDO</strong> que o objetivo do movimento é a defesa do pacto federativo, a autonomia financeira dos municípios e principalmente chamar a atenção do governo federal para a situação dos Municípios, mais precisamente quanto: crises financeiras enfrentadas pelos municípios diante da comprovação de diminuição de arrecadação proveniente da oscilação do FPM (proveniente do decréscimo na arrecadação do Imposto de Renda das Pessoas Jurídicas e o aumento do volume de restituições do imposto de renda), além dos abonos no CIDE Combustível e redução do ICMS/cota parte municípios;<br />
<strong>CONSIDERANDO </strong>a deliberação pautada em reunião com os prefeitos filiados a FAMEM, que em 22 de agosto de 2023, aprovou por unanimidade, a paralisação de advertências das atividades municipais, no próximo dia 30 de agosto de 2023;<br />
<strong>CONSIDERANDO</strong> que o intuito da mobilização é a defesa dos interesses municipalistas, cujo viso é sempre a defesa dos interesses coletivos e essenciais, em favor do bem comum.<br />
<strong><u>DECRETA:<br />
</u></strong><strong>Art. 1º. </strong>Fica decretado ponto facultativo no município de Magalhães de Almeida, estado do Maranhão, na data de 30 de Agosto de 2023.<br />
<strong>Art. 2º. </strong>Excluem-se da medida prevista no artigo anterior os orgãos que desempenham suas funções em regime de escala e as atividades essenciais e indispensáveis ao atendimento do interesse público.<br />
<strong>Art. 3º</strong>. Este decreto entra em vigor na data de sua publicação, revogando-se as disposições em contrário.<br />
Registre-se. Publique-se. Cumpra-se.<br />
Magalhães de Almeida, 24 de agosto de 2023. RAIMUNDO NONATO CARVALHO, Prefeito Municipal.</p>
