{"id":19181,"date":"2023-08-28T14:16:15","date_gmt":"2023-08-28T17:16:15","guid":{"rendered":"https:\/\/magalhaesdealmeida.ma.gov.br\/transparencia\/?post_type=publicacoesdom&#038;p=19181"},"modified":"2023-08-28T14:16:15","modified_gmt":"2023-08-28T17:16:15","slug":"contrato-n-20230828001-2023-chamamento-publico-n-o-002-2023-semuct","status":"publish","type":"publicacoesdom","link":"https:\/\/magalhaesdealmeida.ma.gov.br\/transparencia\/publicacoesdom\/contrato-n-20230828001-2023-chamamento-publico-n-o-002-2023-semuct\/","title":{"rendered":"CONTRATO N.\u00b0 20230828001\/2023 &#8211; Chamamento P\u00fablico N.\u00ba 002\/2023 &#8211; SEMUCT"},"content":{"rendered":"<p>OBJETO: <strong>CONTRATA\u00c7\u00c3O DE EMPRESA ESPECIALIZADA PARA REALIZA\u00c7\u00c3O DE PRODU\u00c7\u00c3O AUDIOVISUAL, LIVE, DOCUMENT\u00c1RIOS E PREMIA\u00c7\u00d5ES COM RECURSO DO GOVERNO FEDERAL, ATAV\u00c9S DA LEI COMPLEMENTAR, LEI PAULO GUSTAVO. SECRETARIA:<\/strong> Secretaria Municipal de Cultura e Turismo &#8211; SEMUCT, <strong>CONTRATADA:<\/strong> E.A.P PRESTA\u00c7\u00c3O DE SERVI\u00c7OS LTDA, inscrita no CNPJ\/MF sob N.\u00ba 07.229.405\/0001 &#8211; 45 com sede na Rua Jo\u00e3o Marinho Abade, N.\u00ba 01, SALA \u2013 CENTRO &#8211; CEP: 44245-000, Concei\u00e7\u00e3o do Jacu\u00edpe\/BA, neste ato representada pelo Senhor Evanildo de Andrade Paim. VALOR: <strong>R$ 138.400,00 (Cento e trinta e oito mil e quatrocentos reais). VIG\u00caNCIA:<\/strong> 120 dias, <strong>RECURSOS OR\u00c7AMENT\u00c1RIOS: <\/strong>\u00d3rg\u00e3o: 02 \u2013 PREFEITURA MUNICIPAL Unid. Or\u00e7ament\u00e1ria: 0210 \u2013 SECRETARIA DA CULTURA E TURISMO Atividade: 13.392.0510.2172 \u2013 Apoio \u00e0 Produ\u00e7\u00f5es, Capacita\u00e7\u00e3o e Forma\u00e7\u00e3o Audiovisuais \u2013 LPG 3.3.90.39 \u2013 Outros Servi\u00e7os de Terceiros &#8211; Pessoa Jur\u00eddica&#8230;&#8230;&#8230;&#8230;&#8230;&#8230;&#8230;&#8230;&#8230;..R$ 138.437,69 Fonte de Recursos: 1.715 \u2013Transfer\u00eancia Destinada ao Setor Cultural \u2013 LC n\u00ba 195\/2022. <strong>ASSINATURA:<\/strong> Raimundo Nonato Carvalho, Prefeito Municipal. <strong>DATA:<\/strong> 28 de agosto de 2023.<\/p>\n","protected":false},"author":4,"template":"","class_list":["post-19181","publicacoesdom","type-publicacoesdom","status-publish","hentry"],"acf":{"tipo_de_publicacao_diario":"28","e_retificacao":"1","origem_do_diario":"Poder Executivo","codigo_verificador":"5a1c90674f7d364c741ae45978223dc4ff4e1900"},"_links":{"self":[{"href":"https:\/\/magalhaesdealmeida.ma.gov.br\/transparencia\/wp-json\/wp\/v2\/publicacoesdom\/19181","targetHints":{"allow":["GET"]}}],"collection":[{"href":"https:\/\/magalhaesdealmeida.ma.gov.br\/transparencia\/wp-json\/wp\/v2\/publicacoesdom"}],"about":[{"href":"https:\/\/magalhaesdealmeida.ma.gov.br\/transparencia\/wp-json\/wp\/v2\/types\/publicacoesdom"}],"author":[{"embeddable":true,"href":"https:\/\/magalhaesdealmeida.ma.gov.br\/transparencia\/wp-json\/wp\/v2\/users\/4"}],"wp:attachment":[{"href":"https:\/\/magalhaesdealmeida.ma.gov.br\/transparencia\/wp-json\/wp\/v2\/media?parent=19181"}],"curies":[{"name":"wp","href":"https:\/\/api.w.org\/{rel}","templated":true}]}}

CONTRATO N.° 20230828001/2023 &#8211; Chamamento Público N.º 002/2023 &#8211; SEMUCT

<p>OBJETO: <strong>CONTRATAÇÃO DE EMPRESA ESPECIALIZADA PARA REALIZAÇÃO DE PRODUÇÃO AUDIOVISUAL, LIVE, DOCUMENTÁRIOS E PREMIAÇÕES COM RECURSO DO GOVERNO FEDERAL, ATAVÉS DA LEI COMPLEMENTAR, LEI PAULO GUSTAVO. SECRETARIA:</strong> Secretaria Municipal de Cultura e Turismo &#8211; SEMUCT, <strong>CONTRATADA:</strong> E.A.P PRESTAÇÃO DE SERVIÇOS LTDA, inscrita no CNPJ/MF sob N.º 07.229.405/0001 &#8211; 45 com sede na Rua João Marinho Abade, N.º 01, SALA – CENTRO &#8211; CEP: 44245-000, Conceição do Jacuípe/BA, neste ato representada pelo Senhor Evanildo de Andrade Paim. VALOR: <strong>R$ 138.400,00 (Cento e trinta e oito mil e quatrocentos reais). VIGÊNCIA:</strong> 120 dias, <strong>RECURSOS ORÇAMENTÁRIOS: </strong>Órgão: 02 – PREFEITURA MUNICIPAL Unid. Orçamentária: 0210 – SECRETARIA DA CULTURA E TURISMO Atividade: 13.392.0510.2172 – Apoio à Produções, Capacitação e Formação Audiovisuais – LPG 3.3.90.39 – Outros Serviços de Terceiros &#8211; Pessoa Jurídica&#8230;&#8230;&#8230;&#8230;&#8230;&#8230;&#8230;&#8230;&#8230;..R$ 138.437,69 Fonte de Recursos: 1.715 –Transferência Destinada ao Setor Cultural – LC nº 195/2022. <strong>ASSINATURA:</strong> Raimundo Nonato Carvalho, Prefeito Municipal. <strong>DATA:</strong> 28 de agosto de 2023.</p>
