{"id":19356,"date":"2023-09-14T16:15:12","date_gmt":"2023-09-14T19:15:12","guid":{"rendered":"https:\/\/magalhaesdealmeida.ma.gov.br\/transparencia\/?post_type=publicacoesdom&#038;p=19356"},"modified":"2023-09-14T16:35:31","modified_gmt":"2023-09-14T19:35:31","slug":"1o-termo-aditivo-do-contrato-n-20220518001-2022-pregao-presencial-n-o-006-2021-processo-administrativo-n-000011-cpl","status":"publish","type":"publicacoesdom","link":"https:\/\/magalhaesdealmeida.ma.gov.br\/transparencia\/publicacoesdom\/1o-termo-aditivo-do-contrato-n-20220518001-2022-pregao-presencial-n-o-006-2021-processo-administrativo-n-000011-cpl\/","title":{"rendered":"1\u00ba TERMO ADITIVO DO CONTRATO N.\u00b0 20220518001\/2022 &#8211; PREG\u00c3O PRESENCIAL N.\u00ba 006\/2021 &#8211; PROCESSO ADMINISTRATIVO N.\u00b0 000011 &#8211; CPL"},"content":{"rendered":"<p>OBJETO:<strong>CONTRATA\u00c7\u00c3O DE EMPRESA PARA EXECU\u00c7\u00c3O DOS SERVI\u00c7OS DE XEROX E ENCADERNA\u00c7\u00c3O PARA ATENDIMENTO DAS SECRETARIAS MUNICIPAIS DA PREFEITURA MUNICIPAL DE MAGALH\u00c3ES DE ALMEIDA\/MA. SECRETARIA: <\/strong>SECRETARIA MUNICIPAL DE SA\u00daDE &#8211; SEMUS. <strong>CONTRATADA: <\/strong>N. M. ALVES DOS SANTOS \u2014 ME, CNPJ: 10.818.021\/0001-72 com endere\u00e7o a Rua Benedito Rom\u00e3o, N.\u00b0 182, CEP: 65.560-000, Centro &#8211; Magalh\u00e3es de Almeida\/MA, representada neste ato pela Sra. Neuma Maria Alves dos Santos, CPF: 973.***.**3-87,RG: 01667*****01-1\/SSP\/MA, VALOR: <strong>R$ 26.000,00 (Vinte e seis mil reais). VIG\u00caNCIA: <\/strong>0 prazo de vig\u00eancia do contrato N.\u00b0 20220518001\/2022 , previsto em sua cl\u00e1usula segunda, fica prorrogado a contar de 18 de maio de 2023 at\u00e9 18 de maio de 2024. <strong>RECURSOS OR\u00c7AMENT\u00c1RIOS:<\/strong> SEC. MUN. DE SA\u00daDE 020701 \u2014 FUNDO MUNICIPAL DE SA\u00daDE 10.122.0290.2051.0000 &#8211; MANUTEN\u00c7\u00c3O DO FUNDO MUNICIPAL DE SA\u00daDE 33.90.39.000 \u2014 OUTROS SERVI\u00c7OS DE TERCEIROS PESSOA JUR\u00cdDICA. Permanecem inalteradas as demais cl\u00e1usulas, par\u00e1grafos, condi\u00e7\u00f5es e obriga\u00e7\u00f5es do Termo Contrato inicial que n\u00e3o colidirem com o disposto neste Termo Aditivo. <strong>ASSINATURA:<\/strong> Francisco de Assis Arag\u00e3o, Secret\u00e1rio Municipal de Finan\u00e7as. <strong>DATA: <\/strong>18 de maio de 2023.<\/p>\n","protected":false},"author":4,"template":"","class_list":["post-19356","publicacoesdom","type-publicacoesdom","status-publish","hentry"],"acf":{"tipo_de_publicacao_diario":"28","e_retificacao":"1","origem_do_diario":"Poder Executivo","codigo_verificador":"1e0090e8bab16a5625cec3ddd210384dfcbdc1ad"},"_links":{"self":[{"href":"https:\/\/magalhaesdealmeida.ma.gov.br\/transparencia\/wp-json\/wp\/v2\/publicacoesdom\/19356","targetHints":{"allow":["GET"]}}],"collection":[{"href":"https:\/\/magalhaesdealmeida.ma.gov.br\/transparencia\/wp-json\/wp\/v2\/publicacoesdom"}],"about":[{"href":"https:\/\/magalhaesdealmeida.ma.gov.br\/transparencia\/wp-json\/wp\/v2\/types\/publicacoesdom"}],"author":[{"embeddable":true,"href":"https:\/\/magalhaesdealmeida.ma.gov.br\/transparencia\/wp-json\/wp\/v2\/users\/4"}],"wp:attachment":[{"href":"https:\/\/magalhaesdealmeida.ma.gov.br\/transparencia\/wp-json\/wp\/v2\/media?parent=19356"}],"curies":[{"name":"wp","href":"https:\/\/api.w.org\/{rel}","templated":true}]}}

1º TERMO ADITIVO DO CONTRATO N.° 20220518001/2022 &#8211; PREGÃO PRESENCIAL N.º 006/2021 &#8211; PROCESSO ADMINISTRATIVO N.° 000011 &#8211; CPL

<p>OBJETO:<strong>CONTRATAÇÃO DE EMPRESA PARA EXECUÇÃO DOS SERVIÇOS DE XEROX E ENCADERNAÇÃO PARA ATENDIMENTO DAS SECRETARIAS MUNICIPAIS DA PREFEITURA MUNICIPAL DE MAGALHÃES DE ALMEIDA/MA. SECRETARIA: </strong>SECRETARIA MUNICIPAL DE SAÚDE &#8211; SEMUS. <strong>CONTRATADA: </strong>N. M. ALVES DOS SANTOS — ME, CNPJ: 10.818.021/0001-72 com endereço a Rua Benedito Romão, N.° 182, CEP: 65.560-000, Centro &#8211; Magalhães de Almeida/MA, representada neste ato pela Sra. Neuma Maria Alves dos Santos, CPF: 973.***.**3-87,RG: 01667*****01-1/SSP/MA, VALOR: <strong>R$ 26.000,00 (Vinte e seis mil reais). VIGÊNCIA: </strong>0 prazo de vigência do contrato N.° 20220518001/2022 , previsto em sua cláusula segunda, fica prorrogado a contar de 18 de maio de 2023 até 18 de maio de 2024. <strong>RECURSOS ORÇAMENTÁRIOS:</strong> SEC. MUN. DE SAÚDE 020701 — FUNDO MUNICIPAL DE SAÚDE 10.122.0290.2051.0000 &#8211; MANUTENÇÃO DO FUNDO MUNICIPAL DE SAÚDE 33.90.39.000 — OUTROS SERVIÇOS DE TERCEIROS PESSOA JURÍDICA. Permanecem inalteradas as demais cláusulas, parágrafos, condições e obrigações do Termo Contrato inicial que não colidirem com o disposto neste Termo Aditivo. <strong>ASSINATURA:</strong> Francisco de Assis Aragão, Secretário Municipal de Finanças. <strong>DATA: </strong>18 de maio de 2023.</p>
