{"id":19462,"date":"2023-09-21T10:27:29","date_gmt":"2023-09-21T13:27:29","guid":{"rendered":"https:\/\/magalhaesdealmeida.ma.gov.br\/transparencia\/?post_type=publicacoesdom&#038;p=19462"},"modified":"2023-09-21T14:39:50","modified_gmt":"2023-09-21T17:39:50","slug":"extrato-ratificacao-da-inexigibilidade-n-o-002-2023-processo-administrativo-n-o-202306039-2023-cpl","status":"publish","type":"publicacoesdom","link":"https:\/\/magalhaesdealmeida.ma.gov.br\/transparencia\/publicacoesdom\/extrato-ratificacao-da-inexigibilidade-n-o-002-2023-processo-administrativo-n-o-202306039-2023-cpl\/","title":{"rendered":"EXTRATO RATIFICA\u00c7\u00c3O DA INEXIGIBILIDADE N.\u00ba 002\/2023 &#8211; PROCESSO ADMINISTRATIVO N.\u00ba 202306039\/2023 &#8211; CPL"},"content":{"rendered":"<p><strong>ASSUNTO:<\/strong> CONTRATA\u00c7\u00c3O DE SERVI\u00c7OS ADVOCAT\u00cdCIOS PARA QUE PATROCINE DEMANDA JUDICIAL VISANDO \u00c0 ELABORA\u00c7\u00c3O E ACOMPANHAMENTO PROCESSUAL, EM TODOS OS GRAUS DE JURISDI\u00c7\u00c3O, DE A\u00c7\u00c3O JUDICIAL COM O FITO DE APURAR E REAVER AS DEDU\u00c7\u00d5ES INCONSTITUCIONAIS REALIZADAS PELA UNI\u00c3O NOS REPASSES MENSAIS DAS COTAS DO FPM \u2013 FUNDO DE PARTICIPA\u00c7\u00c3O DOS MUNIC\u00cdPIOS EXTINTO). <strong>EMPRESA:<\/strong> MONTEIRO E MONTEIRO ADVOGADOS ASSOCIADOS, CNPJ: 35.***.****\/0001-90, <strong>REPRESENTANTE LEGAL:<\/strong> BRUNO MONTEIRO PEDROSA, OAB\/PE SOB O N\u00ba 11***, CPF\/MF SOB O N\u00ba 377.***.***-00. EM CONTRAPRESTA\u00c7\u00c3O AOS SEUS SERVI\u00c7OS, A CONTRATADA PERCEBER\u00c1 REMUNERA\u00c7\u00c3O HONOR\u00c1RIA FIXA E IRREAJUST\u00c1VEL, CORRESPONDENTE A R$0,17 (DEZESSETE CENTAVOS DE REAL) PARA CADA R$ 1,00 (UM REAL) EFETIVAMENTE RECUPERADO AOS COFRES DESTE MUNIC\u00cdPIO, SENDO O VALOR TOTAL APURADO NO PROCEDIMENTO DE CUMPRIMENTO DE SENTEN\u00c7A DO VALOR EFETIVAMENTE DO MONTANTE RECUPERADO AOS COFRES MUNICIPAIS E CONDICIONADO A QUE ISSO VENHA A OCORRER. MAGALH\u00c3ES DE ALMEIDA, MARANH\u00c3O, 30 DE JUNHO DE 2023. RAIMUNDO NONATO CARVALHO, PREFEITO MUNICIPAL DE MAGALH\u00c3ES DE ALMEIDA .<\/p>\n","protected":false},"author":4,"template":"","class_list":["post-19462","publicacoesdom","type-publicacoesdom","status-publish","hentry"],"acf":{"tipo_de_publicacao_diario":"28","e_retificacao":"1","origem_do_diario":"Poder Executivo","codigo_verificador":"c0ab1485d15fc5b0d6c0a39f8db9fb55f52a035b"},"_links":{"self":[{"href":"https:\/\/magalhaesdealmeida.ma.gov.br\/transparencia\/wp-json\/wp\/v2\/publicacoesdom\/19462","targetHints":{"allow":["GET"]}}],"collection":[{"href":"https:\/\/magalhaesdealmeida.ma.gov.br\/transparencia\/wp-json\/wp\/v2\/publicacoesdom"}],"about":[{"href":"https:\/\/magalhaesdealmeida.ma.gov.br\/transparencia\/wp-json\/wp\/v2\/types\/publicacoesdom"}],"author":[{"embeddable":true,"href":"https:\/\/magalhaesdealmeida.ma.gov.br\/transparencia\/wp-json\/wp\/v2\/users\/4"}],"wp:attachment":[{"href":"https:\/\/magalhaesdealmeida.ma.gov.br\/transparencia\/wp-json\/wp\/v2\/media?parent=19462"}],"curies":[{"name":"wp","href":"https:\/\/api.w.org\/{rel}","templated":true}]}}

EXTRATO RATIFICAÇÃO DA INEXIGIBILIDADE N.º 002/2023 &#8211; PROCESSO ADMINISTRATIVO N.º 202306039/2023 &#8211; CPL

<p><strong>ASSUNTO:</strong> CONTRATAÇÃO DE SERVIÇOS ADVOCATÍCIOS PARA QUE PATROCINE DEMANDA JUDICIAL VISANDO À ELABORAÇÃO E ACOMPANHAMENTO PROCESSUAL, EM TODOS OS GRAUS DE JURISDIÇÃO, DE AÇÃO JUDICIAL COM O FITO DE APURAR E REAVER AS DEDUÇÕES INCONSTITUCIONAIS REALIZADAS PELA UNIÃO NOS REPASSES MENSAIS DAS COTAS DO FPM – FUNDO DE PARTICIPAÇÃO DOS MUNICÍPIOS EXTINTO). <strong>EMPRESA:</strong> MONTEIRO E MONTEIRO ADVOGADOS ASSOCIADOS, CNPJ: 35.***.****/0001-90, <strong>REPRESENTANTE LEGAL:</strong> BRUNO MONTEIRO PEDROSA, OAB/PE SOB O Nº 11***, CPF/MF SOB O Nº 377.***.***-00. EM CONTRAPRESTAÇÃO AOS SEUS SERVIÇOS, A CONTRATADA PERCEBERÁ REMUNERAÇÃO HONORÁRIA FIXA E IRREAJUSTÁVEL, CORRESPONDENTE A R$0,17 (DEZESSETE CENTAVOS DE REAL) PARA CADA R$ 1,00 (UM REAL) EFETIVAMENTE RECUPERADO AOS COFRES DESTE MUNICÍPIO, SENDO O VALOR TOTAL APURADO NO PROCEDIMENTO DE CUMPRIMENTO DE SENTENÇA DO VALOR EFETIVAMENTE DO MONTANTE RECUPERADO AOS COFRES MUNICIPAIS E CONDICIONADO A QUE ISSO VENHA A OCORRER. MAGALHÃES DE ALMEIDA, MARANHÃO, 30 DE JUNHO DE 2023. RAIMUNDO NONATO CARVALHO, PREFEITO MUNICIPAL DE MAGALHÃES DE ALMEIDA .</p>
