{"id":19537,"date":"2023-09-28T10:16:10","date_gmt":"2023-09-28T13:16:10","guid":{"rendered":"https:\/\/magalhaesdealmeida.ma.gov.br\/transparencia\/?post_type=publicacoesdom&#038;p=19537"},"modified":"2023-09-28T14:54:55","modified_gmt":"2023-09-28T17:54:55","slug":"tomada-de-precos-n-o-007-2023","status":"publish","type":"publicacoesdom","link":"https:\/\/magalhaesdealmeida.ma.gov.br\/transparencia\/publicacoesdom\/tomada-de-precos-n-o-007-2023\/","title":{"rendered":"REVOGA\u00c7\u00c3O DA TOMADA DE PRE\u00c7OS N.\u00ba 007\/2023"},"content":{"rendered":"<p><strong>AVISO DE REVOGA\u00c7\u00c3O DE LICITA\u00c7\u00c3O<br \/>\n<\/strong>O Munic\u00edpio de Magalh\u00e3es de Almeida\/MA, atrav\u00e9s da Comiss\u00e3o Permanente de Licita\u00e7\u00e3o\u00a0 torna p\u00fablico para conhecimento dos interessados a <strong>REVOGA\u00c7\u00c3O<\/strong> da Tomada de Pre\u00e7os N.\u00ba 007\/2023, objetivando a <strong>CONTRATA\u00c7\u00c3O DE PESSOA JUR\u00cdDICA ESPECIALIZADA PARA PLANEJAMENTO, ORGANIZA\u00c7\u00c3O E EXECU\u00c7\u00c3O DE CONCURSO P\u00daBLICO PARA ATENDER AS NECESSIDADES DA PREFEITURA MUNICIPAL DE MAGALH\u00c3ES DE ALMEIDA\/MA<\/strong>,\u00a0 que seria realizada no dia 16 de outubro de 2023, \u00e0s 08:00 horas (hor\u00e1rio de Bras\u00edlia), na sede da CPL\/PMMA\/MA (Comiss\u00e3o Permanente de Licita\u00e7\u00e3o do Municipio de Magalh\u00e3es de Almeida\/MA), endere\u00e7o \u00e0 Rua Manoel Pires de Castro, 279 \u2013 Centro \u2013 CEP: 65.560-000. Magalh\u00e3es de Almeida \u2013 MA. CNPJ: 06.988.976\/0001- 09, que o mesmo foi <strong>REVOGADO<\/strong> para reformula\u00e7\u00e3o do edital e numera\u00e7\u00e3o adequada de procedimento administrativo.<br \/>\nMagalh\u00e3es de Almeida\/MA, 28 de setembro de 2023. Franciel Pessoa da Silva, Pregoeiro Municipal.<\/p>\n","protected":false},"author":4,"template":"","class_list":["post-19537","publicacoesdom","type-publicacoesdom","status-publish","hentry"],"acf":{"tipo_de_publicacao_diario":"55","e_retificacao":"1","origem_do_diario":"Poder Executivo","codigo_verificador":"d6635b222f6c68e4eb1e2e5b075f7ff2a06287ee"},"_links":{"self":[{"href":"https:\/\/magalhaesdealmeida.ma.gov.br\/transparencia\/wp-json\/wp\/v2\/publicacoesdom\/19537","targetHints":{"allow":["GET"]}}],"collection":[{"href":"https:\/\/magalhaesdealmeida.ma.gov.br\/transparencia\/wp-json\/wp\/v2\/publicacoesdom"}],"about":[{"href":"https:\/\/magalhaesdealmeida.ma.gov.br\/transparencia\/wp-json\/wp\/v2\/types\/publicacoesdom"}],"author":[{"embeddable":true,"href":"https:\/\/magalhaesdealmeida.ma.gov.br\/transparencia\/wp-json\/wp\/v2\/users\/4"}],"wp:attachment":[{"href":"https:\/\/magalhaesdealmeida.ma.gov.br\/transparencia\/wp-json\/wp\/v2\/media?parent=19537"}],"curies":[{"name":"wp","href":"https:\/\/api.w.org\/{rel}","templated":true}]}}

REVOGAÇÃO DA TOMADA DE PREÇOS N.º 007/2023

<p><strong>AVISO DE REVOGAÇÃO DE LICITAÇÃO<br />
</strong>O Município de Magalhães de Almeida/MA, através da Comissão Permanente de Licitação  torna público para conhecimento dos interessados a <strong>REVOGAÇÃO</strong> da Tomada de Preços N.º 007/2023, objetivando a <strong>CONTRATAÇÃO DE PESSOA JURÍDICA ESPECIALIZADA PARA PLANEJAMENTO, ORGANIZAÇÃO E EXECUÇÃO DE CONCURSO PÚBLICO PARA ATENDER AS NECESSIDADES DA PREFEITURA MUNICIPAL DE MAGALHÃES DE ALMEIDA/MA</strong>,  que seria realizada no dia 16 de outubro de 2023, às 08:00 horas (horário de Brasília), na sede da CPL/PMMA/MA (Comissão Permanente de Licitação do Municipio de Magalhães de Almeida/MA), endereço à Rua Manoel Pires de Castro, 279 – Centro – CEP: 65.560-000. Magalhães de Almeida – MA. CNPJ: 06.988.976/0001- 09, que o mesmo foi <strong>REVOGADO</strong> para reformulação do edital e numeração adequada de procedimento administrativo.<br />
Magalhães de Almeida/MA, 28 de setembro de 2023. Franciel Pessoa da Silva, Pregoeiro Municipal.</p>
