{"id":19628,"date":"2023-10-11T15:40:38","date_gmt":"2023-10-11T18:40:38","guid":{"rendered":"https:\/\/magalhaesdealmeida.ma.gov.br\/transparencia\/?post_type=publicacoesdom&#038;p=19628"},"modified":"2023-10-11T15:43:33","modified_gmt":"2023-10-11T18:43:33","slug":"retificacao-do-decreto-n-o-033-2023","status":"publish","type":"publicacoesdom","link":"https:\/\/magalhaesdealmeida.ma.gov.br\/transparencia\/publicacoesdom\/retificacao-do-decreto-n-o-033-2023\/","title":{"rendered":"RETIFICA\u00c7\u00c3O DO DECRETO N.\u00ba 033\/2023"},"content":{"rendered":"<p><strong>Trata da constitui\u00e7\u00e3o da comiss\u00e3o que cuidar\u00e1 do processo seletivo para \u00a0gestor Escolar nos termos da Lei Municipal N.\u00ba 581\/2023, e d\u00e1 outras provid\u00eancias.<br \/>\n<\/strong>O Prefeito Municipal de Magalh\u00e3es de Almeida, do Estado do Maranh\u00e3o, no uso de suas atribui\u00e7\u00f5es legais, e<br \/>\n<strong>CONSIDERANDO<\/strong> que houve a cria\u00e7\u00e3o da Lei Ordin\u00e1ria Municipal N.\u00ba 581 de 11 de setembro 2023 para dispor sobre a institui\u00e7\u00e3o da gest\u00e3o democr\u00e1tica e sobre a participa\u00e7\u00e3o da comunidade escolar nos processos pedag\u00f3gicos da rede municipal de ensino de Magalh\u00e3es de Almeida \u2013 MA;<br \/>\n<strong>CONSIDERANDO<\/strong> Lei Municipal N.\u00ba 581 de 11 de setembro de 2023 que tratam do processo seletivo para nomea\u00e7ao do \u00a0gestor Escolar;<br \/>\n<strong>CONSIDERANDO<\/strong> Lei Municipal N.\u00ba 581 de 11 de setembro de 2023 que determinam a constitui\u00e7\u00e3o de uma comiss\u00e3o, via decreto, responsavel pela sitematiza\u00e7\u00e3o, publiciza\u00e7\u00e3o do processo seletivo para \u00a0gestor Escolar e pelo monitoramento e avalia\u00e7\u00e3o da implementa\u00e7\u00e3o do Plano de Gest\u00e3o;<br \/>\n<strong>CONSIDERANDO<\/strong> ainda o artigo 15, Lei Municipal N.\u00ba 581 de 11 de setembro de 2023 que determina que a comiss\u00e3o ser\u00e1 composta por representantes : I &#8211; 1 (um) Dirigente Municipal de Educa\u00e7\u00e3o (Secret\u00e1rio Municipal de Educa\u00e7\u00e3o); II &#8211; 2 (dois) Representantes da Secretaria Municipal de Educa\u00e7\u00e3o, Ci\u00eancia, Tecnologia e Inova\u00e7\u00e3o &#8211; SEMECTI; III &#8211; 1 (um) Representante do CME &#8211; Conselho Municipal de Educa\u00e7\u00e3o; IV &#8211; 1 (um) Representante do CACS \u2013FUNDEB. V \u2013 1 (um) Representante do CAE \u2013 Conselho de Alimenta\u00e7\u00e3o.<br \/>\n<strong>DECRETA:<br \/>\n<\/strong><strong>Art. 1\u00ba<\/strong> Fica constitu\u00edda a comiss\u00e3o da Secretaria Municipal de Educa\u00e7\u00e3o conforme determina a Lei de Gest\u00e3o Democr\u00e1tica municipal Lei Municipal N.\u00ba 581 de 11 de setembro de 2023.<br \/>\n<strong>Art. 2\u00ba<\/strong> A comiss\u00e3o ser\u00e1 composta pelos seguintes integrantes:<br \/>\n<strong>I &#8211; <\/strong>irigente Municipal de Educa\u00e7\u00e3o (Secret\u00e1rio Municipal de Educa\u00e7\u00e3o), <strong>MAELIO CESAR FREITAS DOS SANTOS<\/strong>;<br \/>\n<strong>II &#8211;<\/strong> Representantes da Secretaria Municipal de Educa\u00e7\u00e3o, Ci\u00eancia, Tecnologia e Inova\u00e7\u00e3o \u2013 SEMECTI:<strong>RAISSA GADELHA CRUZ MARQUES; ISNANDIA DE SOUZA SILVA<\/strong>;<br \/>\n<strong>III &#8211;<\/strong> Representante do CME &#8211; Conselho Municipal de Educa\u00e7\u00e3o; <strong>SHUATHY FELIX PORTELA<\/strong>;<br \/>\n<strong>IV &#8211;<\/strong> Representante do CACS \u2013FUNDEB, <strong>CLAUDE SERGIO DA SILVA<\/strong>;<br \/>\n<strong>V \u2013<\/strong> Representante do CAE \u2013 Conselho de Alimenta\u00e7\u00e3o. <strong>MARIA DE FATIMA SILVA SOUSA<\/strong>.<br \/>\n<strong>Art. 3\u00ba<\/strong> A Comiss\u00e3o ter\u00e1 como responsabilidades:<br \/>\n<strong>I \u2013<\/strong> A sistematiza\u00e7\u00e3o e publiciza\u00e7\u00e3o do processo seletivo para cargo de gestor Escolar e da consulta p\u00fablica do Plano de Gest\u00e3o; e<br \/>\n<strong>II \u2013<\/strong> Monitoramento e avalia\u00e7\u00e3o da implementa\u00e7\u00e3o do Plano de Gest\u00e3o e do cumprimento dos requisitos estabelecidos no Termo de Compromisso.<br \/>\n<strong>Art. 4\u00ba<\/strong>\u00a0 A Comiss\u00e3o de Execu\u00e7\u00e3o do Processo Seletivo ser\u00e1 presidida pelo\u00a0 Secret\u00e1rio Municipal de Educa\u00e7\u00e3o,Ciencias e Tecnologia.<br \/>\n<strong>Art. 5\u00b0<\/strong> Este Decreto entrar\u00e1 em vigor na data de sua publica\u00e7\u00e3o, revogando as disposi\u00e7\u00f5es em contr\u00e1rio.<br \/>\nGabinete do Prefeito de Magalh\u00e3es de Almeida, em 02 de outubro de 2023. Raimundo Nonato Carvalho, Prefeito Municipal.<\/p>\n","protected":false},"author":4,"template":"","class_list":["post-19628","publicacoesdom","type-publicacoesdom","status-publish","hentry"],"acf":{"tipo_de_publicacao_diario":"63: Retifica\u00e7\u00e3o","e_retificacao":"2","origem_do_diario":"Poder Executivo","codigo_verificador":"c7a6338fd3b3995af92211dc854626668a702649"},"_links":{"self":[{"href":"https:\/\/magalhaesdealmeida.ma.gov.br\/transparencia\/wp-json\/wp\/v2\/publicacoesdom\/19628","targetHints":{"allow":["GET"]}}],"collection":[{"href":"https:\/\/magalhaesdealmeida.ma.gov.br\/transparencia\/wp-json\/wp\/v2\/publicacoesdom"}],"about":[{"href":"https:\/\/magalhaesdealmeida.ma.gov.br\/transparencia\/wp-json\/wp\/v2\/types\/publicacoesdom"}],"author":[{"embeddable":true,"href":"https:\/\/magalhaesdealmeida.ma.gov.br\/transparencia\/wp-json\/wp\/v2\/users\/4"}],"wp:attachment":[{"href":"https:\/\/magalhaesdealmeida.ma.gov.br\/transparencia\/wp-json\/wp\/v2\/media?parent=19628"}],"curies":[{"name":"wp","href":"https:\/\/api.w.org\/{rel}","templated":true}]}}

RETIFICAÇÃO DO DECRETO N.º 033/2023

<p><strong>Trata da constituição da comissão que cuidará do processo seletivo para  gestor Escolar nos termos da Lei Municipal N.º 581/2023, e dá outras providências.<br />
</strong>O Prefeito Municipal de Magalhães de Almeida, do Estado do Maranhão, no uso de suas atribuições legais, e<br />
<strong>CONSIDERANDO</strong> que houve a criação da Lei Ordinária Municipal N.º 581 de 11 de setembro 2023 para dispor sobre a instituição da gestão democrática e sobre a participação da comunidade escolar nos processos pedagógicos da rede municipal de ensino de Magalhães de Almeida – MA;<br />
<strong>CONSIDERANDO</strong> Lei Municipal N.º 581 de 11 de setembro de 2023 que tratam do processo seletivo para nomeaçao do  gestor Escolar;<br />
<strong>CONSIDERANDO</strong> Lei Municipal N.º 581 de 11 de setembro de 2023 que determinam a constituição de uma comissão, via decreto, responsavel pela sitematização, publicização do processo seletivo para  gestor Escolar e pelo monitoramento e avaliação da implementação do Plano de Gestão;<br />
<strong>CONSIDERANDO</strong> ainda o artigo 15, Lei Municipal N.º 581 de 11 de setembro de 2023 que determina que a comissão será composta por representantes : I &#8211; 1 (um) Dirigente Municipal de Educação (Secretário Municipal de Educação); II &#8211; 2 (dois) Representantes da Secretaria Municipal de Educação, Ciência, Tecnologia e Inovação &#8211; SEMECTI; III &#8211; 1 (um) Representante do CME &#8211; Conselho Municipal de Educação; IV &#8211; 1 (um) Representante do CACS –FUNDEB. V – 1 (um) Representante do CAE – Conselho de Alimentação.<br />
<strong>DECRETA:<br />
</strong><strong>Art. 1º</strong> Fica constituída a comissão da Secretaria Municipal de Educação conforme determina a Lei de Gestão Democrática municipal Lei Municipal N.º 581 de 11 de setembro de 2023.<br />
<strong>Art. 2º</strong> A comissão será composta pelos seguintes integrantes:<br />
<strong>I &#8211; </strong>irigente Municipal de Educação (Secretário Municipal de Educação), <strong>MAELIO CESAR FREITAS DOS SANTOS</strong>;<br />
<strong>II &#8211;</strong> Representantes da Secretaria Municipal de Educação, Ciência, Tecnologia e Inovação – SEMECTI:<strong>RAISSA GADELHA CRUZ MARQUES; ISNANDIA DE SOUZA SILVA</strong>;<br />
<strong>III &#8211;</strong> Representante do CME &#8211; Conselho Municipal de Educação; <strong>SHUATHY FELIX PORTELA</strong>;<br />
<strong>IV &#8211;</strong> Representante do CACS –FUNDEB, <strong>CLAUDE SERGIO DA SILVA</strong>;<br />
<strong>V –</strong> Representante do CAE – Conselho de Alimentação. <strong>MARIA DE FATIMA SILVA SOUSA</strong>.<br />
<strong>Art. 3º</strong> A Comissão terá como responsabilidades:<br />
<strong>I –</strong> A sistematização e publicização do processo seletivo para cargo de gestor Escolar e da consulta pública do Plano de Gestão; e<br />
<strong>II –</strong> Monitoramento e avaliação da implementação do Plano de Gestão e do cumprimento dos requisitos estabelecidos no Termo de Compromisso.<br />
<strong>Art. 4º</strong>  A Comissão de Execução do Processo Seletivo será presidida pelo  Secretário Municipal de Educação,Ciencias e Tecnologia.<br />
<strong>Art. 5°</strong> Este Decreto entrará em vigor na data de sua publicação, revogando as disposições em contrário.<br />
Gabinete do Prefeito de Magalhães de Almeida, em 02 de outubro de 2023. Raimundo Nonato Carvalho, Prefeito Municipal.</p>

63: Retificação
