{"id":19641,"date":"2023-10-13T15:01:14","date_gmt":"2023-10-13T18:01:14","guid":{"rendered":"https:\/\/magalhaesdealmeida.ma.gov.br\/transparencia\/?post_type=publicacoesdom&#038;p=19641"},"modified":"2023-10-13T15:01:14","modified_gmt":"2023-10-13T18:01:14","slug":"portaria-n-o-201-2023-semecti","status":"publish","type":"publicacoesdom","link":"https:\/\/magalhaesdealmeida.ma.gov.br\/transparencia\/publicacoesdom\/portaria-n-o-201-2023-semecti\/","title":{"rendered":"PORTARIA N.\u00ba 201\/2023 &#8211; SEMECTI"},"content":{"rendered":"<p><strong><u>TERMO DE NOMEA\u00c7\u00c3O<br \/>\n<\/u><\/strong><strong>INSTITUI A NOMEA\u00c7\u00c3O DE ASSESSOR DE APOIO T\u00c9CNICO ADMINISTRATIVO<\/strong><br \/>\nO Prefeito Municipal de Magalh\u00e3es de Almeida, Estado do Maranh\u00e3o, no uso de suas atribui\u00e7\u00f5es e de conformidade com a Lei Org\u00e2nica Municipal Artigo 67, inciso VIII.<br \/>\nConsiderando o disposto no inciso II do art. 9\u00ba da Lei n\u00ba 236 de 02 de janeiro de 1998,<br \/>\n<strong>CONSIDERANDO<\/strong> que o Decreto n\u00b0 002\/2022 regulamentou a Lei Municipal n\u00b0 534\/2021 de modo a possibilitar a delega\u00e7\u00e3o de compet\u00eancia aos secret\u00e1rios municipais e demais cargos equiparados para que procedam \u00e0 nomea\u00e7\u00e3o e exonera\u00e7\u00e3o dos cargos de provimento em comiss\u00e3o de seus respectivos quadros, dentro dos limites estabelecidos na Lei Municipal n\u00b0 534\/2021, <strong>RESOLVE:<br \/>\n<\/strong><strong>Art. 1\u00ba &#8211; NOMEAR<\/strong> o Sr.<strong> Paulo C\u00e9sar Rocha do Nascimento,<\/strong> brasileiro, solteiro, maior, capaz, portador do <strong>CPF n\u00ba 015.6**.***-33, RG 0296205*****-9, SSP\/MA <\/strong>para <strong>exercer o cargo de ASSESSOR DE APOIO T\u00c9CNICO ADMINISTRATIVO (DAI), lotado na Secretaria de Educa\u00e7\u00e3o, Ci\u00eancias, Tecnologia e Inova\u00e7\u00e3o.<br \/>\n<\/strong><strong>Art. 2\u00ba &#8211;<\/strong> Esta portaria entra em vigor na data de sua publica\u00e7\u00e3o. Revogadas as disposi\u00e7\u00f5es em contr\u00e1rio.<br \/>\nLeia-se, Publique-se e cumpra-se em Magalh\u00e3es de Almeida\/MA, 13 de outubro de 2023. Ma\u00e9lio Cesar Freitas dos Santos, SECRET\u00c1RIO DE EDUCA\u00c7\u00c3O, CI\u00caNCIAS, TECNOLOGIA E INOVA\u00c7\u00c3O.<\/p>\n","protected":false},"author":4,"template":"","class_list":["post-19641","publicacoesdom","type-publicacoesdom","status-publish","hentry"],"acf":{"tipo_de_publicacao_diario":"36","e_retificacao":"1","origem_do_diario":"Poder Executivo","codigo_verificador":"7e3f9509480197662856f6d2c669008f47ce2105"},"_links":{"self":[{"href":"https:\/\/magalhaesdealmeida.ma.gov.br\/transparencia\/wp-json\/wp\/v2\/publicacoesdom\/19641","targetHints":{"allow":["GET"]}}],"collection":[{"href":"https:\/\/magalhaesdealmeida.ma.gov.br\/transparencia\/wp-json\/wp\/v2\/publicacoesdom"}],"about":[{"href":"https:\/\/magalhaesdealmeida.ma.gov.br\/transparencia\/wp-json\/wp\/v2\/types\/publicacoesdom"}],"author":[{"embeddable":true,"href":"https:\/\/magalhaesdealmeida.ma.gov.br\/transparencia\/wp-json\/wp\/v2\/users\/4"}],"wp:attachment":[{"href":"https:\/\/magalhaesdealmeida.ma.gov.br\/transparencia\/wp-json\/wp\/v2\/media?parent=19641"}],"curies":[{"name":"wp","href":"https:\/\/api.w.org\/{rel}","templated":true}]}}

PORTARIA N.º 201/2023 &#8211; SEMECTI

<p><strong><u>TERMO DE NOMEAÇÃO<br />
</u></strong><strong>INSTITUI A NOMEAÇÃO DE ASSESSOR DE APOIO TÉCNICO ADMINISTRATIVO</strong><br />
O Prefeito Municipal de Magalhães de Almeida, Estado do Maranhão, no uso de suas atribuições e de conformidade com a Lei Orgânica Municipal Artigo 67, inciso VIII.<br />
Considerando o disposto no inciso II do art. 9º da Lei nº 236 de 02 de janeiro de 1998,<br />
<strong>CONSIDERANDO</strong> que o Decreto n° 002/2022 regulamentou a Lei Municipal n° 534/2021 de modo a possibilitar a delegação de competência aos secretários municipais e demais cargos equiparados para que procedam à nomeação e exoneração dos cargos de provimento em comissão de seus respectivos quadros, dentro dos limites estabelecidos na Lei Municipal n° 534/2021, <strong>RESOLVE:<br />
</strong><strong>Art. 1º &#8211; NOMEAR</strong> o Sr.<strong> Paulo César Rocha do Nascimento,</strong> brasileiro, solteiro, maior, capaz, portador do <strong>CPF nº 015.6**.***-33, RG 0296205*****-9, SSP/MA </strong>para <strong>exercer o cargo de ASSESSOR DE APOIO TÉCNICO ADMINISTRATIVO (DAI), lotado na Secretaria de Educação, Ciências, Tecnologia e Inovação.<br />
</strong><strong>Art. 2º &#8211;</strong> Esta portaria entra em vigor na data de sua publicação. Revogadas as disposições em contrário.<br />
Leia-se, Publique-se e cumpra-se em Magalhães de Almeida/MA, 13 de outubro de 2023. Maélio Cesar Freitas dos Santos, SECRETÁRIO DE EDUCAÇÃO, CIÊNCIAS, TECNOLOGIA E INOVAÇÃO.</p>
