{"id":19758,"date":"2023-10-25T14:53:27","date_gmt":"2023-10-25T17:53:27","guid":{"rendered":"https:\/\/magalhaesdealmeida.ma.gov.br\/transparencia\/?post_type=publicacoesdom&#038;p=19758"},"modified":"2023-10-25T15:33:22","modified_gmt":"2023-10-25T18:33:22","slug":"portaria-n-o-044-2023-gp","status":"publish","type":"publicacoesdom","link":"https:\/\/magalhaesdealmeida.ma.gov.br\/transparencia\/publicacoesdom\/portaria-n-o-044-2023-gp\/","title":{"rendered":"PORTARIA N.\u00ba 044\/2023 &#8211; GP"},"content":{"rendered":"<p><strong>O PREFEITO MUNICIPAL DE MAGALH\u00c3ES DE ALMEIDA,<\/strong> Estado do Maranh\u00e3o, no uso de suas atribui\u00e7\u00f5es legais, <strong>RESOLVE:<br \/>\n<\/strong><strong>Art. 1\u00ba &#8211;<\/strong> Nomear a Comiss\u00e3o Organizadora da I Confer\u00eancia Municipal de Cultura de Magalh\u00e3es de Almeida-MA, composta por:<br \/>\n<strong>(Poder P\u00fablico)<\/strong><br \/>\n<strong>1 \u2013<\/strong> Rosiany Silva Costa, CPF 011.9**.***-06.<br \/>\n<strong>(Sociedade Civil)<\/strong><br \/>\n<strong>1 &#8211;<\/strong> Matheus Pereira Damasceno, CPF 620.0**.***-83.<br \/>\nPara tomarem todas as provid\u00eancias necess\u00e1rias \u00e0 realiza\u00e7\u00e3o da I Confer\u00eancia Municipal de Cultura de Magalh\u00e3es de Almeida \u2013 MA.<br \/>\n<strong>Art. 2\u00ba &#8211;<\/strong> A Comiss\u00e3o Organizadora ficar\u00e1 respons\u00e1vel pela elabora\u00e7\u00e3o do Regimento Interno da I Confer\u00eancia Municipal de Magalh\u00e3es de Almeida &#8211; MA, assim como por todas as provid\u00eancias legais do evento.<br \/>\n<strong>Art. 3\u00ba<\/strong> Esta portaria entrar\u00e1 em vigor na data de sua publica\u00e7\u00e3o.<br \/>\nLeia-se, Publique-se e Cumpra-se, em Magalh\u00e3es de Almeida\/MA, 25 de outubro de 2023. <strong>Raimundo Nonato Carvalho, <\/strong>Prefeito Municipal.<\/p>\n","protected":false},"author":4,"template":"","class_list":["post-19758","publicacoesdom","type-publicacoesdom","status-publish","hentry"],"acf":{"tipo_de_publicacao_diario":"41","e_retificacao":"1","origem_do_diario":"Poder Executivo","codigo_verificador":"ebd96f97bb944a06e64ccda3def154ef07b12b2b"},"_links":{"self":[{"href":"https:\/\/magalhaesdealmeida.ma.gov.br\/transparencia\/wp-json\/wp\/v2\/publicacoesdom\/19758","targetHints":{"allow":["GET"]}}],"collection":[{"href":"https:\/\/magalhaesdealmeida.ma.gov.br\/transparencia\/wp-json\/wp\/v2\/publicacoesdom"}],"about":[{"href":"https:\/\/magalhaesdealmeida.ma.gov.br\/transparencia\/wp-json\/wp\/v2\/types\/publicacoesdom"}],"author":[{"embeddable":true,"href":"https:\/\/magalhaesdealmeida.ma.gov.br\/transparencia\/wp-json\/wp\/v2\/users\/4"}],"wp:attachment":[{"href":"https:\/\/magalhaesdealmeida.ma.gov.br\/transparencia\/wp-json\/wp\/v2\/media?parent=19758"}],"curies":[{"name":"wp","href":"https:\/\/api.w.org\/{rel}","templated":true}]}}

PORTARIA N.º 044/2023 &#8211; GP

<p><strong>O PREFEITO MUNICIPAL DE MAGALHÃES DE ALMEIDA,</strong> Estado do Maranhão, no uso de suas atribuições legais, <strong>RESOLVE:<br />
</strong><strong>Art. 1º &#8211;</strong> Nomear a Comissão Organizadora da I Conferência Municipal de Cultura de Magalhães de Almeida-MA, composta por:<br />
<strong>(Poder Público)</strong><br />
<strong>1 –</strong> Rosiany Silva Costa, CPF 011.9**.***-06.<br />
<strong>(Sociedade Civil)</strong><br />
<strong>1 &#8211;</strong> Matheus Pereira Damasceno, CPF 620.0**.***-83.<br />
Para tomarem todas as providências necessárias à realização da I Conferência Municipal de Cultura de Magalhães de Almeida – MA.<br />
<strong>Art. 2º &#8211;</strong> A Comissão Organizadora ficará responsável pela elaboração do Regimento Interno da I Conferência Municipal de Magalhães de Almeida &#8211; MA, assim como por todas as providências legais do evento.<br />
<strong>Art. 3º</strong> Esta portaria entrará em vigor na data de sua publicação.<br />
Leia-se, Publique-se e Cumpra-se, em Magalhães de Almeida/MA, 25 de outubro de 2023. <strong>Raimundo Nonato Carvalho, </strong>Prefeito Municipal.</p>
