{"id":19869,"date":"2023-11-06T16:46:04","date_gmt":"2023-11-06T19:46:04","guid":{"rendered":"https:\/\/magalhaesdealmeida.ma.gov.br\/transparencia\/?post_type=publicacoesdom&#038;p=19869"},"modified":"2023-11-06T16:46:04","modified_gmt":"2023-11-06T19:46:04","slug":"aviso-de-prorrogacao-de-licitacao-tomada-de-preco-n-o-008-2023-processo-administrativo-n-o-202309060-2023","status":"publish","type":"publicacoesdom","link":"https:\/\/magalhaesdealmeida.ma.gov.br\/transparencia\/publicacoesdom\/aviso-de-prorrogacao-de-licitacao-tomada-de-preco-n-o-008-2023-processo-administrativo-n-o-202309060-2023\/","title":{"rendered":"AVISO DE PRORROGA\u00c7\u00c3O DE LICITA\u00c7\u00c3O &#8211; TOMADA DE PRE\u00c7O N.\u00ba 008\/2023 &#8211; PROCESSO ADMINISTRATIVO N.\u00ba 202309060\/2023"},"content":{"rendered":"<p><strong>AVISO DE PRORROGA\u00c7\u00c3O DE LICITA\u00c7\u00c3O.<br \/>\n<\/strong>O Presidente da Comiss\u00e3o de Licita\u00e7\u00e3o da Prefeitura Municipal de Magalh\u00e3es de Almeida, estado do maranh\u00e3o, torna p\u00fablico, para conhecimento dos interessados que a licita\u00e7\u00e3o Tomada de Pre\u00e7os, em sua forma presencial, sob o N.\u00ba 008\/2023, para contrata\u00e7\u00e3o de pessoa jur\u00eddica especializada para planejamento, organiza\u00e7\u00e3o e execu\u00e7\u00e3o de concurso p\u00fablico para atender as necessidades da prefeitura municipal de Magalh\u00e3es de Almeida\/MA, que seria realizado \u00e0s 08:hs00min (oito horas) do dia 07 de novembro de 2023 foi prorrogado para o <strong>dia 21 de novembro de 2023,<\/strong> \u00e0s 09:hs00min (hor\u00e1rio de bras\u00edlia), informa\u00e7\u00f5es adicionais podem ser obtidas na CPL\/PMMA, desta prefeitura municipal, na sala da comiss\u00e3o permanente de licita\u00e7\u00e3o, situada na Rua Manoel Pires de Castro, 279, CENTRO, Magalh\u00e3es de Almeida\/MA.<br \/>\nMagalh\u00e3es de Almeida\/MA, 06 de novembro de 2023. Franciel Pessoa da Silva, Presidente da Comiss\u00e3o de Licita\u00e7\u00e3o.<\/p>\n","protected":false},"author":4,"template":"","class_list":["post-19869","publicacoesdom","type-publicacoesdom","status-publish","hentry"],"acf":{"tipo_de_publicacao_diario":"28","e_retificacao":"1","origem_do_diario":"Poder Executivo","codigo_verificador":"78b504e101bd3aca4e55f50368904f9bfc9a7df4"},"_links":{"self":[{"href":"https:\/\/magalhaesdealmeida.ma.gov.br\/transparencia\/wp-json\/wp\/v2\/publicacoesdom\/19869","targetHints":{"allow":["GET"]}}],"collection":[{"href":"https:\/\/magalhaesdealmeida.ma.gov.br\/transparencia\/wp-json\/wp\/v2\/publicacoesdom"}],"about":[{"href":"https:\/\/magalhaesdealmeida.ma.gov.br\/transparencia\/wp-json\/wp\/v2\/types\/publicacoesdom"}],"author":[{"embeddable":true,"href":"https:\/\/magalhaesdealmeida.ma.gov.br\/transparencia\/wp-json\/wp\/v2\/users\/4"}],"wp:attachment":[{"href":"https:\/\/magalhaesdealmeida.ma.gov.br\/transparencia\/wp-json\/wp\/v2\/media?parent=19869"}],"curies":[{"name":"wp","href":"https:\/\/api.w.org\/{rel}","templated":true}]}}

AVISO DE PRORROGAÇÃO DE LICITAÇÃO &#8211; TOMADA DE PREÇO N.º 008/2023 &#8211; PROCESSO ADMINISTRATIVO N.º 202309060/2023

<p><strong>AVISO DE PRORROGAÇÃO DE LICITAÇÃO.<br />
</strong>O Presidente da Comissão de Licitação da Prefeitura Municipal de Magalhães de Almeida, estado do maranhão, torna público, para conhecimento dos interessados que a licitação Tomada de Preços, em sua forma presencial, sob o N.º 008/2023, para contratação de pessoa jurídica especializada para planejamento, organização e execução de concurso público para atender as necessidades da prefeitura municipal de Magalhães de Almeida/MA, que seria realizado às 08:hs00min (oito horas) do dia 07 de novembro de 2023 foi prorrogado para o <strong>dia 21 de novembro de 2023,</strong> às 09:hs00min (horário de brasília), informações adicionais podem ser obtidas na CPL/PMMA, desta prefeitura municipal, na sala da comissão permanente de licitação, situada na Rua Manoel Pires de Castro, 279, CENTRO, Magalhães de Almeida/MA.<br />
Magalhães de Almeida/MA, 06 de novembro de 2023. Franciel Pessoa da Silva, Presidente da Comissão de Licitação.</p>
