{"id":20129,"date":"2023-11-29T11:18:46","date_gmt":"2023-11-29T14:18:46","guid":{"rendered":"https:\/\/magalhaesdealmeida.ma.gov.br\/transparencia\/?post_type=publicacoesdom&#038;p=20129"},"modified":"2023-11-29T11:18:46","modified_gmt":"2023-11-29T14:18:46","slug":"decreto-n-o-040-2023","status":"publish","type":"publicacoesdom","link":"https:\/\/magalhaesdealmeida.ma.gov.br\/transparencia\/publicacoesdom\/decreto-n-o-040-2023\/","title":{"rendered":"DECRETO N.\u00ba 040\/2023"},"content":{"rendered":"<h4>DISP\u00d5E SOBRE RECESSO DE FINAL DO ANO E RETORNO DAS ATIVIDADES E D\u00c1 OUTRAS PROVID\u00caNCIAS.<em><br \/>\n<\/em>O PREFEITO MUNICIPAL DE MAGALH\u00c3ES DE ALMEIDA, Estado do Maranh\u00e3o, no uso de suas atribui\u00e7\u00f5es legais (Art. 67, VI, da Lei Org\u00e2nica do Munic\u00edpio), <u>DECRETA:<br \/>\n<\/u>Art. 1\u00ba. Fica decretado recesso nas reparti\u00e7\u00f5es p\u00fablicas do munic\u00edpio de Magalh\u00e3es de Almeida, estado do Maranh\u00e3o, no per\u00edodo compreendido entre 23 de Dezembro de 2023 a 07 de janeiro de 2024.<br \/>\nArt. 2\u00ba. Excluem-se da medida prevista no artigo anterior os org\u00e3os que desempenham suas fun\u00e7\u00f5es em regime de escala e as atividades essenciais e indispens\u00e1veis ao atendimento do interesse p\u00fablico.<br \/>\nArt. 3\u00ba. Este decreto entra em vigor na data de sua publica\u00e7\u00e3o, revogando-se as disposi\u00e7\u00f5es em contr\u00e1rio.<br \/>\nRegistre-se. Publique-se. Cumpra-se.<br \/>\nMagalh\u00e3es de Almeida\/MA, 29 de Novembro de 2023. RAIMUNDO NONATO CARVALHO, Prefeito Municipal.<\/h4>\n","protected":false},"author":4,"template":"","class_list":["post-20129","publicacoesdom","type-publicacoesdom","status-publish","hentry"],"acf":{"tipo_de_publicacao_diario":"23","e_retificacao":"1","origem_do_diario":"Poder Executivo","codigo_verificador":"f5326e20dfbdde0fae6e5963b4abfe4c141b54f2"},"_links":{"self":[{"href":"https:\/\/magalhaesdealmeida.ma.gov.br\/transparencia\/wp-json\/wp\/v2\/publicacoesdom\/20129","targetHints":{"allow":["GET"]}}],"collection":[{"href":"https:\/\/magalhaesdealmeida.ma.gov.br\/transparencia\/wp-json\/wp\/v2\/publicacoesdom"}],"about":[{"href":"https:\/\/magalhaesdealmeida.ma.gov.br\/transparencia\/wp-json\/wp\/v2\/types\/publicacoesdom"}],"author":[{"embeddable":true,"href":"https:\/\/magalhaesdealmeida.ma.gov.br\/transparencia\/wp-json\/wp\/v2\/users\/4"}],"wp:attachment":[{"href":"https:\/\/magalhaesdealmeida.ma.gov.br\/transparencia\/wp-json\/wp\/v2\/media?parent=20129"}],"curies":[{"name":"wp","href":"https:\/\/api.w.org\/{rel}","templated":true}]}}

DECRETO N.º 040/2023

<h4>DISPÕE SOBRE RECESSO DE FINAL DO ANO E RETORNO DAS ATIVIDADES E DÁ OUTRAS PROVIDÊNCIAS.<em><br />
</em>O PREFEITO MUNICIPAL DE MAGALHÃES DE ALMEIDA, Estado do Maranhão, no uso de suas atribuições legais (Art. 67, VI, da Lei Orgânica do Município), <u>DECRETA:<br />
</u>Art. 1º. Fica decretado recesso nas repartições públicas do município de Magalhães de Almeida, estado do Maranhão, no período compreendido entre 23 de Dezembro de 2023 a 07 de janeiro de 2024.<br />
Art. 2º. Excluem-se da medida prevista no artigo anterior os orgãos que desempenham suas funções em regime de escala e as atividades essenciais e indispensáveis ao atendimento do interesse público.<br />
Art. 3º. Este decreto entra em vigor na data de sua publicação, revogando-se as disposições em contrário.<br />
Registre-se. Publique-se. Cumpra-se.<br />
Magalhães de Almeida/MA, 29 de Novembro de 2023. RAIMUNDO NONATO CARVALHO, Prefeito Municipal.</h4>
