{"id":20173,"date":"2023-12-04T15:26:15","date_gmt":"2023-12-04T18:26:15","guid":{"rendered":"https:\/\/magalhaesdealmeida.ma.gov.br\/transparencia\/?post_type=publicacoesdom&#038;p=20173"},"modified":"2023-12-04T15:26:49","modified_gmt":"2023-12-04T18:26:49","slug":"composicao-da-comissao-de-execucao-do-processo-seletivo-simplificado-para-preenchimento-do-cargo-em-comissao-de-gestor-escolar-das-escolas-da-rede-municipal-de-ensino-de-magalhaes-de-almeida-ma","status":"publish","type":"publicacoesdom","link":"https:\/\/magalhaesdealmeida.ma.gov.br\/transparencia\/publicacoesdom\/composicao-da-comissao-de-execucao-do-processo-seletivo-simplificado-para-preenchimento-do-cargo-em-comissao-de-gestor-escolar-das-escolas-da-rede-municipal-de-ensino-de-magalhaes-de-almeida-ma\/","title":{"rendered":"COMPOSI\u00c7\u00c3O DA COMISS\u00c3O DE EXECU\u00c7\u00c3O DO PROCESSO SELETIVO SIMPLIFICADO PARA PREENCHIMENTO DO CARGO EM COMISS\u00c3O DE GESTOR ESCOLAR DAS ESCOLAS DA REDE MUNICIPAL DE ENSINO DE MAGALH\u00c3ES DE ALMEIDA &#8211; MA."},"content":{"rendered":"<p>O Presidente Da Comiss\u00e3o De Execu\u00e7\u00e3o Do Processo Seletivo, Sr. Ma\u00e9lio C\u00e9sar Freitas dos Santos, nomeado de acordo com o decreto 033\/2023, vem tornar p\u00fablica a <strong>composi\u00e7\u00e3o da Comiss\u00e3o de Execu\u00e7\u00e3o do Processo Seletivo<\/strong> que contar\u00e1 com o aux\u00edlio de uma Banca Examinadora para executar as atividades pertinentes ao Processo Seletivo Edital 02-2023 &#8211; SEMED, de 28 de setembro de 2023.<br \/>\n<strong>O apoio ser\u00e1 composto por:<\/strong><br \/>\n<strong>I &#8211;<\/strong> 01 (um) representantes da Prefeitura Municipal de Magalh\u00e3es de Almeida;<br \/>\n<strong>Digleuma Rocha Pinto<\/strong><br \/>\n<strong>II &#8211;<\/strong> 01 (um) representantes da SEMECTI de Magalh\u00e3es de Almeida;<br \/>\n<strong>Gleidiane da Costa Oliveira<\/strong><br \/>\n<strong>III &#8211;<\/strong> 01 (um) representante externo (Empresa responsavel pela elabora\u00e7\u00e3o e organiza\u00e7\u00e3o do processo seletivo);<br \/>\n<strong>Paulo Roberto Roma Buzar<\/strong><br \/>\n<strong>IV &#8211;<\/strong> 01 (um) representante com forma\u00e7\u00e3o superior em L\u00edngua Portuguesa inidicado pela SEMECTI de Magalh\u00e3es de Almeida;<br \/>\n<strong>Rene Marques Sousa<\/strong><br \/>\n<strong>V \u2013<\/strong> 01 ( um) representante com forma\u00e7\u00e3o em Gest\u00e3o Escolar inidicado pela SEMECTI de Magalh\u00e3es de Almeida.<br \/>\n<strong>Silvana Silva Costa Lima<\/strong><br \/>\nCertos de sua aten\u00e7\u00e3o, coloco-me \u00e0 disposi\u00e7\u00e3o para esclarecimentos adicionais.<br \/>\nMagalh\u00e3es de Almeida, 04 de dezembro de 2023.<br \/>\nAtenciosamente, MAELIO CESAR FREITAS DOS SANTOS, Presidente Da Comiss\u00e3o De Execu\u00e7\u00e3o Do Processo Seletivo.<\/p>\n","protected":false},"author":4,"template":"","class_list":["post-20173","publicacoesdom","type-publicacoesdom","status-publish","hentry"],"acf":{"tipo_de_publicacao_diario":"0","e_retificacao":"1","origem_do_diario":"Poder Executivo","codigo_verificador":"8a625fc69a489de0d5cf957a72fb3ac5e8c921d7"},"_links":{"self":[{"href":"https:\/\/magalhaesdealmeida.ma.gov.br\/transparencia\/wp-json\/wp\/v2\/publicacoesdom\/20173","targetHints":{"allow":["GET"]}}],"collection":[{"href":"https:\/\/magalhaesdealmeida.ma.gov.br\/transparencia\/wp-json\/wp\/v2\/publicacoesdom"}],"about":[{"href":"https:\/\/magalhaesdealmeida.ma.gov.br\/transparencia\/wp-json\/wp\/v2\/types\/publicacoesdom"}],"author":[{"embeddable":true,"href":"https:\/\/magalhaesdealmeida.ma.gov.br\/transparencia\/wp-json\/wp\/v2\/users\/4"}],"wp:attachment":[{"href":"https:\/\/magalhaesdealmeida.ma.gov.br\/transparencia\/wp-json\/wp\/v2\/media?parent=20173"}],"curies":[{"name":"wp","href":"https:\/\/api.w.org\/{rel}","templated":true}]}}

COMPOSIÇÃO DA COMISSÃO DE EXECUÇÃO DO PROCESSO SELETIVO SIMPLIFICADO PARA PREENCHIMENTO DO CARGO EM COMISSÃO DE GESTOR ESCOLAR DAS ESCOLAS DA REDE MUNICIPAL DE ENSINO DE MAGALHÃES DE ALMEIDA &#8211; MA.

<p>O Presidente Da Comissão De Execução Do Processo Seletivo, Sr. Maélio César Freitas dos Santos, nomeado de acordo com o decreto 033/2023, vem tornar pública a <strong>composição da Comissão de Execução do Processo Seletivo</strong> que contará com o auxílio de uma Banca Examinadora para executar as atividades pertinentes ao Processo Seletivo Edital 02-2023 &#8211; SEMED, de 28 de setembro de 2023.<br />
<strong>O apoio será composto por:</strong><br />
<strong>I &#8211;</strong> 01 (um) representantes da Prefeitura Municipal de Magalhães de Almeida;<br />
<strong>Digleuma Rocha Pinto</strong><br />
<strong>II &#8211;</strong> 01 (um) representantes da SEMECTI de Magalhães de Almeida;<br />
<strong>Gleidiane da Costa Oliveira</strong><br />
<strong>III &#8211;</strong> 01 (um) representante externo (Empresa responsavel pela elaboração e organização do processo seletivo);<br />
<strong>Paulo Roberto Roma Buzar</strong><br />
<strong>IV &#8211;</strong> 01 (um) representante com formação superior em Língua Portuguesa inidicado pela SEMECTI de Magalhães de Almeida;<br />
<strong>Rene Marques Sousa</strong><br />
<strong>V –</strong> 01 ( um) representante com formação em Gestão Escolar inidicado pela SEMECTI de Magalhães de Almeida.<br />
<strong>Silvana Silva Costa Lima</strong><br />
Certos de sua atenção, coloco-me à disposição para esclarecimentos adicionais.<br />
Magalhães de Almeida, 04 de dezembro de 2023.<br />
Atenciosamente, MAELIO CESAR FREITAS DOS SANTOS, Presidente Da Comissão De Execução Do Processo Seletivo.</p>
