{"id":20225,"date":"2023-12-05T11:11:59","date_gmt":"2023-12-05T14:11:59","guid":{"rendered":"https:\/\/magalhaesdealmeida.ma.gov.br\/transparencia\/?post_type=publicacoesdom&#038;p=20225"},"modified":"2023-12-05T11:13:08","modified_gmt":"2023-12-05T14:13:08","slug":"portaria-n-o-051-2023-gab","status":"publish","type":"publicacoesdom","link":"https:\/\/magalhaesdealmeida.ma.gov.br\/transparencia\/publicacoesdom\/portaria-n-o-051-2023-gab\/","title":{"rendered":"PORTARIA N.\u00ba 051\/2023 \u2013 GAB"},"content":{"rendered":"<p><strong>\u201cDISP\u00d5E SOBRE A CONCESS\u00c3O DE LICEN\u00c7A PR\u00caMIO \u00c0 SERVIDORA OCUPANTE DE CARGO DE PROVIMENTO EFETIVO DA SECRETARIA MUNICIPAL DE ASSIST\u00caNCIA SOCIAL DE MAGALH\u00c3ES DE ALMEIDA-MA\u201d.<br \/>\n<\/strong>O Prefeito Municipal de Magalh\u00e3es de Almeida, Estado do Maranh\u00e3o <strong>RAIMUNDO NONATO CARVALHO<\/strong>, no uso de suas atribui\u00e7\u00f5es legais previstas na Lei Org\u00e2nica do Munic\u00edpio Art. 67, VI e VIII. <strong>RESOLVE:<br \/>\n<\/strong><strong>Art. 1\u00ba <\/strong>Conceder Licen\u00e7a Pr\u00eamio \u00e0 servidora <strong>MARILEUSA SILVA CERVEIRA<\/strong>, CPF: 452.4**.***-49, matr\u00edcula 81, ocupante de cargo de Assistente Social, do quadro de provimento efetivo da Secretaria Municipal de Assist\u00eancia Social, de acordo com o art.\u00ba 70 da lei n.\u00b0 236\/98, Regime Jur\u00eddico \u00danico.<br \/>\n<strong>Par\u00e1grafo \u2013 \u00danico: <\/strong>A Licen\u00e7a Pr\u00eamio refere-se ao per\u00edodo de aquisi\u00e7\u00e3o de 2007 a 2012, que ser\u00e1 gozada do dia 01 de Dezembro de 2023 ao dia 30 de Dezembro de 2023.<br \/>\n<strong>Art. 2\u00ba &#8211; <\/strong>Esta portaria entra em vigor na data de sua publica\u00e7\u00e3o, retroativo a 01 de Dezembro de 2023, revogada as disposi\u00e7\u00f5es em contr\u00e1rio.<br \/>\nLeia-se, Publique-se e cumpra-se em Magalh\u00e3es de Almeida\/MA, 05 de Dezembro de 2023. RAIMUNDO NONATO CARVALHO, Prefeito Municipal.<\/p>\n","protected":false},"author":4,"template":"","class_list":["post-20225","publicacoesdom","type-publicacoesdom","status-publish","hentry"],"acf":{"tipo_de_publicacao_diario":"41","e_retificacao":"1","origem_do_diario":"Poder Executivo","codigo_verificador":"5cd6f2282c626ad51900c98d6d0f6f874c0c6090"},"_links":{"self":[{"href":"https:\/\/magalhaesdealmeida.ma.gov.br\/transparencia\/wp-json\/wp\/v2\/publicacoesdom\/20225","targetHints":{"allow":["GET"]}}],"collection":[{"href":"https:\/\/magalhaesdealmeida.ma.gov.br\/transparencia\/wp-json\/wp\/v2\/publicacoesdom"}],"about":[{"href":"https:\/\/magalhaesdealmeida.ma.gov.br\/transparencia\/wp-json\/wp\/v2\/types\/publicacoesdom"}],"author":[{"embeddable":true,"href":"https:\/\/magalhaesdealmeida.ma.gov.br\/transparencia\/wp-json\/wp\/v2\/users\/4"}],"wp:attachment":[{"href":"https:\/\/magalhaesdealmeida.ma.gov.br\/transparencia\/wp-json\/wp\/v2\/media?parent=20225"}],"curies":[{"name":"wp","href":"https:\/\/api.w.org\/{rel}","templated":true}]}}

PORTARIA N.º 051/2023 – GAB

<p><strong>“DISPÕE SOBRE A CONCESSÃO DE LICENÇA PRÊMIO À SERVIDORA OCUPANTE DE CARGO DE PROVIMENTO EFETIVO DA SECRETARIA MUNICIPAL DE ASSISTÊNCIA SOCIAL DE MAGALHÃES DE ALMEIDA-MA”.<br />
</strong>O Prefeito Municipal de Magalhães de Almeida, Estado do Maranhão <strong>RAIMUNDO NONATO CARVALHO</strong>, no uso de suas atribuições legais previstas na Lei Orgânica do Município Art. 67, VI e VIII. <strong>RESOLVE:<br />
</strong><strong>Art. 1º </strong>Conceder Licença Prêmio à servidora <strong>MARILEUSA SILVA CERVEIRA</strong>, CPF: 452.4**.***-49, matrícula 81, ocupante de cargo de Assistente Social, do quadro de provimento efetivo da Secretaria Municipal de Assistência Social, de acordo com o art.º 70 da lei n.° 236/98, Regime Jurídico Único.<br />
<strong>Parágrafo – Único: </strong>A Licença Prêmio refere-se ao período de aquisição de 2007 a 2012, que será gozada do dia 01 de Dezembro de 2023 ao dia 30 de Dezembro de 2023.<br />
<strong>Art. 2º &#8211; </strong>Esta portaria entra em vigor na data de sua publicação, retroativo a 01 de Dezembro de 2023, revogada as disposições em contrário.<br />
Leia-se, Publique-se e cumpra-se em Magalhães de Almeida/MA, 05 de Dezembro de 2023. RAIMUNDO NONATO CARVALHO, Prefeito Municipal.</p>
