{"id":20272,"date":"2023-12-06T16:46:28","date_gmt":"2023-12-06T19:46:28","guid":{"rendered":"https:\/\/magalhaesdealmeida.ma.gov.br\/transparencia\/?post_type=publicacoesdom&#038;p=20272"},"modified":"2023-12-06T17:10:48","modified_gmt":"2023-12-06T20:10:48","slug":"extrato-adjudicacao-tomada-de-precos-n-o-008-2023-processo-administrativo-n-o-202309060-2023-cpl-pmma","status":"publish","type":"publicacoesdom","link":"https:\/\/magalhaesdealmeida.ma.gov.br\/transparencia\/publicacoesdom\/extrato-adjudicacao-tomada-de-precos-n-o-008-2023-processo-administrativo-n-o-202309060-2023-cpl-pmma\/","title":{"rendered":"EXTRATO ADJUDICA\u00c7\u00c3O &#8211; TOMADA DE PRE\u00c7OS N.\u00ba 008\/2023 &#8211; PROCESSO ADMINISTRATIVO N.\u00ba 202309060\/2023 &#8211; CPL &#8211; PMMA"},"content":{"rendered":"<p>O Presidente da CPL\/PMMA-MA do Munic\u00edpio de Magalh\u00e3es de Almeida\/MA, usando das suas atribui\u00e7\u00f5es legais e de conformidade com o que disp\u00f5e a Lei n.\u00ba 8.666, de 21 de junho de 1993 e suas altera\u00e7\u00f5es posteriores, resolve <strong>ADJUDICAR<\/strong> a decis\u00e3o desta Comiss\u00e3o referente ao Processo Administrativo N.\u00ba 202309060\/2023 &#8211; CPL &#8211; PMMA. OBJETO: <strong>CONTRATA\u00c7\u00c3O DE PESSOA JUR\u00cdDICA ESPECIALIZADA PARA PLANEJAMENTO, ORGANIZA\u00c7\u00c3O E EXECU\u00c7\u00c3O DE CONCURSO P\u00daBLICO PARA ATENDER AS NECESSIDADES DA PREFEITURA MUNICIPAL DE MAGALH\u00c3ES DE ALMEIDA\/MA, CONFORME LEI N.\u00ba 576 DE 07\/08\/2023.<\/strong> Itens adjudicados a empresa:<strong> L J ASSESSORIA E PLANEJAMENTO ADMINISTRATIVO LTDA, <\/strong>CNPJ: 07.605.373\/0001-35. ENDERE\u00c7O: Rua das Letras , N.\u00ba 17, Cohafuma, S\u00e3o Lu\u00eds\/MA, representante Victor Reis da Costa, RG: 50*****7 SSP\/PI, CPF: 017.8**.***-88. PREFEITURA MUNICIPAL DE MAGALH\u00c3ES DE ALMEIDA\/MA, 06 DE DEZEMBRO DE 2023. FRANCIEL PESSOA DA SILVA, Presidente da CPL\/PMMA.<\/p>\n","protected":false},"author":4,"template":"","class_list":["post-20272","publicacoesdom","type-publicacoesdom","status-publish","hentry"],"acf":{"tipo_de_publicacao_diario":"1","e_retificacao":"1","origem_do_diario":"Poder Executivo","codigo_verificador":"0a79475bb1ec6359bc4cc93c53027eeff9e0af41"},"_links":{"self":[{"href":"https:\/\/magalhaesdealmeida.ma.gov.br\/transparencia\/wp-json\/wp\/v2\/publicacoesdom\/20272","targetHints":{"allow":["GET"]}}],"collection":[{"href":"https:\/\/magalhaesdealmeida.ma.gov.br\/transparencia\/wp-json\/wp\/v2\/publicacoesdom"}],"about":[{"href":"https:\/\/magalhaesdealmeida.ma.gov.br\/transparencia\/wp-json\/wp\/v2\/types\/publicacoesdom"}],"author":[{"embeddable":true,"href":"https:\/\/magalhaesdealmeida.ma.gov.br\/transparencia\/wp-json\/wp\/v2\/users\/4"}],"wp:attachment":[{"href":"https:\/\/magalhaesdealmeida.ma.gov.br\/transparencia\/wp-json\/wp\/v2\/media?parent=20272"}],"curies":[{"name":"wp","href":"https:\/\/api.w.org\/{rel}","templated":true}]}}

EXTRATO ADJUDICAÇÃO &#8211; TOMADA DE PREÇOS N.º 008/2023 &#8211; PROCESSO ADMINISTRATIVO N.º 202309060/2023 &#8211; CPL &#8211; PMMA

<p>O Presidente da CPL/PMMA-MA do Município de Magalhães de Almeida/MA, usando das suas atribuições legais e de conformidade com o que dispõe a Lei n.º 8.666, de 21 de junho de 1993 e suas alterações posteriores, resolve <strong>ADJUDICAR</strong> a decisão desta Comissão referente ao Processo Administrativo N.º 202309060/2023 &#8211; CPL &#8211; PMMA. OBJETO: <strong>CONTRATAÇÃO DE PESSOA JURÍDICA ESPECIALIZADA PARA PLANEJAMENTO, ORGANIZAÇÃO E EXECUÇÃO DE CONCURSO PÚBLICO PARA ATENDER AS NECESSIDADES DA PREFEITURA MUNICIPAL DE MAGALHÃES DE ALMEIDA/MA, CONFORME LEI N.º 576 DE 07/08/2023.</strong> Itens adjudicados a empresa:<strong> L J ASSESSORIA E PLANEJAMENTO ADMINISTRATIVO LTDA, </strong>CNPJ: 07.605.373/0001-35. ENDEREÇO: Rua das Letras , N.º 17, Cohafuma, São Luís/MA, representante Victor Reis da Costa, RG: 50*****7 SSP/PI, CPF: 017.8**.***-88. PREFEITURA MUNICIPAL DE MAGALHÃES DE ALMEIDA/MA, 06 DE DEZEMBRO DE 2023. FRANCIEL PESSOA DA SILVA, Presidente da CPL/PMMA.</p>
