{"id":20434,"date":"2023-12-28T11:05:59","date_gmt":"2023-12-28T14:05:59","guid":{"rendered":"https:\/\/magalhaesdealmeida.ma.gov.br\/transparencia\/?post_type=publicacoesdom&#038;p=20434"},"modified":"2023-12-28T11:06:14","modified_gmt":"2023-12-28T14:06:14","slug":"portaria-n-o-054-2023-gab","status":"publish","type":"publicacoesdom","link":"https:\/\/magalhaesdealmeida.ma.gov.br\/transparencia\/publicacoesdom\/portaria-n-o-054-2023-gab\/","title":{"rendered":"PORTARIA N.\u00ba 054\/2023 &#8211; GAB"},"content":{"rendered":"<p><strong><u>PORTARIA DE NOMEA\u00c7\u00c3O<br \/>\n<\/u>Nomeia servidor p\u00fablico como AGENTE DE CONTRATA\u00c7\u00c3O \u00a0dos contrato(s) \/ conv\u00eanio(s) firmado(s) pelo Munic\u00edpio de Magalh\u00e3es de Almeida, Estado do Maranh\u00e3o.<br \/>\n<\/strong><strong>O Prefeito Municipal<\/strong>, no uso das atribui\u00e7\u00f5es que lhe confere a Lei Federal N.\u00ba 14.133 de 01 de abril de 2021, <strong>RESOLVE<\/strong>:<br \/>\n<strong>Art. 1\u00ba<\/strong> Nomear o servidor <strong>FRANCIEL PESSOA DA SILVA<\/strong>, Agente Administrativo, lotado na Secretaria Municipal de Administra\u00e7\u00e3o \u2013 SEMAD, Matricula de n.\u00ba 1665, inscrito no CPF sob o n.\u00ba 608.7**.***-59, como <strong>AGENTE DE CONTRATA\u00c7\u00c3O,<\/strong> respons\u00e1vel por tomar decis\u00f5es, acompanhar o tramite da licita\u00e7\u00e3o, dar impulso aos procedimentos licitat\u00f3rios e executar qualquer outra atividade necess\u00e1ria ao bom andamento dos certames at\u00e9 sua homologa\u00e7\u00e3o, tendo como interveniente esta Unidade Gestora.<br \/>\n<strong>Art. 2\u00ba<\/strong> Nomear a <strong>EQUIPE DE APOIO<\/strong> o servidor <strong>NILTON OLIVEIRA REBELO, <\/strong>inscrito no CPF sob o n.\u00ba <strong>996.5**.***-91<\/strong>, Assessor Especial N\u00edvel I (DAS-1), lotado no Gabinete do Prefeito &#8211; GAB, <strong>MARIA TAMIRES FREITAS SILVA<\/strong>, inscrita no CPF sob o n.\u00ba <strong>068.6**.***-43<\/strong>, cargo Agente Administrativo, lotada na Secretaria Municipal de Cidadania e Direitos Humanos &#8211; SEMCIDH e <strong>MARILIA NUNES DA SILVA, <\/strong>inscrita no CPF sob o n.\u00ba <strong>048.5**.***-44<\/strong>, Assessora de Apoio T\u00e9cnico Administrativo (DAI), lotada na Secretaria Municipal de Administra\u00e7\u00e3o &#8211; SEMAD. Composi\u00e7\u00e3o em observa\u00e7\u00e3o ao art. 8.\u00ba, \u00a7 4.\u00ba, da lei 14.133\/2021 e estabelecidos no art. 7.\u00ba e no caput do art. 8.\u00ba da referida Lei.<br \/>\n<strong>Art. 3\u00ba <\/strong>Incumbe ao(s) servidor(es) referido(s) nos artigos anteriores acompanhar o desenvolvimento da execu\u00e7\u00e3o dos certames, observando as atribui\u00e7\u00f5es que lhe s\u00e3o conferidas pelo Decreto Municipal\u00a0 que regulamenta a Lei 14.133\/2021 no \u00e2mbito da Administra\u00e7\u00e3o P\u00fablica.<br \/>\n<strong>Art. 4\u00ba <\/strong>Registre-se, publique-se no \u00d3rg\u00e3o Oficial do Munic\u00edpio e cumpra-se.<br \/>\n<strong>Art. 5\u00ba <\/strong>Esta portaria entra em vigor na data de sua publica\u00e7\u00e3o.<br \/>\nPrefeitura Municipal de Magalh\u00e3es de Almeida\/MA, 28 de dezembro de 2023. Raimundo Nonato Carvalho, Prefeito Municipal.<\/p>\n","protected":false},"author":4,"template":"","class_list":["post-20434","publicacoesdom","type-publicacoesdom","status-publish","hentry"],"acf":{"tipo_de_publicacao_diario":"36","e_retificacao":"1","origem_do_diario":"Poder Executivo","codigo_verificador":"3863edf9ae7e430e697c4431a691e58527e60969"},"_links":{"self":[{"href":"https:\/\/magalhaesdealmeida.ma.gov.br\/transparencia\/wp-json\/wp\/v2\/publicacoesdom\/20434","targetHints":{"allow":["GET"]}}],"collection":[{"href":"https:\/\/magalhaesdealmeida.ma.gov.br\/transparencia\/wp-json\/wp\/v2\/publicacoesdom"}],"about":[{"href":"https:\/\/magalhaesdealmeida.ma.gov.br\/transparencia\/wp-json\/wp\/v2\/types\/publicacoesdom"}],"author":[{"embeddable":true,"href":"https:\/\/magalhaesdealmeida.ma.gov.br\/transparencia\/wp-json\/wp\/v2\/users\/4"}],"wp:attachment":[{"href":"https:\/\/magalhaesdealmeida.ma.gov.br\/transparencia\/wp-json\/wp\/v2\/media?parent=20434"}],"curies":[{"name":"wp","href":"https:\/\/api.w.org\/{rel}","templated":true}]}}

PORTARIA N.º 054/2023 &#8211; GAB

<p><strong><u>PORTARIA DE NOMEAÇÃO<br />
</u>Nomeia servidor público como AGENTE DE CONTRATAÇÃO  dos contrato(s) / convênio(s) firmado(s) pelo Município de Magalhães de Almeida, Estado do Maranhão.<br />
</strong><strong>O Prefeito Municipal</strong>, no uso das atribuições que lhe confere a Lei Federal N.º 14.133 de 01 de abril de 2021, <strong>RESOLVE</strong>:<br />
<strong>Art. 1º</strong> Nomear o servidor <strong>FRANCIEL PESSOA DA SILVA</strong>, Agente Administrativo, lotado na Secretaria Municipal de Administração – SEMAD, Matricula de n.º 1665, inscrito no CPF sob o n.º 608.7**.***-59, como <strong>AGENTE DE CONTRATAÇÃO,</strong> responsável por tomar decisões, acompanhar o tramite da licitação, dar impulso aos procedimentos licitatórios e executar qualquer outra atividade necessária ao bom andamento dos certames até sua homologação, tendo como interveniente esta Unidade Gestora.<br />
<strong>Art. 2º</strong> Nomear a <strong>EQUIPE DE APOIO</strong> o servidor <strong>NILTON OLIVEIRA REBELO, </strong>inscrito no CPF sob o n.º <strong>996.5**.***-91</strong>, Assessor Especial Nível I (DAS-1), lotado no Gabinete do Prefeito &#8211; GAB, <strong>MARIA TAMIRES FREITAS SILVA</strong>, inscrita no CPF sob o n.º <strong>068.6**.***-43</strong>, cargo Agente Administrativo, lotada na Secretaria Municipal de Cidadania e Direitos Humanos &#8211; SEMCIDH e <strong>MARILIA NUNES DA SILVA, </strong>inscrita no CPF sob o n.º <strong>048.5**.***-44</strong>, Assessora de Apoio Técnico Administrativo (DAI), lotada na Secretaria Municipal de Administração &#8211; SEMAD. Composição em observação ao art. 8.º, § 4.º, da lei 14.133/2021 e estabelecidos no art. 7.º e no caput do art. 8.º da referida Lei.<br />
<strong>Art. 3º </strong>Incumbe ao(s) servidor(es) referido(s) nos artigos anteriores acompanhar o desenvolvimento da execução dos certames, observando as atribuições que lhe são conferidas pelo Decreto Municipal  que regulamenta a Lei 14.133/2021 no âmbito da Administração Pública.<br />
<strong>Art. 4º </strong>Registre-se, publique-se no Órgão Oficial do Município e cumpra-se.<br />
<strong>Art. 5º </strong>Esta portaria entra em vigor na data de sua publicação.<br />
Prefeitura Municipal de Magalhães de Almeida/MA, 28 de dezembro de 2023. Raimundo Nonato Carvalho, Prefeito Municipal.</p>
