{"id":20449,"date":"2023-12-28T16:04:15","date_gmt":"2023-12-28T19:04:15","guid":{"rendered":"https:\/\/magalhaesdealmeida.ma.gov.br\/transparencia\/?post_type=publicacoesdom&#038;p=20449"},"modified":"2023-12-28T16:04:15","modified_gmt":"2023-12-28T19:04:15","slug":"portaria-n-o-296-2023-semecti","status":"publish","type":"publicacoesdom","link":"https:\/\/magalhaesdealmeida.ma.gov.br\/transparencia\/publicacoesdom\/portaria-n-o-296-2023-semecti\/","title":{"rendered":"PORTARIA N.\u00ba 296\/2023 \u2013 SEMECTI"},"content":{"rendered":"<p><strong>O SECRET\u00c1RIO MUNICIPAL DE EDUCA\u00c7\u00c3O DE MAGALH\u00c3ES DE ALMEIDA, <\/strong>no uso de suas atribui\u00e7\u00f5es legais que lhe confere o Decreto n\u00b0 002\/2022 que regulamentou a Lei Municipal n\u00b0 534\/2021 de modo a possibilitar a delega\u00e7\u00e3o de compet\u00eancia aos secret\u00e1rios municipais e demais cargos equiparados para que procedam \u00e0 nomea\u00e7\u00e3o e exonera\u00e7\u00e3o dos cargos de provimento em comiss\u00e3o de seus respectivos quadros, dentro dos limites estabelecidos na Lei Municipal n\u00b0 534\/2021;<br \/>\n<strong>CONSIDERANDO<\/strong> o cumprimento da Meta 19 do Plano Nacional de Educa\u00e7\u00e3o;<br \/>\n<strong>CONSIDERANDO<\/strong> o cumprimento da Meta 13 e da estrat\u00e9gia 13.1 da lei do Plano Municipal de Educa\u00e7\u00e3o n\u00ba 20, de 16 de junho 2015, que dispoe sobre a escolha democr\u00e1tica para a fun\u00e7\u00e3o de Gest\u00e3o Escolar das unidades de ensino da Rede P\u00fablica Municipal de Magalh\u00e3es de Almeida;<br \/>\n<strong>CONSIDERANDO<\/strong> o cumprindo da Lei Municipal n\u00b0 581\/2003, que estabelece os crit\u00e9rios para escolha democr\u00e1tica de Gestores Escolares no munic\u00edpio de <strong>Magalh\u00e3es de Almeida <\/strong>\u2013 MA;<br \/>\n<strong>CONSIDERANDO <\/strong>o resultado do Edital n\u00b002-2023 &#8211; SEMED, de 28 de setembro de 2023 \u2013 SEMED\/Magalh\u00e3es de Almeida\/MA, que dispoe sobre o processo de escolha democr\u00e1tica para a fun\u00e7\u00e3o de Gest\u00e3o Escolar (fun\u00e7\u00e3o de Gestor Geral) das unidades de ensino da Rede P\u00fablica Municipal de Magalh\u00e3es de Almeida, <strong>RESOLVE:<br \/>\n<\/strong><strong>Art. 1\u00ba<\/strong>&#8211; Nomear o (a) Senhor (a) Kilda Candeira da Silveira, <strong>CPF n.\u00ba 468.0**.***-72,<\/strong> para exercer a fun\u00e7\u00e3o de <strong>Gestor Geral <\/strong>da <strong>Escola Municipal Maria de Jesus Tobias Costa;<br \/>\n<\/strong><strong>Art. 2\u00ba<\/strong> &#8211; Esta Portaria entrar\u00e1 em vigor na data de sua publica\u00e7\u00e3o, revogando-se todas as disposi\u00e7\u00f5es em contr\u00e1rio.<br \/>\nSECRET\u00c1RIO MUNICIPAL DE EDUCA\u00c7\u00c3O DE MAGALH\u00c3ES DE ALMEIDA, ESTADO DO MARANH\u00c3O, EM 28 DE DEZEMBRO DE 2023. MAELIO C\u00c9SAR FREITAS DOS SANTOS, Secret\u00e1rio Municipal de Educa\u00e7\u00e3o, Ci\u00eancias, Tecnologia E Inova\u00e7\u00e3o.<\/p>\n","protected":false},"author":4,"template":"","class_list":["post-20449","publicacoesdom","type-publicacoesdom","status-publish","hentry"],"acf":{"tipo_de_publicacao_diario":"41","e_retificacao":"1","origem_do_diario":"Poder Executivo","codigo_verificador":"698f790b9045d6cbf18f5d54ba9cf8855557c084"},"_links":{"self":[{"href":"https:\/\/magalhaesdealmeida.ma.gov.br\/transparencia\/wp-json\/wp\/v2\/publicacoesdom\/20449","targetHints":{"allow":["GET"]}}],"collection":[{"href":"https:\/\/magalhaesdealmeida.ma.gov.br\/transparencia\/wp-json\/wp\/v2\/publicacoesdom"}],"about":[{"href":"https:\/\/magalhaesdealmeida.ma.gov.br\/transparencia\/wp-json\/wp\/v2\/types\/publicacoesdom"}],"author":[{"embeddable":true,"href":"https:\/\/magalhaesdealmeida.ma.gov.br\/transparencia\/wp-json\/wp\/v2\/users\/4"}],"wp:attachment":[{"href":"https:\/\/magalhaesdealmeida.ma.gov.br\/transparencia\/wp-json\/wp\/v2\/media?parent=20449"}],"curies":[{"name":"wp","href":"https:\/\/api.w.org\/{rel}","templated":true}]}}

PORTARIA N.º 296/2023 – SEMECTI

<p><strong>O SECRETÁRIO MUNICIPAL DE EDUCAÇÃO DE MAGALHÃES DE ALMEIDA, </strong>no uso de suas atribuições legais que lhe confere o Decreto n° 002/2022 que regulamentou a Lei Municipal n° 534/2021 de modo a possibilitar a delegação de competência aos secretários municipais e demais cargos equiparados para que procedam à nomeação e exoneração dos cargos de provimento em comissão de seus respectivos quadros, dentro dos limites estabelecidos na Lei Municipal n° 534/2021;<br />
<strong>CONSIDERANDO</strong> o cumprimento da Meta 19 do Plano Nacional de Educação;<br />
<strong>CONSIDERANDO</strong> o cumprimento da Meta 13 e da estratégia 13.1 da lei do Plano Municipal de Educação nº 20, de 16 de junho 2015, que dispoe sobre a escolha democrática para a função de Gestão Escolar das unidades de ensino da Rede Pública Municipal de Magalhães de Almeida;<br />
<strong>CONSIDERANDO</strong> o cumprindo da Lei Municipal n° 581/2003, que estabelece os critérios para escolha democrática de Gestores Escolares no município de <strong>Magalhães de Almeida </strong>– MA;<br />
<strong>CONSIDERANDO </strong>o resultado do Edital n°02-2023 &#8211; SEMED, de 28 de setembro de 2023 – SEMED/Magalhães de Almeida/MA, que dispoe sobre o processo de escolha democrática para a função de Gestão Escolar (função de Gestor Geral) das unidades de ensino da Rede Pública Municipal de Magalhães de Almeida, <strong>RESOLVE:<br />
</strong><strong>Art. 1º</strong>&#8211; Nomear o (a) Senhor (a) Kilda Candeira da Silveira, <strong>CPF n.º 468.0**.***-72,</strong> para exercer a função de <strong>Gestor Geral </strong>da <strong>Escola Municipal Maria de Jesus Tobias Costa;<br />
</strong><strong>Art. 2º</strong> &#8211; Esta Portaria entrará em vigor na data de sua publicação, revogando-se todas as disposições em contrário.<br />
SECRETÁRIO MUNICIPAL DE EDUCAÇÃO DE MAGALHÃES DE ALMEIDA, ESTADO DO MARANHÃO, EM 28 DE DEZEMBRO DE 2023. MAELIO CÉSAR FREITAS DOS SANTOS, Secretário Municipal de Educação, Ciências, Tecnologia E Inovação.</p>
