{"id":20490,"date":"2024-01-05T09:13:16","date_gmt":"2024-01-05T12:13:16","guid":{"rendered":"https:\/\/magalhaesdealmeida.ma.gov.br\/transparencia\/?post_type=publicacoesdom&#038;p=20490"},"modified":"2024-01-05T09:13:16","modified_gmt":"2024-01-05T12:13:16","slug":"extrato-termo-de-adjudicacao-chamada-publica-n-o-005-2023","status":"publish","type":"publicacoesdom","link":"https:\/\/magalhaesdealmeida.ma.gov.br\/transparencia\/publicacoesdom\/extrato-termo-de-adjudicacao-chamada-publica-n-o-005-2023\/","title":{"rendered":"EXTRATO TERMO DE ADJUDICA\u00c7\u00c3O &#8211;\u00a0CHAMADA P\u00daBLICA N.\u00ba 005\/2023"},"content":{"rendered":"<p>A Comiss\u00e3o Permanente de Licita\u00e7\u00e3o da Prefeitura Municipal de Magalh\u00e3es de Almeida, Estado do Maranh\u00e3o, atrav\u00e9s do presidente infra-assinado, no uso de suas atribui\u00e7\u00f5es legais, considerando o inteiro teor dos autos do PROCESSO ADMINISTRATIVO 202305012\/2023 &#8211; CPL\/PMMA\/MA , EDITAL CHAMADA P\u00daBLICA N.\u00ba 005\/2023,\u00a0\u00a0objetivando a <strong>AQUISI\u00c7\u00c3O DE G\u00caNEROS ALIMENT\u00cdCIOS DA AGRICULTURA FAMILIAR E EMPREENDEDOR FAMILIAR RURAL, PARA A MERENDA ESCOLAR,\u00a0<\/strong>\u00a0para manuten\u00e7\u00e3o das atividades administrativas de interesse da Secretaria Municipal de Educa\u00e7\u00e3o de Magalh\u00e3es de Almeida\/MA<b>, ADJUDICA<\/b> a entidade: <b>COOPERATIVA DOS PRODUTORES RURAIS DO TABULEIROS S\u00c3O BERNARDO,<\/b> CNPJ n.\u00ba 29.644.575\/0001-29, DT Custodio Lima, S\/N\u00ba, CEP: 65.560-000, Zona Rural\/Magalh\u00e3es de Almeida\/MA, com valor global de R$ 423.389,90 (quatrocentos e vinte e tr\u00eas mil, trezentos e oitenta e nove reais e noventa centavos).<b>\u00a0<\/b>Por fim, cumpre destacar que fica resguardado ao Poder Executivo Municipal de Magalh\u00e3es de Almeida\/MA, o direito de revogar esta CHAMADA P\u00daBLICA, por raz\u00f5es de interesse p\u00fablico, suficiente para justificar tal conduta, devendo anul\u00e1-la por ilegalidade, de of\u00edcio ou por provoca\u00e7\u00e3o de terceiros, mediante parecer escrito e devidamente fundamentado, conforme preceitua o artigo 49, da Lei Federal n\u00b0. 8.666\/93 ulteriores altera\u00e7\u00f5es. Magalh\u00e3es de Almeida\/MA, 21 de dezembro de 2023. Franciel Pessoa da Silva, Presidente da CPL\/PMMA.<\/p>\n","protected":false},"author":4,"template":"","class_list":["post-20490","publicacoesdom","type-publicacoesdom","status-publish","hentry"],"acf":{"tipo_de_publicacao_diario":"1","e_retificacao":"1","origem_do_diario":"Poder Executivo","codigo_verificador":"906ff90eb2af0b4713f0a115a2e29ff1c9f1797f"},"_links":{"self":[{"href":"https:\/\/magalhaesdealmeida.ma.gov.br\/transparencia\/wp-json\/wp\/v2\/publicacoesdom\/20490","targetHints":{"allow":["GET"]}}],"collection":[{"href":"https:\/\/magalhaesdealmeida.ma.gov.br\/transparencia\/wp-json\/wp\/v2\/publicacoesdom"}],"about":[{"href":"https:\/\/magalhaesdealmeida.ma.gov.br\/transparencia\/wp-json\/wp\/v2\/types\/publicacoesdom"}],"author":[{"embeddable":true,"href":"https:\/\/magalhaesdealmeida.ma.gov.br\/transparencia\/wp-json\/wp\/v2\/users\/4"}],"wp:attachment":[{"href":"https:\/\/magalhaesdealmeida.ma.gov.br\/transparencia\/wp-json\/wp\/v2\/media?parent=20490"}],"curies":[{"name":"wp","href":"https:\/\/api.w.org\/{rel}","templated":true}]}}

EXTRATO TERMO DE ADJUDICAÇÃO &#8211; CHAMADA PÚBLICA N.º 005/2023

<p>A Comissão Permanente de Licitação da Prefeitura Municipal de Magalhães de Almeida, Estado do Maranhão, através do presidente infra-assinado, no uso de suas atribuições legais, considerando o inteiro teor dos autos do PROCESSO ADMINISTRATIVO 202305012/2023 &#8211; CPL/PMMA/MA , EDITAL CHAMADA PÚBLICA N.º 005/2023,  objetivando a <strong>AQUISIÇÃO DE GÊNEROS ALIMENTÍCIOS DA AGRICULTURA FAMILIAR E EMPREENDEDOR FAMILIAR RURAL, PARA A MERENDA ESCOLAR, </strong> para manutenção das atividades administrativas de interesse da Secretaria Municipal de Educação de Magalhães de Almeida/MA<b>, ADJUDICA</b> a entidade: <b>COOPERATIVA DOS PRODUTORES RURAIS DO TABULEIROS SÃO BERNARDO,</b> CNPJ n.º 29.644.575/0001-29, DT Custodio Lima, S/Nº, CEP: 65.560-000, Zona Rural/Magalhães de Almeida/MA, com valor global de R$ 423.389,90 (quatrocentos e vinte e três mil, trezentos e oitenta e nove reais e noventa centavos).<b> </b>Por fim, cumpre destacar que fica resguardado ao Poder Executivo Municipal de Magalhães de Almeida/MA, o direito de revogar esta CHAMADA PÚBLICA, por razões de interesse público, suficiente para justificar tal conduta, devendo anulá-la por ilegalidade, de ofício ou por provocação de terceiros, mediante parecer escrito e devidamente fundamentado, conforme preceitua o artigo 49, da Lei Federal n°. 8.666/93 ulteriores alterações. Magalhães de Almeida/MA, 21 de dezembro de 2023. Franciel Pessoa da Silva, Presidente da CPL/PMMA.</p>
