{"id":20587,"date":"2024-01-19T12:11:48","date_gmt":"2024-01-19T15:11:48","guid":{"rendered":"https:\/\/magalhaesdealmeida.ma.gov.br\/transparencia\/?post_type=publicacoesdom&#038;p=20587"},"modified":"2024-01-19T12:12:07","modified_gmt":"2024-01-19T15:12:07","slug":"portaria-n-o-006-2024-semecti-2","status":"publish","type":"publicacoesdom","link":"https:\/\/magalhaesdealmeida.ma.gov.br\/transparencia\/publicacoesdom\/portaria-n-o-006-2024-semecti-2\/","title":{"rendered":"PORTARIA N.\u00ba 008\/2024 &#8211; SEMECTI"},"content":{"rendered":"<p><strong><u>PORTARIA DE LOTA\u00c7\u00c3O<br \/>\n<\/u><\/strong><strong>INSTITUI A LOTA\u00c7\u00c3O DO SUPERVISOR PEDAG\u00d3GICO<\/strong><br \/>\nO Prefeito Municipal de Magalh\u00e3es de Almeida, Estado do Maranh\u00e3o, no uso de suas atribui\u00e7\u00f5es e de conformidade com a Lei Org\u00e2nica Municipal Artigo 67, inciso VIII.<br \/>\nConsiderando o disposto no inciso II do art. 9\u00ba da Lei n\u00ba 236 de 02 de janeiro de 1998,<br \/>\n<strong>CONSIDERANDO<\/strong> que o Decreto n\u00b0 002\/2022 regulamentou a Lei Municipal n\u00b0 534\/2021 de modo a possibilitar a delega\u00e7\u00e3o de compet\u00eancia aos secret\u00e1rios municipais e demais cargos equiparados para que procedam \u00e0 nomea\u00e7\u00e3o e exonera\u00e7\u00e3o dos cargos de provimento em comiss\u00e3o de seus respectivos quadros, dentro dos limites estabelecidos na Lei Municipal n\u00b0 534\/2021, <strong>RESOLVE,<br \/>\n<\/strong><strong>Art. 1\u00ba &#8211; LOTAR<\/strong> o Sr.<strong> Ant\u00f4nio de Sousa Portela, <\/strong>brasileiro, casado, maior, capaz, portador do <strong>CPF 406.0**.***-72, RG 042289*****1-4, SSP MA, cargo de Supervisor Pedag\u00f3gico da E. M. Nossa Senhora da Concei\u00e7\u00e3o, <\/strong>passando o mesmo tamb\u00e9m a responder pela gest\u00e3o da referida escola de forma <strong>INTERINA<\/strong> em conformidade com o Artigo 5\u00ba da Lei Municipal n\u00ba 501\/2023.<br \/>\n<strong>Art. 2\u00ba &#8211;<\/strong> Esta portaria entra em vigor na data de sua publica\u00e7\u00e3o, tendo seus efeitos retroativos ao dia 02 de janeiro de 2024. Revogadas as disposi\u00e7\u00f5es em contr\u00e1rio.<br \/>\nLeia-se, Publique-se e cumpra-se em Magalh\u00e3es de Almeida\/MA, 19 de janeiro de 2024. MA\u00c9LIO CESAR FREITAS DOS SANTOS, Secret\u00e1rio de Educa\u00e7\u00e3o, Ci\u00eancias, Tecnologia E Inova\u00e7\u00e3o.<\/p>\n","protected":false},"author":4,"template":"","class_list":["post-20587","publicacoesdom","type-publicacoesdom","status-publish","hentry"],"acf":{"tipo_de_publicacao_diario":"41","e_retificacao":"1","origem_do_diario":"Poder Executivo","codigo_verificador":"902cd4b96265089299193ba2b405e01ae50c2732"},"_links":{"self":[{"href":"https:\/\/magalhaesdealmeida.ma.gov.br\/transparencia\/wp-json\/wp\/v2\/publicacoesdom\/20587","targetHints":{"allow":["GET"]}}],"collection":[{"href":"https:\/\/magalhaesdealmeida.ma.gov.br\/transparencia\/wp-json\/wp\/v2\/publicacoesdom"}],"about":[{"href":"https:\/\/magalhaesdealmeida.ma.gov.br\/transparencia\/wp-json\/wp\/v2\/types\/publicacoesdom"}],"author":[{"embeddable":true,"href":"https:\/\/magalhaesdealmeida.ma.gov.br\/transparencia\/wp-json\/wp\/v2\/users\/4"}],"wp:attachment":[{"href":"https:\/\/magalhaesdealmeida.ma.gov.br\/transparencia\/wp-json\/wp\/v2\/media?parent=20587"}],"curies":[{"name":"wp","href":"https:\/\/api.w.org\/{rel}","templated":true}]}}

PORTARIA N.º 008/2024 &#8211; SEMECTI

<p><strong><u>PORTARIA DE LOTAÇÃO<br />
</u></strong><strong>INSTITUI A LOTAÇÃO DO SUPERVISOR PEDAGÓGICO</strong><br />
O Prefeito Municipal de Magalhães de Almeida, Estado do Maranhão, no uso de suas atribuições e de conformidade com a Lei Orgânica Municipal Artigo 67, inciso VIII.<br />
Considerando o disposto no inciso II do art. 9º da Lei nº 236 de 02 de janeiro de 1998,<br />
<strong>CONSIDERANDO</strong> que o Decreto n° 002/2022 regulamentou a Lei Municipal n° 534/2021 de modo a possibilitar a delegação de competência aos secretários municipais e demais cargos equiparados para que procedam à nomeação e exoneração dos cargos de provimento em comissão de seus respectivos quadros, dentro dos limites estabelecidos na Lei Municipal n° 534/2021, <strong>RESOLVE,<br />
</strong><strong>Art. 1º &#8211; LOTAR</strong> o Sr.<strong> Antônio de Sousa Portela, </strong>brasileiro, casado, maior, capaz, portador do <strong>CPF 406.0**.***-72, RG 042289*****1-4, SSP MA, cargo de Supervisor Pedagógico da E. M. Nossa Senhora da Conceição, </strong>passando o mesmo também a responder pela gestão da referida escola de forma <strong>INTERINA</strong> em conformidade com o Artigo 5º da Lei Municipal nº 501/2023.<br />
<strong>Art. 2º &#8211;</strong> Esta portaria entra em vigor na data de sua publicação, tendo seus efeitos retroativos ao dia 02 de janeiro de 2024. Revogadas as disposições em contrário.<br />
Leia-se, Publique-se e cumpra-se em Magalhães de Almeida/MA, 19 de janeiro de 2024. MAÉLIO CESAR FREITAS DOS SANTOS, Secretário de Educação, Ciências, Tecnologia E Inovação.</p>
