{"id":20743,"date":"2024-02-19T15:06:54","date_gmt":"2024-02-19T18:06:54","guid":{"rendered":"https:\/\/magalhaesdealmeida.ma.gov.br\/transparencia\/?post_type=publicacoesdom&#038;p=20743"},"modified":"2024-02-19T17:10:02","modified_gmt":"2024-02-19T20:10:02","slug":"extrato-contrato-n-o-20240115001-2024-processo-administrativo-n-o-202311071-2023-cpl","status":"publish","type":"publicacoesdom","link":"https:\/\/magalhaesdealmeida.ma.gov.br\/transparencia\/publicacoesdom\/extrato-contrato-n-o-20240115001-2024-processo-administrativo-n-o-202311071-2023-cpl\/","title":{"rendered":"EXTRATO CONTRATO N.\u00ba 20240115001\/2024 &#8211; PROCESSO ADMINISTRATIVO N.\u00ba 202311071\/2023 &#8211; CPL"},"content":{"rendered":"<p><strong>CONTRATANTE:<\/strong> MUNIC\u00cdPIO DE MAGALH\u00c3ES DE ALMEIDA\/MA, GESTOR FINANCEIRO SEMECTI &#8211; FRANCISCO DE ASSIS ARAG\u00c3O, CPF: 376.1**.***-00. <strong>CONTRATADA:<\/strong> AJM COM\u00c9RCIO E SERVI\u00c7OS LTDA, CNPJ N.\u00ba 40.618.893\/0001-58, AV. NA\u00c7\u00d5ES UNIDAS, S\/N\u00ba, BAIRRO CENTRO, CEP: 65.550-000, S\u00c3O BERNARDO\/MA, REPRESENTANTE ALBERTO COSTA FERREIRA NETO, CPF N.\u00ba 035.3**.***-52. <strong>OBJETO:<\/strong> REGISTRO DE PRE\u00c7O PARA EVENTUAL E FUTURA CONTRATA\u00c7\u00c3O DE EMPRESA PARA FORNECIMENTO DE MERENDA ESCOLAR PARA ATENDIMENTO DA SECRETARIA DE EDUCA\u00c7\u00c3O DO MUNIC\u00cdPIO DE MAGALH\u00c3ES DE ALMEIDA\/MA. <strong>FUNDAMENTO LEGAL:<\/strong> PREG\u00c3O ELETR\u00d4NICO N.\u00ba 047\/2023 E REGE-SE PELAS DISPOSI\u00c7\u00d5ES EXPRESSAS NA LEI N.\u00ba 10.520\/02, DECRETO N\u00ba 10.024\/19 E SUBSIDIARIAMENTE, NO QUE COUBER, AS DISPOSI\u00c7\u00d5ES DA LEI N\u00ba 8.666\/93 E SUAS ALTERA\u00c7\u00d5ES POSTERIORES E PELOS PRECEITOS DE DIREITO P\u00daBLICO. <strong>VALOR:<\/strong> R$ 818.997,55 (OITOCENTOS E DEZOITO MIL NOVECENTOS E NOVENTA E SETE REAIS E CINQUENTA E CINCO CENTAVOS). <strong>DOTA\u00c7\u00c3O OR\u00c7AMENT\u00c1RIA:<\/strong>\u00a012.361.0390.2016.0000 &#8211; MANUTEN\u00c7\u00c3O E FUNCIONAMENTO DA MERENDA ESCOLAR &#8211; 33.90.30.00 \u2013 MATERIAL DE CONSUMO. <strong>VIG\u00caNCIA:<\/strong> NA DATA DE SUA ASSINATURA E TER\u00c1 VIG\u00caNCIA DE 12 MESES. MAGALH\u00c3ES DE ALMEIDA\/MA, <strong>ASSINATURA:<\/strong> 15\/01\/2024. FRANCISCO DE ASSIS ARAG\u00c3O, SECRET\u00c1RIO MUNICIPAL DE FINAN\u00c7AS\/GESTOR FINANCEIRO.<\/p>\n","protected":false},"author":4,"template":"","class_list":["post-20743","publicacoesdom","type-publicacoesdom","status-publish","hentry"],"acf":{"tipo_de_publicacao_diario":"28","e_retificacao":"1","origem_do_diario":"Poder Executivo","codigo_verificador":"587176448d38ca34e2bfc771adcebfc50c9bd6a2"},"_links":{"self":[{"href":"https:\/\/magalhaesdealmeida.ma.gov.br\/transparencia\/wp-json\/wp\/v2\/publicacoesdom\/20743","targetHints":{"allow":["GET"]}}],"collection":[{"href":"https:\/\/magalhaesdealmeida.ma.gov.br\/transparencia\/wp-json\/wp\/v2\/publicacoesdom"}],"about":[{"href":"https:\/\/magalhaesdealmeida.ma.gov.br\/transparencia\/wp-json\/wp\/v2\/types\/publicacoesdom"}],"author":[{"embeddable":true,"href":"https:\/\/magalhaesdealmeida.ma.gov.br\/transparencia\/wp-json\/wp\/v2\/users\/4"}],"wp:attachment":[{"href":"https:\/\/magalhaesdealmeida.ma.gov.br\/transparencia\/wp-json\/wp\/v2\/media?parent=20743"}],"curies":[{"name":"wp","href":"https:\/\/api.w.org\/{rel}","templated":true}]}}

EXTRATO CONTRATO N.º 20240115001/2024 &#8211; PROCESSO ADMINISTRATIVO N.º 202311071/2023 &#8211; CPL

<p><strong>CONTRATANTE:</strong> MUNICÍPIO DE MAGALHÃES DE ALMEIDA/MA, GESTOR FINANCEIRO SEMECTI &#8211; FRANCISCO DE ASSIS ARAGÃO, CPF: 376.1**.***-00. <strong>CONTRATADA:</strong> AJM COMÉRCIO E SERVIÇOS LTDA, CNPJ N.º 40.618.893/0001-58, AV. NAÇÕES UNIDAS, S/Nº, BAIRRO CENTRO, CEP: 65.550-000, SÃO BERNARDO/MA, REPRESENTANTE ALBERTO COSTA FERREIRA NETO, CPF N.º 035.3**.***-52. <strong>OBJETO:</strong> REGISTRO DE PREÇO PARA EVENTUAL E FUTURA CONTRATAÇÃO DE EMPRESA PARA FORNECIMENTO DE MERENDA ESCOLAR PARA ATENDIMENTO DA SECRETARIA DE EDUCAÇÃO DO MUNICÍPIO DE MAGALHÃES DE ALMEIDA/MA. <strong>FUNDAMENTO LEGAL:</strong> PREGÃO ELETRÔNICO N.º 047/2023 E REGE-SE PELAS DISPOSIÇÕES EXPRESSAS NA LEI N.º 10.520/02, DECRETO Nº 10.024/19 E SUBSIDIARIAMENTE, NO QUE COUBER, AS DISPOSIÇÕES DA LEI Nº 8.666/93 E SUAS ALTERAÇÕES POSTERIORES E PELOS PRECEITOS DE DIREITO PÚBLICO. <strong>VALOR:</strong> R$ 818.997,55 (OITOCENTOS E DEZOITO MIL NOVECENTOS E NOVENTA E SETE REAIS E CINQUENTA E CINCO CENTAVOS). <strong>DOTAÇÃO ORÇAMENTÁRIA:</strong> 12.361.0390.2016.0000 &#8211; MANUTENÇÃO E FUNCIONAMENTO DA MERENDA ESCOLAR &#8211; 33.90.30.00 – MATERIAL DE CONSUMO. <strong>VIGÊNCIA:</strong> NA DATA DE SUA ASSINATURA E TERÁ VIGÊNCIA DE 12 MESES. MAGALHÃES DE ALMEIDA/MA, <strong>ASSINATURA:</strong> 15/01/2024. FRANCISCO DE ASSIS ARAGÃO, SECRETÁRIO MUNICIPAL DE FINANÇAS/GESTOR FINANCEIRO.</p>
