{"id":21340,"date":"2024-04-12T10:30:26","date_gmt":"2024-04-12T13:30:26","guid":{"rendered":"https:\/\/magalhaesdealmeida.ma.gov.br\/transparencia\/?post_type=publicacoesdom&#038;p=21340"},"modified":"2024-04-12T17:01:25","modified_gmt":"2024-04-12T20:01:25","slug":"portaria-no-052-2024-semecti","status":"publish","type":"publicacoesdom","link":"https:\/\/magalhaesdealmeida.ma.gov.br\/transparencia\/publicacoesdom\/portaria-no-052-2024-semecti\/","title":{"rendered":"PORTARIA N.\u00ba 052\/2024 &#8211; SEMECTI"},"content":{"rendered":"<p><strong><u>PORTARIA DE LOTA\u00c7\u00c3O<br \/>\n<\/u>INSTITUI A LOTA\u00c7\u00c3O DO COORDENADOR PEDAG\u00d3GICO<\/strong><br \/>\nO Sr. Ma\u00e9lio C\u00e9sar Freitas dos Santos, Secret\u00e1rio Municipal de Educa\u00e7\u00e3o do Munic\u00edpio de Magalh\u00e3es de Almeida, Estado do Maranh\u00e3o<strong>,<\/strong> no uso de suas atribui\u00e7\u00f5es legais previstas na lei Org\u00e2nica deste munic\u00edpio, <strong>RESOLVE:<\/strong><br \/>\n<strong>Art. 1\u00ba<\/strong> &#8211; LOTAR o Sr.<strong> Bernardo Jarbas Spindola de Lima<\/strong>, brasileiro, solteiro, maior, capaz, portador do <strong>CPF n\u00ba 012.***.**3-38 e RG 022833*****2-2 SSP\/MA, Cargo de COORDENADOR PEDAG\u00d3GICO da E. M. Jos\u00e9 Batista Vieira, <\/strong>passando o mesmo tamb\u00e9m a responder pela gest\u00e3o da referida escola de forma <strong>INTERINA<\/strong> em conformidade com o Artigo 5\u00ba da Lei Municipal n.\u00ba 501\/2023.<br \/>\n<strong>Art. 2\u00ba<\/strong> &#8211; Esta portaria entra em vigor na data de sua publica\u00e7\u00e3o, tendo seus efeitos retroativos ao dia 01 de abril de 2024. Revogadas as disposi\u00e7\u00f5es em contr\u00e1rio.<br \/>\nLeia-se, Publique-se e cumpra-se em Magalh\u00e3es de Almeida\/MA, 12 de abril de 2024. MA\u00c9LIO CESAR FREITAS DOS SANTOS, Secret\u00e1rio de Educa\u00e7\u00e3o, Ci\u00eancias, Tecnologia E Inova\u00e7\u00e3o.<\/p>\n","protected":false},"author":4,"template":"","class_list":["post-21340","publicacoesdom","type-publicacoesdom","status-publish","hentry"],"acf":{"tipo_de_publicacao_diario":"41","e_retificacao":"1","origem_do_diario":"Poder Executivo","codigo_verificador":"4b25092ea0c1cca9b03660037c31c1d863af52b1"},"_links":{"self":[{"href":"https:\/\/magalhaesdealmeida.ma.gov.br\/transparencia\/wp-json\/wp\/v2\/publicacoesdom\/21340","targetHints":{"allow":["GET"]}}],"collection":[{"href":"https:\/\/magalhaesdealmeida.ma.gov.br\/transparencia\/wp-json\/wp\/v2\/publicacoesdom"}],"about":[{"href":"https:\/\/magalhaesdealmeida.ma.gov.br\/transparencia\/wp-json\/wp\/v2\/types\/publicacoesdom"}],"author":[{"embeddable":true,"href":"https:\/\/magalhaesdealmeida.ma.gov.br\/transparencia\/wp-json\/wp\/v2\/users\/4"}],"wp:attachment":[{"href":"https:\/\/magalhaesdealmeida.ma.gov.br\/transparencia\/wp-json\/wp\/v2\/media?parent=21340"}],"curies":[{"name":"wp","href":"https:\/\/api.w.org\/{rel}","templated":true}]}}

PORTARIA N.º 052/2024 &#8211; SEMECTI

<p><strong><u>PORTARIA DE LOTAÇÃO<br />
</u>INSTITUI A LOTAÇÃO DO COORDENADOR PEDAGÓGICO</strong><br />
O Sr. Maélio César Freitas dos Santos, Secretário Municipal de Educação do Município de Magalhães de Almeida, Estado do Maranhão<strong>,</strong> no uso de suas atribuições legais previstas na lei Orgânica deste município, <strong>RESOLVE:</strong><br />
<strong>Art. 1º</strong> &#8211; LOTAR o Sr.<strong> Bernardo Jarbas Spindola de Lima</strong>, brasileiro, solteiro, maior, capaz, portador do <strong>CPF nº 012.***.**3-38 e RG 022833*****2-2 SSP/MA, Cargo de COORDENADOR PEDAGÓGICO da E. M. José Batista Vieira, </strong>passando o mesmo também a responder pela gestão da referida escola de forma <strong>INTERINA</strong> em conformidade com o Artigo 5º da Lei Municipal n.º 501/2023.<br />
<strong>Art. 2º</strong> &#8211; Esta portaria entra em vigor na data de sua publicação, tendo seus efeitos retroativos ao dia 01 de abril de 2024. Revogadas as disposições em contrário.<br />
Leia-se, Publique-se e cumpra-se em Magalhães de Almeida/MA, 12 de abril de 2024. MAÉLIO CESAR FREITAS DOS SANTOS, Secretário de Educação, Ciências, Tecnologia E Inovação.</p>
