{"id":21691,"date":"2024-05-03T10:14:14","date_gmt":"2024-05-03T13:14:14","guid":{"rendered":"https:\/\/magalhaesdealmeida.ma.gov.br\/transparencia\/?post_type=publicacoesdom&#038;p=21691"},"modified":"2024-05-03T10:14:14","modified_gmt":"2024-05-03T13:14:14","slug":"termo-de-deferimento-de-licenca-cintia-de-jesus-aires","status":"publish","type":"publicacoesdom","link":"https:\/\/magalhaesdealmeida.ma.gov.br\/transparencia\/publicacoesdom\/termo-de-deferimento-de-licenca-cintia-de-jesus-aires\/","title":{"rendered":"TERMO DE DEFERIMENTO DE LICEN\u00c7A &#8211; C\u00cdNTIA DE JESUS AIRES"},"content":{"rendered":"<p>Eu, <strong>RAIMUNDO NONATO CARVALHO<\/strong>, Prefeito de Magalh\u00e3es de Almeida\/MA, com atribui\u00e7\u00e3o legal contida no <strong><u>artigo 67, VIII Lei Org\u00e2nica Municipal<\/u><\/strong>, decido a seguir.<br \/>\nCom base no ART. 66, DA LEI MUNICIPAL N.\u00b0 236\/98, <strong>DEFIRO O PEDIDO <\/strong>DE LICEN\u00c7A POR MOTIVO DE DOEN\u00c7A EM PESSOA DA FAM\u00cdLIA <strong><u>PARA QUE A SERVIDORA SE AFASTE NO PER\u00cdODO COMPREENDIDO ENTRE 02\/05\/2024 \u00e0 30\/06\/2024<\/u><\/strong>, formulado pela servidora municipal C\u00cdNTIA DE JESUS AIRES, Agente Administrativa, Lotada na Secretaria de Agricultura.<br \/>\nMagalh\u00e3es de Almeida\/MA, 30 de abril de 2024. Raimundo Nonato Carvalho, Prefeito Municipal.<\/p>\n","protected":false},"author":4,"template":"","class_list":["post-21691","publicacoesdom","type-publicacoesdom","status-publish","hentry"],"acf":{"tipo_de_publicacao_diario":"41","e_retificacao":"1","origem_do_diario":"Poder Executivo","codigo_verificador":"e5f8e1d375973441d4944f21c092770b78f64409"},"_links":{"self":[{"href":"https:\/\/magalhaesdealmeida.ma.gov.br\/transparencia\/wp-json\/wp\/v2\/publicacoesdom\/21691","targetHints":{"allow":["GET"]}}],"collection":[{"href":"https:\/\/magalhaesdealmeida.ma.gov.br\/transparencia\/wp-json\/wp\/v2\/publicacoesdom"}],"about":[{"href":"https:\/\/magalhaesdealmeida.ma.gov.br\/transparencia\/wp-json\/wp\/v2\/types\/publicacoesdom"}],"author":[{"embeddable":true,"href":"https:\/\/magalhaesdealmeida.ma.gov.br\/transparencia\/wp-json\/wp\/v2\/users\/4"}],"wp:attachment":[{"href":"https:\/\/magalhaesdealmeida.ma.gov.br\/transparencia\/wp-json\/wp\/v2\/media?parent=21691"}],"curies":[{"name":"wp","href":"https:\/\/api.w.org\/{rel}","templated":true}]}}

TERMO DE DEFERIMENTO DE LICENÇA &#8211; CÍNTIA DE JESUS AIRES

<p>Eu, <strong>RAIMUNDO NONATO CARVALHO</strong>, Prefeito de Magalhães de Almeida/MA, com atribuição legal contida no <strong><u>artigo 67, VIII Lei Orgânica Municipal</u></strong>, decido a seguir.<br />
Com base no ART. 66, DA LEI MUNICIPAL N.° 236/98, <strong>DEFIRO O PEDIDO </strong>DE LICENÇA POR MOTIVO DE DOENÇA EM PESSOA DA FAMÍLIA <strong><u>PARA QUE A SERVIDORA SE AFASTE NO PERÍODO COMPREENDIDO ENTRE 02/05/2024 à 30/06/2024</u></strong>, formulado pela servidora municipal CÍNTIA DE JESUS AIRES, Agente Administrativa, Lotada na Secretaria de Agricultura.<br />
Magalhães de Almeida/MA, 30 de abril de 2024. Raimundo Nonato Carvalho, Prefeito Municipal.</p>
