{"id":21737,"date":"2024-05-13T13:59:18","date_gmt":"2024-05-13T16:59:18","guid":{"rendered":"https:\/\/magalhaesdealmeida.ma.gov.br\/transparencia\/?post_type=publicacoesdom&#038;p=21737"},"modified":"2024-05-13T13:59:18","modified_gmt":"2024-05-13T16:59:18","slug":"lei-n-o-620-de-13-de-maio-de-2024","status":"publish","type":"publicacoesdom","link":"https:\/\/magalhaesdealmeida.ma.gov.br\/transparencia\/publicacoesdom\/lei-n-o-620-de-13-de-maio-de-2024\/","title":{"rendered":"LEI N.\u00ba 620 de 13 de maio de 2024"},"content":{"rendered":"<p><strong>Institui o Plano Municipal de Cultura no \u00e2mbito do Munic\u00edpio de Magalh\u00e3es de Almeida &#8211; MA, e d\u00e1 outras provid\u00eancias.<br \/>\n<\/strong><strong>O PREFEITO MUNICIPAL DE MAGALH\u00c3ES DE ALMEIDA, ESTADO DO MARANH\u00c3O,<\/strong> no uso de suas atribui\u00e7\u00f5es que lhe s\u00e3o conferidas por Lei, <strong>FA\u00c7O SABER<\/strong> que a C\u00e2mara Municipal de Vereadores aprovou e eu <strong>SANCIONO<\/strong> a seguinte Lei:<br \/>\n<strong>CAP\u00cdTULO I<br \/>\n<\/strong><strong>DAS DISPOSI\u00c7\u00d5ES PRELIMINARES<br \/>\n<\/strong><strong>Art. 1\u00ba<\/strong> &#8211; Fica institu\u00eddo o Plano Municipal de Cultura (PMC) em conformidade com o art. 215 da Constitui\u00e7\u00e3o Federal e art. 4\u00ba do Sistema Municipal de Cultura \u2013 Lei n\u00ba 6.389, de 28 de novembro de 2016, sendo instrumento de planejamento estrat\u00e9gico na execu\u00e7\u00e3o da pol\u00edtica cultural do munic\u00edpio.<br \/>\n<strong>Art. 2\u00ba<\/strong> &#8211; O Plano Municipal de Cultura, com dura\u00e7\u00e3o de 10 anos, constitu\u00eddo conjuntamente pelo Governo Municipal e o Conselho Municipal de Cultura em sintonia com participa\u00e7\u00e3o da Sociedade Civil, visa atender aos princ\u00edpios do Sistema Municipal de Cultura em conson\u00e2ncia com os Sistemas Estadual (SEC) e Nacional (SNC), considerando a cultura como direito constitucional da cidadania pelotense.<br \/>\n<strong>Art. 3\u00ba<\/strong> &#8211; \u00c9 o objetivo do Plano Municipal de Cultura conceber e articular diretrizes, prioridades e metas de forma sistematizada, contribuindo para solu\u00e7\u00f5es duradouras, estruturadas e continuadas para as pol\u00edticas p\u00fablicas transversais na cultura do munic\u00edpio.<br \/>\n<strong>Art. 4\u00ba &#8211;<\/strong> S\u00e3o princ\u00edpios do Plano Municipal de Cultura a formula\u00e7\u00e3o, promo\u00e7\u00e3o e instrumentaliza\u00e7\u00e3o da execu\u00e7\u00e3o das pol\u00edticas p\u00fablicas para a identifica\u00e7\u00e3o, preserva\u00e7\u00e3o, difus\u00e3o, acesso, fomento e incentivo da cultura em toda a sua diversidade:<br \/>\n<strong>I \u2013<\/strong> diversidade das express\u00f5es culturais;<br \/>\n<strong>II \u2013<\/strong> democratiza\u00e7\u00e3o do acesso e acessibilidade aos bens e servi\u00e7os culturais;<br \/>\n<strong>III \u2013<\/strong> fomento \u00e0 produ\u00e7\u00e3o, difus\u00e3o e circula\u00e7\u00e3o de conhecimento e bens culturais;<br \/>\n<strong>IV \u2013<\/strong> coopera\u00e7\u00e3o entre os entes federados, os agentes p\u00fablicos e privados atuantes na \u00e1rea cultural;<br \/>\n<strong>V \u2013<\/strong> integra\u00e7\u00e3o e intera\u00e7\u00e3o na execu\u00e7\u00e3o das pol\u00edticas, programas, projetos e a\u00e7\u00f5es desenvolvidas;<br \/>\n<strong>VI \u2013<\/strong> complementaridade nos pap\u00e9is dos agentes culturais;<br \/>\n<strong>VII \u2013<\/strong> transversalidade das Pol\u00edticas Culturais;<br \/>\n<strong>VIII \u2013<\/strong> autonomia dos entes federados e das institui\u00e7\u00f5es da sociedade civil;<br \/>\n<strong>IX \u2013<\/strong> transpar\u00eancia e compartilhamento das informa\u00e7\u00f5es;<br \/>\n<strong>X \u2013<\/strong> democratiza\u00e7\u00e3o dos processos decis\u00f3rios com participa\u00e7\u00e3o e controle social;<br \/>\n<strong>XI \u2013<\/strong> descentraliza\u00e7\u00e3o articulada e pactuada da gest\u00e3o, dos recursos e das a\u00e7\u00f5es; e<br \/>\n<strong>XII \u2013<\/strong> amplia\u00e7\u00e3o progressiva dos recursos contidos nos or\u00e7amentos p\u00fablicos para a cultura.<br \/>\n<strong>Art. 5\u00ba<\/strong> S\u00e3o diretrizes do Plano Municipal de Cultura:<br \/>\n<strong>I \u2013 GEST\u00c3O CULTURAL:<\/strong> Qualificar a gest\u00e3o p\u00fablica de cultura no munic\u00edpio de Pelotas, assegurando sua execu\u00e7\u00e3o pela Secretaria Municipal de Cultura e Turismo &#8211; SEMUCT de forma eficiente, respons\u00e1vel e transparente;<br \/>\n<strong>II \u2013 DESENVOLVIMENTO<\/strong>: Instrumentalizar a pol\u00edtica cultural enquanto vetor de desenvolvimento social e econ\u00f4mico sustent\u00e1vel, valorizando fazedoras e fazedores culturais;<br \/>\n<strong>III \u2013 DIVERSIDADE<\/strong>: Garantir e promover a diversidade das express\u00f5es culturais no munic\u00edpio e das formas de vida dos fazedores de cultura;<br \/>\n<strong>IV \u2013 DEMOCRATIZA\u00c7\u00c3O<\/strong>: Democratizar o acesso cultural, garantindo a inclus\u00e3o social e a acessibilidade da popula\u00e7\u00e3o aos bens e servi\u00e7os culturais;<br \/>\n<strong>V \u2013 FOMENTO<\/strong>: Fomentar a produ\u00e7\u00e3o, a difus\u00e3o e a circula\u00e7\u00e3o de conhecimentos, saberes, mem\u00f3rias e bens culturais;<br \/>\n<strong>VI \u2013 VALORIZA\u00c7\u00c3O E PROTE\u00c7\u00c3O<\/strong>: Valorizar e proteger o patrim\u00f4nio cultural material e imaterial, bem como as pr\u00e1ticas, saberes e express\u00f5es culturais pr\u00f3prias de cada coletividade;<br \/>\n<strong>VII \u2013 COOPERA\u00c7\u00c3O<\/strong>: Intensificar a coopera\u00e7\u00e3o entre os entes federados, os agentes p\u00fablicos e privados atuantes na \u00e1rea cultural;<br \/>\n<strong>VIII \u2013 TRANSVERSALIDADE<\/strong>: Promover a integra\u00e7\u00e3o, a intera\u00e7\u00e3o e a transversalidade das pol\u00edticas, programas, projetos e a\u00e7\u00f5es desenvolvidas;<br \/>\n<strong>XIX \u2013 AUTONOMIA<\/strong>: Garantir a autonomia dos entes federados e das institui\u00e7\u00f5es da sociedade civil;<br \/>\n<strong>X \u2013 TRANSPAR\u00caNCIA<\/strong>: Primar pela transpar\u00eancia e o compartilhamento de informa\u00e7\u00f5es no \u00e2mbito das pol\u00edticas culturais e de gest\u00e3o p\u00fablica;<br \/>\n<strong>XI \u2013 PARTICIPA\u00c7\u00c3O<\/strong>: Democratizar os processos decis\u00f3rios com participa\u00e7\u00e3o, continuidade e controle social;<br \/>\n<strong>XII \u2013 DESCENTRALIZA\u00c7\u00c3O<\/strong>: Descentralizar, de forma articulada e pactuada, a aplica\u00e7\u00e3o dos recursos p\u00fablicos e a gest\u00e3o das pol\u00edticas p\u00fablicas;<br \/>\n<strong>XIII \u2013 AMPLIA\u00c7\u00c3O<\/strong>: Ampliar os recursos p\u00fablicos para a cultura;<br \/>\n<strong>XIV \u2013 AVALIA\u00c7\u00c3O<\/strong>: Monitorar continuamente as pol\u00edticas culturais, atrav\u00e9s da produ\u00e7\u00e3o e avalia\u00e7\u00e3o de indicadores culturais;<br \/>\n<strong>XV \u2013 DIVULGA\u00c7\u00c3O<\/strong>: Promover a visibilidade do campo da produ\u00e7\u00e3o cultural pelotense, seus agentes, institui\u00e7\u00f5es e bens culturais no \u00e2mbito regional, estadual, nacional e internacional.<br \/>\n<strong>CAP\u00cdTULO II<br \/>\n<\/strong><strong>DAS ATRIBUI\u00c7\u00d5ES<br \/>\n<\/strong><strong>Art. 6\u00ba &#8211;<\/strong> Compete \u00e0 Secretaria Municipal de Cultura e Turismo exercer a coordena\u00e7\u00e3o executiva do Plano Municipal de Cultura, ficando respons\u00e1vel pela coordena\u00e7\u00e3o e organiza\u00e7\u00e3o das a\u00e7\u00f5es, articula\u00e7\u00f5es, parceria, pactua\u00e7\u00f5es e acompanhamentos para a sua efetiva implementa\u00e7\u00e3o.<br \/>\n<strong>Art. 7\u00ba <\/strong>&#8211; Tamb\u00e9m s\u00e3o respons\u00e1veis pela efetiva implementa\u00e7\u00e3o as inst\u00e2ncias de participa\u00e7\u00e3o atribu\u00eddas pela Lei Municipal que disp\u00f5e sobre o Sistema Municipal de Cultura do Munic\u00edpio de Magalh\u00e3es de Almeida, sancionada no ano de 2024.<br \/>\n<strong>CAP\u00cdTULO III<br \/>\n<\/strong><strong>DO FINANCIAMENTO, DAS METAS, MONITORAMENTO E RESULTADOS.<br \/>\n<\/strong><strong>Art. 8\u00ba<\/strong> &#8211; As metas, a\u00e7\u00f5es, prazos, monitoramento, acompanhamento e resultados esperados est\u00e3o firmados no Anexo da presente Lei.<br \/>\n<strong>Art. 9\u00ba<\/strong> &#8211; As leis or\u00e7ament\u00e1rias municipais, tais como o Plano Plurianual \u2013 PPA, Lei de Diretrizes Or\u00e7ament\u00e1rias \u2013 LDO e a Lei Or\u00e7ament\u00e1ria Anual \u2013 LOA, dispor\u00e3o sobre os recursos a serem destinados ao cumprimento dos objetivos, metas, a\u00e7\u00f5es e diretrizes do Plano Municipal de Cultura.<br \/>\n<strong>CAP\u00cdTULO IV<br \/>\n<\/strong><strong>DAS DISPOSI\u00c7\u00d5ES FINAIS.<br \/>\n<\/strong><strong>Art. 10<\/strong> &#8211; O Plano Municipal de Cultura ser\u00e1 revisto periodicamente com o objetivo de atualizar, ajustar e revisar suas diretrizes e metas.<br \/>\n<strong>\u00a71\u00ba.<\/strong> Poder\u00e1 ser criado um Comit\u00ea Executivo para o Plano Municipal de Cultura com membros da administra\u00e7\u00e3o municipal, dos conselhos vinculados \u00e0 Secretaria Municipal de Cultura e Turismo, dos Sistemas Setoriais de Cultura e de representantes de associa\u00e7\u00f5es comunit\u00e1rias dos bairros para a discuss\u00e3o e proposi\u00e7\u00e3o de ajustes e atualiza\u00e7\u00f5es do Plano Municipal de Cultura.<br \/>\n<strong>\u00a72\u00ba.<\/strong> Ap\u00f3s a aprova\u00e7\u00e3o do Plano Municipal de Cultura, ser\u00e1 realizada uma Conferencia Municipal de Cultura, e a cada 02 (dois) anos ser\u00e3o realizadas Confer\u00eancias Municipais de Cultura, sendo a primeira revis\u00e3o do referido Plano, com a presen\u00e7a obrigat\u00f3ria dos Membros do Conselho Municipal de Pol\u00edticas de Cultura &#8211; CMPC.<br \/>\n<strong>Art. 11 &#8211;<\/strong> Dever\u00e3o ser incorporadas, implementadas e respeitadas as metas estabelecidas pelos Planos Nacional e Estadual de Cultura, no \u00e2mbito dos munic\u00edpios.<br \/>\n<strong>Art. 12 &#8211;<\/strong> Esta Lei entra em vigor na data da sua publica\u00e7\u00e3o.<br \/>\nPal\u00e1cio Benedito Lima e Silva, Gabinete do Prefeito Municipal de Magalh\u00e3es de Almeida &#8211; MA, em 13 de maio de 2024. RAIMUNDO NONATO CARVALHO, Prefeito Municipal.<\/p>\n","protected":false},"author":4,"template":"","class_list":["post-21737","publicacoesdom","type-publicacoesdom","status-publish","hentry"],"acf":{"tipo_de_publicacao_diario":"34","e_retificacao":"1","origem_do_diario":"Poder Executivo","codigo_verificador":"29bbf9be44b4405521d3eb5add45cb49b5907d7e"},"_links":{"self":[{"href":"https:\/\/magalhaesdealmeida.ma.gov.br\/transparencia\/wp-json\/wp\/v2\/publicacoesdom\/21737","targetHints":{"allow":["GET"]}}],"collection":[{"href":"https:\/\/magalhaesdealmeida.ma.gov.br\/transparencia\/wp-json\/wp\/v2\/publicacoesdom"}],"about":[{"href":"https:\/\/magalhaesdealmeida.ma.gov.br\/transparencia\/wp-json\/wp\/v2\/types\/publicacoesdom"}],"author":[{"embeddable":true,"href":"https:\/\/magalhaesdealmeida.ma.gov.br\/transparencia\/wp-json\/wp\/v2\/users\/4"}],"wp:attachment":[{"href":"https:\/\/magalhaesdealmeida.ma.gov.br\/transparencia\/wp-json\/wp\/v2\/media?parent=21737"}],"curies":[{"name":"wp","href":"https:\/\/api.w.org\/{rel}","templated":true}]}}

LEI N.º 620 de 13 de maio de 2024

<p><strong>Institui o Plano Municipal de Cultura no âmbito do Município de Magalhães de Almeida &#8211; MA, e dá outras providências.<br />
</strong><strong>O PREFEITO MUNICIPAL DE MAGALHÃES DE ALMEIDA, ESTADO DO MARANHÃO,</strong> no uso de suas atribuições que lhe são conferidas por Lei, <strong>FAÇO SABER</strong> que a Câmara Municipal de Vereadores aprovou e eu <strong>SANCIONO</strong> a seguinte Lei:<br />
<strong>CAPÍTULO I<br />
</strong><strong>DAS DISPOSIÇÕES PRELIMINARES<br />
</strong><strong>Art. 1º</strong> &#8211; Fica instituído o Plano Municipal de Cultura (PMC) em conformidade com o art. 215 da Constituição Federal e art. 4º do Sistema Municipal de Cultura – Lei nº 6.389, de 28 de novembro de 2016, sendo instrumento de planejamento estratégico na execução da política cultural do município.<br />
<strong>Art. 2º</strong> &#8211; O Plano Municipal de Cultura, com duração de 10 anos, constituído conjuntamente pelo Governo Municipal e o Conselho Municipal de Cultura em sintonia com participação da Sociedade Civil, visa atender aos princípios do Sistema Municipal de Cultura em consonância com os Sistemas Estadual (SEC) e Nacional (SNC), considerando a cultura como direito constitucional da cidadania pelotense.<br />
<strong>Art. 3º</strong> &#8211; É o objetivo do Plano Municipal de Cultura conceber e articular diretrizes, prioridades e metas de forma sistematizada, contribuindo para soluções duradouras, estruturadas e continuadas para as políticas públicas transversais na cultura do município.<br />
<strong>Art. 4º &#8211;</strong> São princípios do Plano Municipal de Cultura a formulação, promoção e instrumentalização da execução das políticas públicas para a identificação, preservação, difusão, acesso, fomento e incentivo da cultura em toda a sua diversidade:<br />
<strong>I –</strong> diversidade das expressões culturais;<br />
<strong>II –</strong> democratização do acesso e acessibilidade aos bens e serviços culturais;<br />
<strong>III –</strong> fomento à produção, difusão e circulação de conhecimento e bens culturais;<br />
<strong>IV –</strong> cooperação entre os entes federados, os agentes públicos e privados atuantes na área cultural;<br />
<strong>V –</strong> integração e interação na execução das políticas, programas, projetos e ações desenvolvidas;<br />
<strong>VI –</strong> complementaridade nos papéis dos agentes culturais;<br />
<strong>VII –</strong> transversalidade das Políticas Culturais;<br />
<strong>VIII –</strong> autonomia dos entes federados e das instituições da sociedade civil;<br />
<strong>IX –</strong> transparência e compartilhamento das informações;<br />
<strong>X –</strong> democratização dos processos decisórios com participação e controle social;<br />
<strong>XI –</strong> descentralização articulada e pactuada da gestão, dos recursos e das ações; e<br />
<strong>XII –</strong> ampliação progressiva dos recursos contidos nos orçamentos públicos para a cultura.<br />
<strong>Art. 5º</strong> São diretrizes do Plano Municipal de Cultura:<br />
<strong>I – GESTÃO CULTURAL:</strong> Qualificar a gestão pública de cultura no município de Pelotas, assegurando sua execução pela Secretaria Municipal de Cultura e Turismo &#8211; SEMUCT de forma eficiente, responsável e transparente;<br />
<strong>II – DESENVOLVIMENTO</strong>: Instrumentalizar a política cultural enquanto vetor de desenvolvimento social e econômico sustentável, valorizando fazedoras e fazedores culturais;<br />
<strong>III – DIVERSIDADE</strong>: Garantir e promover a diversidade das expressões culturais no município e das formas de vida dos fazedores de cultura;<br />
<strong>IV – DEMOCRATIZAÇÃO</strong>: Democratizar o acesso cultural, garantindo a inclusão social e a acessibilidade da população aos bens e serviços culturais;<br />
<strong>V – FOMENTO</strong>: Fomentar a produção, a difusão e a circulação de conhecimentos, saberes, memórias e bens culturais;<br />
<strong>VI – VALORIZAÇÃO E PROTEÇÃO</strong>: Valorizar e proteger o patrimônio cultural material e imaterial, bem como as práticas, saberes e expressões culturais próprias de cada coletividade;<br />
<strong>VII – COOPERAÇÃO</strong>: Intensificar a cooperação entre os entes federados, os agentes públicos e privados atuantes na área cultural;<br />
<strong>VIII – TRANSVERSALIDADE</strong>: Promover a integração, a interação e a transversalidade das políticas, programas, projetos e ações desenvolvidas;<br />
<strong>XIX – AUTONOMIA</strong>: Garantir a autonomia dos entes federados e das instituições da sociedade civil;<br />
<strong>X – TRANSPARÊNCIA</strong>: Primar pela transparência e o compartilhamento de informações no âmbito das políticas culturais e de gestão pública;<br />
<strong>XI – PARTICIPAÇÃO</strong>: Democratizar os processos decisórios com participação, continuidade e controle social;<br />
<strong>XII – DESCENTRALIZAÇÃO</strong>: Descentralizar, de forma articulada e pactuada, a aplicação dos recursos públicos e a gestão das políticas públicas;<br />
<strong>XIII – AMPLIAÇÃO</strong>: Ampliar os recursos públicos para a cultura;<br />
<strong>XIV – AVALIAÇÃO</strong>: Monitorar continuamente as políticas culturais, através da produção e avaliação de indicadores culturais;<br />
<strong>XV – DIVULGAÇÃO</strong>: Promover a visibilidade do campo da produção cultural pelotense, seus agentes, instituições e bens culturais no âmbito regional, estadual, nacional e internacional.<br />
<strong>CAPÍTULO II<br />
</strong><strong>DAS ATRIBUIÇÕES<br />
</strong><strong>Art. 6º &#8211;</strong> Compete à Secretaria Municipal de Cultura e Turismo exercer a coordenação executiva do Plano Municipal de Cultura, ficando responsável pela coordenação e organização das ações, articulações, parceria, pactuações e acompanhamentos para a sua efetiva implementação.<br />
<strong>Art. 7º </strong>&#8211; Também são responsáveis pela efetiva implementação as instâncias de participação atribuídas pela Lei Municipal que dispõe sobre o Sistema Municipal de Cultura do Município de Magalhães de Almeida, sancionada no ano de 2024.<br />
<strong>CAPÍTULO III<br />
</strong><strong>DO FINANCIAMENTO, DAS METAS, MONITORAMENTO E RESULTADOS.<br />
</strong><strong>Art. 8º</strong> &#8211; As metas, ações, prazos, monitoramento, acompanhamento e resultados esperados estão firmados no Anexo da presente Lei.<br />
<strong>Art. 9º</strong> &#8211; As leis orçamentárias municipais, tais como o Plano Plurianual – PPA, Lei de Diretrizes Orçamentárias – LDO e a Lei Orçamentária Anual – LOA, disporão sobre os recursos a serem destinados ao cumprimento dos objetivos, metas, ações e diretrizes do Plano Municipal de Cultura.<br />
<strong>CAPÍTULO IV<br />
</strong><strong>DAS DISPOSIÇÕES FINAIS.<br />
</strong><strong>Art. 10</strong> &#8211; O Plano Municipal de Cultura será revisto periodicamente com o objetivo de atualizar, ajustar e revisar suas diretrizes e metas.<br />
<strong>§1º.</strong> Poderá ser criado um Comitê Executivo para o Plano Municipal de Cultura com membros da administração municipal, dos conselhos vinculados à Secretaria Municipal de Cultura e Turismo, dos Sistemas Setoriais de Cultura e de representantes de associações comunitárias dos bairros para a discussão e proposição de ajustes e atualizações do Plano Municipal de Cultura.<br />
<strong>§2º.</strong> Após a aprovação do Plano Municipal de Cultura, será realizada uma Conferencia Municipal de Cultura, e a cada 02 (dois) anos serão realizadas Conferências Municipais de Cultura, sendo a primeira revisão do referido Plano, com a presença obrigatória dos Membros do Conselho Municipal de Políticas de Cultura &#8211; CMPC.<br />
<strong>Art. 11 &#8211;</strong> Deverão ser incorporadas, implementadas e respeitadas as metas estabelecidas pelos Planos Nacional e Estadual de Cultura, no âmbito dos municípios.<br />
<strong>Art. 12 &#8211;</strong> Esta Lei entra em vigor na data da sua publicação.<br />
Palácio Benedito Lima e Silva, Gabinete do Prefeito Municipal de Magalhães de Almeida &#8211; MA, em 13 de maio de 2024. RAIMUNDO NONATO CARVALHO, Prefeito Municipal.</p>
