{"id":22112,"date":"2024-06-18T11:25:56","date_gmt":"2024-06-18T14:25:56","guid":{"rendered":"https:\/\/magalhaesdealmeida.ma.gov.br\/transparencia\/?post_type=publicacoesdom&#038;p=22112"},"modified":"2024-06-18T13:49:03","modified_gmt":"2024-06-18T16:49:03","slug":"portaria-n-o-073-2024-gab","status":"publish","type":"publicacoesdom","link":"https:\/\/magalhaesdealmeida.ma.gov.br\/transparencia\/publicacoesdom\/portaria-n-o-073-2024-gab\/","title":{"rendered":"PORTARIA N.\u00ba 073\/2024 &#8211; GAB"},"content":{"rendered":"<p><strong><u>TERMO DE NOMEA\u00c7\u00c3O<br \/>\n<\/u>INSTITUE A NOMEA\u00c7\u00c3O DE AGENTE PEDAG\u00d3GICO (DAS-4)<\/strong><br \/>\n<strong>O Prefeito Municipal de Magalh\u00e3es de Almeida, Estado do Maranh\u00e3o<\/strong>, no uso de suas atribui\u00e7\u00f5es e de conformidade com a Lei Org\u00e2nica Municipal, Se\u00e7\u00e3o II, art. 67, inciso VI e VIII.<br \/>\n<strong>Considerando<\/strong> o disposto no inciso II do art. 9\u00ba da Lei n\u00ba 236 de 02 de janeiro de 1998, <strong>RESOLVE:<br \/>\n<\/strong><strong>Art. 1\u00ba<\/strong> &#8211; <strong>NOMEAR<\/strong> a Sra.<strong> VERBENE SOUSA DE ARA\u00daJO<\/strong>, brasileira, solteira, maior, capaz, portadora do <strong>CPF n.\u00ba 609.***.**3-90 e RG 043334*****1-1 SSP\/MA, <\/strong>para <strong>exercer o cargo de AGENTE PEDAG\u00d3GICO (DAS-4), lotada na Secretaria Municipal de Educa\u00e7\u00e3o, Ci\u00eancias, Tecnologia e Inova\u00e7\u00e3o &#8211; SEMECTI.<br \/>\n<\/strong><strong>Art. 2\u00ba<\/strong> &#8211; Esta portaria entra em vigor na data de sua publica\u00e7\u00e3o, revogadas as disposi\u00e7\u00f5es em contr\u00e1rio.<br \/>\nLeia-se, Publique-se e cumpra-se em Magalh\u00e3es de Almeida\/MA, 18 de junho de 2024. Raimundo Nonato Carvalho, Prefeito Municipal.<\/p>\n","protected":false},"author":4,"template":"","class_list":["post-22112","publicacoesdom","type-publicacoesdom","status-publish","hentry"],"acf":{"tipo_de_publicacao_diario":"36","e_retificacao":"1","origem_do_diario":"Poder Executivo","codigo_verificador":"a58c3ef6ab9e019cea5883644ad9303656b6b1e6"},"_links":{"self":[{"href":"https:\/\/magalhaesdealmeida.ma.gov.br\/transparencia\/wp-json\/wp\/v2\/publicacoesdom\/22112","targetHints":{"allow":["GET"]}}],"collection":[{"href":"https:\/\/magalhaesdealmeida.ma.gov.br\/transparencia\/wp-json\/wp\/v2\/publicacoesdom"}],"about":[{"href":"https:\/\/magalhaesdealmeida.ma.gov.br\/transparencia\/wp-json\/wp\/v2\/types\/publicacoesdom"}],"author":[{"embeddable":true,"href":"https:\/\/magalhaesdealmeida.ma.gov.br\/transparencia\/wp-json\/wp\/v2\/users\/4"}],"wp:attachment":[{"href":"https:\/\/magalhaesdealmeida.ma.gov.br\/transparencia\/wp-json\/wp\/v2\/media?parent=22112"}],"curies":[{"name":"wp","href":"https:\/\/api.w.org\/{rel}","templated":true}]}}

PORTARIA N.º 073/2024 &#8211; GAB

<p><strong><u>TERMO DE NOMEAÇÃO<br />
</u>INSTITUE A NOMEAÇÃO DE AGENTE PEDAGÓGICO (DAS-4)</strong><br />
<strong>O Prefeito Municipal de Magalhães de Almeida, Estado do Maranhão</strong>, no uso de suas atribuições e de conformidade com a Lei Orgânica Municipal, Seção II, art. 67, inciso VI e VIII.<br />
<strong>Considerando</strong> o disposto no inciso II do art. 9º da Lei nº 236 de 02 de janeiro de 1998, <strong>RESOLVE:<br />
</strong><strong>Art. 1º</strong> &#8211; <strong>NOMEAR</strong> a Sra.<strong> VERBENE SOUSA DE ARAÚJO</strong>, brasileira, solteira, maior, capaz, portadora do <strong>CPF n.º 609.***.**3-90 e RG 043334*****1-1 SSP/MA, </strong>para <strong>exercer o cargo de AGENTE PEDAGÓGICO (DAS-4), lotada na Secretaria Municipal de Educação, Ciências, Tecnologia e Inovação &#8211; SEMECTI.<br />
</strong><strong>Art. 2º</strong> &#8211; Esta portaria entra em vigor na data de sua publicação, revogadas as disposições em contrário.<br />
Leia-se, Publique-se e cumpra-se em Magalhães de Almeida/MA, 18 de junho de 2024. Raimundo Nonato Carvalho, Prefeito Municipal.</p>
