{"id":22235,"date":"2024-06-25T16:53:36","date_gmt":"2024-06-25T19:53:36","guid":{"rendered":"https:\/\/magalhaesdealmeida.ma.gov.br\/transparencia\/?post_type=publicacoesdom&#038;p=22235"},"modified":"2024-06-25T17:24:53","modified_gmt":"2024-06-25T20:24:53","slug":"lei-no-626-de-25-de-junho-de-2024","status":"publish","type":"publicacoesdom","link":"https:\/\/magalhaesdealmeida.ma.gov.br\/transparencia\/publicacoesdom\/lei-no-626-de-25-de-junho-de-2024\/","title":{"rendered":"LEI N.\u00ba 626 de 25 de junho de 2024"},"content":{"rendered":"<p><strong>Declara de utilidade p\u00fablica a Igreja Adventista do S\u00e9timo Dia em Magalh\u00e3es de Almeida, Estado do Maranh\u00e3o e d\u00e1 outras provid\u00eancias.<\/strong><br \/>\n<strong>O PREFEITO MUNICIPAL DE MAGALH\u00c3ES DE ALMEIDA, ESTADO DO MARANH\u00c3O<\/strong>, no uso de suas atribui\u00e7\u00f5es que lhe s\u00e3o conferidas por Lei, <strong>FA\u00c7O<\/strong> <strong>SABER<\/strong> que a C\u00e2mara Municipal de Vereadores aprovou e eu <strong>SANCIONO<\/strong> a seguinte Lei:<br \/>\n<strong>Art. 1\u00ba<\/strong> &#8211; Fica Declarada de Utilidade P\u00fablica no \u00e2mbito Municipal de Magalh\u00e3es de Almeida a Igreja Adventista do S\u00e9timo Dia, vinculada ao CNPJ n.\u00ba 04.930.244\/0141-84.<br \/>\n<strong>Par\u00e1grafo \u00danico<\/strong> \u2013 No ato da san\u00e7\u00e3o da presente Lei, a institui\u00e7\u00e3o conta com Templos nos seguintes endere\u00e7os:<br \/>\n<strong>I \u2013<\/strong> Avenida Get\u00falio Vargas, 517, centro;<br \/>\n<strong>II \u2013<\/strong> Vila Neto Carvalho, s\/n, e<br \/>\n<strong>III \u2013<\/strong> MA 110, s\/n, povoado Melancias.<br \/>\n<strong>Art. 2\u00ba<\/strong> &#8211; A Igreja a Igreja Adventista do S\u00e9timo Dia em Magalh\u00e3es de Almeida passa a ter todos os benef\u00edcios concedidos \u00e0s Institui\u00e7\u00f5es de Utilidade P\u00fablica, no \u00e2mbito Municipal.<br \/>\n<strong>Art. 3\u00ba<\/strong> &#8211; Esta Lei entra em vigor na data de sua publica\u00e7\u00e3o.<br \/>\nPal\u00e1cio Benedito Lima e Silva, Gabinete do Prefeito Municipal de Magalh\u00e3es de Almeida &#8211; MA, em 25 de junho de 2024. RAIMUNDO NONATO CARVALHO, Prefeito Municipal.<\/p>\n","protected":false},"author":4,"template":"","class_list":["post-22235","publicacoesdom","type-publicacoesdom","status-publish","hentry"],"acf":{"tipo_de_publicacao_diario":"34","e_retificacao":"1","origem_do_diario":"Poder Executivo","codigo_verificador":"8dc48aadc6483971a9fe1c32860cb7e4e41c8efd"},"_links":{"self":[{"href":"https:\/\/magalhaesdealmeida.ma.gov.br\/transparencia\/wp-json\/wp\/v2\/publicacoesdom\/22235","targetHints":{"allow":["GET"]}}],"collection":[{"href":"https:\/\/magalhaesdealmeida.ma.gov.br\/transparencia\/wp-json\/wp\/v2\/publicacoesdom"}],"about":[{"href":"https:\/\/magalhaesdealmeida.ma.gov.br\/transparencia\/wp-json\/wp\/v2\/types\/publicacoesdom"}],"author":[{"embeddable":true,"href":"https:\/\/magalhaesdealmeida.ma.gov.br\/transparencia\/wp-json\/wp\/v2\/users\/4"}],"wp:attachment":[{"href":"https:\/\/magalhaesdealmeida.ma.gov.br\/transparencia\/wp-json\/wp\/v2\/media?parent=22235"}],"curies":[{"name":"wp","href":"https:\/\/api.w.org\/{rel}","templated":true}]}}

LEI N.º 626 de 25 de junho de 2024

<p><strong>Declara de utilidade pública a Igreja Adventista do Sétimo Dia em Magalhães de Almeida, Estado do Maranhão e dá outras providências.</strong><br />
<strong>O PREFEITO MUNICIPAL DE MAGALHÃES DE ALMEIDA, ESTADO DO MARANHÃO</strong>, no uso de suas atribuições que lhe são conferidas por Lei, <strong>FAÇO</strong> <strong>SABER</strong> que a Câmara Municipal de Vereadores aprovou e eu <strong>SANCIONO</strong> a seguinte Lei:<br />
<strong>Art. 1º</strong> &#8211; Fica Declarada de Utilidade Pública no âmbito Municipal de Magalhães de Almeida a Igreja Adventista do Sétimo Dia, vinculada ao CNPJ n.º 04.930.244/0141-84.<br />
<strong>Parágrafo Único</strong> – No ato da sanção da presente Lei, a instituição conta com Templos nos seguintes endereços:<br />
<strong>I –</strong> Avenida Getúlio Vargas, 517, centro;<br />
<strong>II –</strong> Vila Neto Carvalho, s/n, e<br />
<strong>III –</strong> MA 110, s/n, povoado Melancias.<br />
<strong>Art. 2º</strong> &#8211; A Igreja a Igreja Adventista do Sétimo Dia em Magalhães de Almeida passa a ter todos os benefícios concedidos às Instituições de Utilidade Pública, no âmbito Municipal.<br />
<strong>Art. 3º</strong> &#8211; Esta Lei entra em vigor na data de sua publicação.<br />
Palácio Benedito Lima e Silva, Gabinete do Prefeito Municipal de Magalhães de Almeida &#8211; MA, em 25 de junho de 2024. RAIMUNDO NONATO CARVALHO, Prefeito Municipal.</p>
