{"id":22305,"date":"2024-07-02T12:39:20","date_gmt":"2024-07-02T15:39:20","guid":{"rendered":"https:\/\/magalhaesdealmeida.ma.gov.br\/transparencia\/?post_type=publicacoesdom&#038;p=22305"},"modified":"2024-07-02T14:14:49","modified_gmt":"2024-07-02T17:14:49","slug":"portaria-n-o-092-2024-gab","status":"publish","type":"publicacoesdom","link":"https:\/\/magalhaesdealmeida.ma.gov.br\/transparencia\/publicacoesdom\/portaria-n-o-092-2024-gab\/","title":{"rendered":"PORTARIA N.\u00ba 092\/2024 &#8211; GAB"},"content":{"rendered":"<p><strong><u>TERMO DE EXTIN\u00c7\u00c3O DE CONTRATO &#8211; RESILI\u00c7\u00c3O<br \/>\n<\/u><\/strong><strong>O Prefeito Municipal de Magalh\u00e3es de Almeida, Estado do Maranh\u00e3o, <\/strong>no uso de suas atribui\u00e7\u00f5es e de conformidade com a Lei Org\u00e2nica Municipal Artigo 67, inciso VI e VIII.<br \/>\n<strong>CONSIDERANDO<\/strong> que entende-se por <strong>resili\u00e7\u00e3o o desfazimento de um contrato por simples manifesta\u00e7\u00e3o de vontade, seja de uma ou de ambas as partes<\/strong>;<br \/>\n<strong>CONSIDERANDO<\/strong> que a <strong>Lei Municipal n.\u00b0 563\/2023<\/strong> prev\u00ea em seu <strong>art. 11, inciso II,<\/strong> a <strong>resili\u00e7\u00e3o contratual entre a Administra\u00e7\u00e3o P\u00fablica Municipal e os contratados<\/strong> em decorr\u00eancia da referida lei por meio do \u00faltimo seletivo realizado pelo Munic\u00edpio;<br \/>\n<strong>CONSIDERANDO<\/strong> que o Sr. <strong>EDIENILSON MENESES COSTA<\/strong>, brasileiro, maior, capaz, portador do <strong>CPF n.\u00ba 061.***.**3-58, <\/strong>declarou desist\u00eancia por documento h\u00e1bil e id\u00f4neo, do cargo de vigia para qual foi aprovado no seletivo. <strong>RESOLVE:<br \/>\n<\/strong><strong>Art. 1\u00ba<\/strong> &#8211; <strong><u>DECLARAR A EXTIN\u00c7\u00c3O DO CONTRATO<\/u><\/strong> firmado entre o Munic\u00edpio de Magalh\u00e3es de Almeida e o Sr.<strong> EDIENILSON MENESES COSTA<\/strong>, brasileiro, maior, capaz, portador do <strong>CPF n.\u00ba 061.***.**3-58, <\/strong>por ocasi\u00e3o do seletivo outrora realizado pelo Poder P\u00fablico Municipal, com base na <strong>Lei Municipal n.\u00ba 563\/2023<\/strong>.<br \/>\n<strong>Art. 2\u00ba<\/strong> &#8211; Esta portaria entra em vigor na data de sua publica\u00e7\u00e3o.<br \/>\nLeia-se, Publique-se e cumpra-se em Magalh\u00e3es de Almeida\/MA, 02 de Julho de 2024. RAIMUNDO NONATO CARVALHO, Prefeito Municipal.<\/p>\n","protected":false},"author":4,"template":"","class_list":["post-22305","publicacoesdom","type-publicacoesdom","status-publish","hentry"],"acf":{"tipo_de_publicacao_diario":"41","e_retificacao":"1","origem_do_diario":"Poder Executivo","codigo_verificador":"46b37624cbe055008e422e37acc98e0807ba3257"},"_links":{"self":[{"href":"https:\/\/magalhaesdealmeida.ma.gov.br\/transparencia\/wp-json\/wp\/v2\/publicacoesdom\/22305","targetHints":{"allow":["GET"]}}],"collection":[{"href":"https:\/\/magalhaesdealmeida.ma.gov.br\/transparencia\/wp-json\/wp\/v2\/publicacoesdom"}],"about":[{"href":"https:\/\/magalhaesdealmeida.ma.gov.br\/transparencia\/wp-json\/wp\/v2\/types\/publicacoesdom"}],"author":[{"embeddable":true,"href":"https:\/\/magalhaesdealmeida.ma.gov.br\/transparencia\/wp-json\/wp\/v2\/users\/4"}],"wp:attachment":[{"href":"https:\/\/magalhaesdealmeida.ma.gov.br\/transparencia\/wp-json\/wp\/v2\/media?parent=22305"}],"curies":[{"name":"wp","href":"https:\/\/api.w.org\/{rel}","templated":true}]}}

PORTARIA N.º 092/2024 &#8211; GAB

<p><strong><u>TERMO DE EXTINÇÃO DE CONTRATO &#8211; RESILIÇÃO<br />
</u></strong><strong>O Prefeito Municipal de Magalhães de Almeida, Estado do Maranhão, </strong>no uso de suas atribuições e de conformidade com a Lei Orgânica Municipal Artigo 67, inciso VI e VIII.<br />
<strong>CONSIDERANDO</strong> que entende-se por <strong>resilição o desfazimento de um contrato por simples manifestação de vontade, seja de uma ou de ambas as partes</strong>;<br />
<strong>CONSIDERANDO</strong> que a <strong>Lei Municipal n.° 563/2023</strong> prevê em seu <strong>art. 11, inciso II,</strong> a <strong>resilição contratual entre a Administração Pública Municipal e os contratados</strong> em decorrência da referida lei por meio do último seletivo realizado pelo Município;<br />
<strong>CONSIDERANDO</strong> que o Sr. <strong>EDIENILSON MENESES COSTA</strong>, brasileiro, maior, capaz, portador do <strong>CPF n.º 061.***.**3-58, </strong>declarou desistência por documento hábil e idôneo, do cargo de vigia para qual foi aprovado no seletivo. <strong>RESOLVE:<br />
</strong><strong>Art. 1º</strong> &#8211; <strong><u>DECLARAR A EXTINÇÃO DO CONTRATO</u></strong> firmado entre o Município de Magalhães de Almeida e o Sr.<strong> EDIENILSON MENESES COSTA</strong>, brasileiro, maior, capaz, portador do <strong>CPF n.º 061.***.**3-58, </strong>por ocasião do seletivo outrora realizado pelo Poder Público Municipal, com base na <strong>Lei Municipal n.º 563/2023</strong>.<br />
<strong>Art. 2º</strong> &#8211; Esta portaria entra em vigor na data de sua publicação.<br />
Leia-se, Publique-se e cumpra-se em Magalhães de Almeida/MA, 02 de Julho de 2024. RAIMUNDO NONATO CARVALHO, Prefeito Municipal.</p>
