{"id":22307,"date":"2024-07-02T12:48:37","date_gmt":"2024-07-02T15:48:37","guid":{"rendered":"https:\/\/magalhaesdealmeida.ma.gov.br\/transparencia\/?post_type=publicacoesdom&#038;p=22307"},"modified":"2024-07-02T13:56:37","modified_gmt":"2024-07-02T16:56:37","slug":"lei-no-628-de-02-de-julho-de-2024","status":"publish","type":"publicacoesdom","link":"https:\/\/magalhaesdealmeida.ma.gov.br\/transparencia\/publicacoesdom\/lei-no-628-de-02-de-julho-de-2024\/","title":{"rendered":"LEI N.\u00ba 628 de 02 de julho de 2024"},"content":{"rendered":"<p><strong>AUTORIZA A DOA\u00c7\u00c3O DE IM\u00d3VEL DE PROPRIEDADE DO MUNIC\u00cdPIO DE MAGALH\u00c3ES DE ALMEIDA\/MA \u00c0 DEFENSORIA P\u00daBLICA DO ESTADO DO MARANH\u00c3O, PARA FINS DE CONSTRU\u00c7\u00c3O E INSTALA\u00c7\u00c3O DE N\u00daCLEO ECOL\u00d3GICO NO MUNIC\u00cdPIO.<br \/>\nO PREFEITO MUNICIPAL DE MAGALH\u00c3ES DE ALMEIDA, ESTADO DO MARANH\u00c3O<\/strong>, no uso de suas atribui\u00e7\u00f5es que lhe s\u00e3o conferidas por Lei, <strong>FA\u00c7O<\/strong> <strong>SABER<\/strong> que a C\u00e2mara Municipal de Vereadores aprovou e eu <strong>SANCIONO<\/strong> a seguinte Lei:<br \/>\n<strong>Art. 1\u00ba<\/strong> Fica o Poder Executivo Municipal autorizado a doar a <strong>DEFENSORIA P\u00daBLICA DO ESTADO DO MARANH\u00c3O<\/strong>, pessoa jur\u00eddica de Direito P\u00fablico CNPJ n\u00ba 00.820.295\/0001-42, com sede na Avenida J\u00fanior Coimbra, S\/N, Renascen\u00e7a II, S\u00e3o Lu\u00eds\/MA, CEP 65075-696, neste ato representada pelo Defensor P\u00fablico Geral do Estado do Maranh\u00e3o, o Defensor <strong>GABRIEL SANTANA FURTADO SOARES<\/strong>, o im\u00f3vel localizado na Rua Manoel Tote, S\/N, bairro do Centro, munic\u00edpio de Magalh\u00e3es de Almeida, tendo as seguintes coordenadas: P 01: -3.393969; -42.212886; P 02: -3.393598; -42.212662; P 03: &#8211; 3.393732; -42.212553; P 04: -3.393598 ; -42.212662, conforme Memorial Descritivo e Planta anexa.<br \/>\n<strong>Art. 2\u00ba<\/strong> O im\u00f3vel objeto desta doa\u00e7\u00e3o destinar-se-\u00e1 \u00e0 constru\u00e7\u00e3o de um N\u00facleo Ecol\u00f3gico de atendimento, para assist\u00eancia jur\u00eddica, integral e gratuita dos moradores da localidade, priorizando as dilig\u00eancias na solu\u00e7\u00e3o dos problemas da comunidade, no \u00e2mbito administrativo e judicial.<br \/>\n<strong>Art. 3\u00ba<\/strong> Aprovada a Lei, Fica o Poder Executivo Municipal se compromete a outorgar a escritura p\u00fablica de doa\u00e7\u00e3o.<br \/>\n<strong>Art. 4\u00b0 <\/strong>&#8211; Se no prazo de 24 (vinte e quatro) meses, a contar da data de publica\u00e7\u00e3o desta Lei, n\u00e3o se iniciarem as obras a que de refere o artigo anterior, o im\u00f3vel retomar\u00e1 ao Patrim\u00f4nio P\u00fablico Municipal.<br \/>\n<strong>Art. 5\u00b0 <\/strong>&#8211; Revoga-se a Lei Municipal n.\u00ba 616, de 26 de abril de 2024.<br \/>\n<strong>Art. 6\u00ba<\/strong> Esta Lei entra em vigor na data de sua publica\u00e7\u00e3o.<br \/>\nPal\u00e1cio Benedito Lima e Silva, Gabinete do Prefeito Municipal de \u00a0Municipal de Magalh\u00e3es de Almeida &#8211; MA, em 02 de julho de 2024. RAIMUNDO NONATO CARVALHO, Prefeito Municipal.<\/p>\n","protected":false},"author":4,"template":"","class_list":["post-22307","publicacoesdom","type-publicacoesdom","status-publish","hentry"],"acf":{"tipo_de_publicacao_diario":"34","e_retificacao":"1","origem_do_diario":"Poder Executivo","codigo_verificador":"fae7344ced0c67d005593087e7b2e6e35fa6e19d"},"_links":{"self":[{"href":"https:\/\/magalhaesdealmeida.ma.gov.br\/transparencia\/wp-json\/wp\/v2\/publicacoesdom\/22307","targetHints":{"allow":["GET"]}}],"collection":[{"href":"https:\/\/magalhaesdealmeida.ma.gov.br\/transparencia\/wp-json\/wp\/v2\/publicacoesdom"}],"about":[{"href":"https:\/\/magalhaesdealmeida.ma.gov.br\/transparencia\/wp-json\/wp\/v2\/types\/publicacoesdom"}],"author":[{"embeddable":true,"href":"https:\/\/magalhaesdealmeida.ma.gov.br\/transparencia\/wp-json\/wp\/v2\/users\/4"}],"wp:attachment":[{"href":"https:\/\/magalhaesdealmeida.ma.gov.br\/transparencia\/wp-json\/wp\/v2\/media?parent=22307"}],"curies":[{"name":"wp","href":"https:\/\/api.w.org\/{rel}","templated":true}]}}

LEI N.º 628 de 02 de julho de 2024

<p><strong>AUTORIZA A DOAÇÃO DE IMÓVEL DE PROPRIEDADE DO MUNICÍPIO DE MAGALHÃES DE ALMEIDA/MA À DEFENSORIA PÚBLICA DO ESTADO DO MARANHÃO, PARA FINS DE CONSTRUÇÃO E INSTALAÇÃO DE NÚCLEO ECOLÓGICO NO MUNICÍPIO.<br />
O PREFEITO MUNICIPAL DE MAGALHÃES DE ALMEIDA, ESTADO DO MARANHÃO</strong>, no uso de suas atribuições que lhe são conferidas por Lei, <strong>FAÇO</strong> <strong>SABER</strong> que a Câmara Municipal de Vereadores aprovou e eu <strong>SANCIONO</strong> a seguinte Lei:<br />
<strong>Art. 1º</strong> Fica o Poder Executivo Municipal autorizado a doar a <strong>DEFENSORIA PÚBLICA DO ESTADO DO MARANHÃO</strong>, pessoa jurídica de Direito Público CNPJ nº 00.820.295/0001-42, com sede na Avenida Júnior Coimbra, S/N, Renascença II, São Luís/MA, CEP 65075-696, neste ato representada pelo Defensor Público Geral do Estado do Maranhão, o Defensor <strong>GABRIEL SANTANA FURTADO SOARES</strong>, o imóvel localizado na Rua Manoel Tote, S/N, bairro do Centro, município de Magalhães de Almeida, tendo as seguintes coordenadas: P 01: -3.393969; -42.212886; P 02: -3.393598; -42.212662; P 03: &#8211; 3.393732; -42.212553; P 04: -3.393598 ; -42.212662, conforme Memorial Descritivo e Planta anexa.<br />
<strong>Art. 2º</strong> O imóvel objeto desta doação destinar-se-á à construção de um Núcleo Ecológico de atendimento, para assistência jurídica, integral e gratuita dos moradores da localidade, priorizando as diligências na solução dos problemas da comunidade, no âmbito administrativo e judicial.<br />
<strong>Art. 3º</strong> Aprovada a Lei, Fica o Poder Executivo Municipal se compromete a outorgar a escritura pública de doação.<br />
<strong>Art. 4° </strong>&#8211; Se no prazo de 24 (vinte e quatro) meses, a contar da data de publicação desta Lei, não se iniciarem as obras a que de refere o artigo anterior, o imóvel retomará ao Patrimônio Público Municipal.<br />
<strong>Art. 5° </strong>&#8211; Revoga-se a Lei Municipal n.º 616, de 26 de abril de 2024.<br />
<strong>Art. 6º</strong> Esta Lei entra em vigor na data de sua publicação.<br />
Palácio Benedito Lima e Silva, Gabinete do Prefeito Municipal de  Municipal de Magalhães de Almeida &#8211; MA, em 02 de julho de 2024. RAIMUNDO NONATO CARVALHO, Prefeito Municipal.</p>
