{"id":22646,"date":"2024-08-13T13:44:34","date_gmt":"2024-08-13T16:44:34","guid":{"rendered":"https:\/\/magalhaesdealmeida.ma.gov.br\/transparencia\/?post_type=publicacoesdom&#038;p=22646"},"modified":"2024-08-13T13:44:34","modified_gmt":"2024-08-13T16:44:34","slug":"portaria-n-o-110-2024-gab","status":"publish","type":"publicacoesdom","link":"https:\/\/magalhaesdealmeida.ma.gov.br\/transparencia\/publicacoesdom\/portaria-n-o-110-2024-gab\/","title":{"rendered":"PORTARIA N.\u00ba 110\/2024 &#8211; GAB"},"content":{"rendered":"<p><strong>\u201cDISP\u00d5E SOBRE A CONCESS\u00c3O DE LICEN\u00c7A PR\u00caMIO \u00c0 SERVIDORA OCUPANTE DE CARGO DE PROVIMENTO EFETIVO DA SECRETARIA MUNICIPAL DE SA\u00daDE DE MAGALH\u00c3ES DE ALMEIDA\/MA\u201d.<br \/>\n<\/strong>Prefeito Municipal de Magalh\u00e3es de Almeida, Estado do Maranh\u00e3o RAIMUNDO NONATO CARVALHO, no uso de suas atribui\u00e7\u00f5es legais previstas na Lei Org\u00e2nica do Munic\u00edpio Art. 67, VI e VIII, <strong>RESOLVE:<br \/>\n<\/strong><strong>Art. 1\u00ba <\/strong>Conceder Licen\u00e7a Pr\u00eamio \u00e0 servidora <strong>AMICELANIA ALVES RODRIGUES<\/strong>, CPF: 991.***.**3-59, matr\u00edcula 672, ocupante de cargo de <strong>T\u00c9CNICO DE ENFERMAGEM<\/strong>, P.S.F. Mundoca Freitas, do quadro de provimento efetivo da Secretaria Municipal de Sa\u00fade, de acordo com o art.\u00ba 70 da lei n.\u00b0 236\/98, Regime Jur\u00eddico \u00danico.<br \/>\n<strong>Par\u00e1grafo \u2013 \u00danico: <\/strong>A Licen\u00e7a Pr\u00eamio refere-se ao per\u00edodo de aquisi\u00e7\u00e3o de 01\/09\/2007 a 31\/08\/2012, que ser\u00e1 gozada do dia 12 de agosto de 2024 ao dia 10 de setembro de 2024.<br \/>\n<strong>Art. 2\u00ba &#8211; <\/strong>Esta portaria entra em vigor na data de sua publica\u00e7\u00e3o, tendo seus efeitos retroativos a 12 de agosto de 2024.<br \/>\nLeia-se, Publique-se e cumpra-se em Magalh\u00e3es de Almeida\/MA, 13 de agosto de 2024. RAIMUNDO NONATO CARVALHO, Prefeito Municipal.<\/p>\n","protected":false},"author":4,"template":"","class_list":["post-22646","publicacoesdom","type-publicacoesdom","status-publish","hentry"],"acf":{"tipo_de_publicacao_diario":"41","e_retificacao":"1","origem_do_diario":"Poder Executivo","codigo_verificador":"0a6c98df3b2b3b6103c12701c7de6f010f3cfb65"},"_links":{"self":[{"href":"https:\/\/magalhaesdealmeida.ma.gov.br\/transparencia\/wp-json\/wp\/v2\/publicacoesdom\/22646","targetHints":{"allow":["GET"]}}],"collection":[{"href":"https:\/\/magalhaesdealmeida.ma.gov.br\/transparencia\/wp-json\/wp\/v2\/publicacoesdom"}],"about":[{"href":"https:\/\/magalhaesdealmeida.ma.gov.br\/transparencia\/wp-json\/wp\/v2\/types\/publicacoesdom"}],"author":[{"embeddable":true,"href":"https:\/\/magalhaesdealmeida.ma.gov.br\/transparencia\/wp-json\/wp\/v2\/users\/4"}],"wp:attachment":[{"href":"https:\/\/magalhaesdealmeida.ma.gov.br\/transparencia\/wp-json\/wp\/v2\/media?parent=22646"}],"curies":[{"name":"wp","href":"https:\/\/api.w.org\/{rel}","templated":true}]}}

PORTARIA N.º 110/2024 &#8211; GAB

<p><strong>“DISPÕE SOBRE A CONCESSÃO DE LICENÇA PRÊMIO À SERVIDORA OCUPANTE DE CARGO DE PROVIMENTO EFETIVO DA SECRETARIA MUNICIPAL DE SAÚDE DE MAGALHÃES DE ALMEIDA/MA”.<br />
</strong>Prefeito Municipal de Magalhães de Almeida, Estado do Maranhão RAIMUNDO NONATO CARVALHO, no uso de suas atribuições legais previstas na Lei Orgânica do Município Art. 67, VI e VIII, <strong>RESOLVE:<br />
</strong><strong>Art. 1º </strong>Conceder Licença Prêmio à servidora <strong>AMICELANIA ALVES RODRIGUES</strong>, CPF: 991.***.**3-59, matrícula 672, ocupante de cargo de <strong>TÉCNICO DE ENFERMAGEM</strong>, P.S.F. Mundoca Freitas, do quadro de provimento efetivo da Secretaria Municipal de Saúde, de acordo com o art.º 70 da lei n.° 236/98, Regime Jurídico Único.<br />
<strong>Parágrafo – Único: </strong>A Licença Prêmio refere-se ao período de aquisição de 01/09/2007 a 31/08/2012, que será gozada do dia 12 de agosto de 2024 ao dia 10 de setembro de 2024.<br />
<strong>Art. 2º &#8211; </strong>Esta portaria entra em vigor na data de sua publicação, tendo seus efeitos retroativos a 12 de agosto de 2024.<br />
Leia-se, Publique-se e cumpra-se em Magalhães de Almeida/MA, 13 de agosto de 2024. RAIMUNDO NONATO CARVALHO, Prefeito Municipal.</p>
