{"id":22648,"date":"2024-08-13T13:50:09","date_gmt":"2024-08-13T16:50:09","guid":{"rendered":"https:\/\/magalhaesdealmeida.ma.gov.br\/transparencia\/?post_type=publicacoesdom&#038;p=22648"},"modified":"2024-08-13T13:50:09","modified_gmt":"2024-08-13T16:50:09","slug":"extrato-de-1o-termo-aditivo-prazo-ao-contrato-n-o-20230612002-2023-inexigibilidade-n-o-001-2023-processo-administrativo-n-o-202306039-2023","status":"publish","type":"publicacoesdom","link":"https:\/\/magalhaesdealmeida.ma.gov.br\/transparencia\/publicacoesdom\/extrato-de-1o-termo-aditivo-prazo-ao-contrato-n-o-20230612002-2023-inexigibilidade-n-o-001-2023-processo-administrativo-n-o-202306039-2023\/","title":{"rendered":"EXTRATO DE 1\u00ba TERMO ADITIVO PRAZO AO CONTRATO N.\u00ba 20230612002\/2023 &#8211; INEXIGIBILIDADE N.\u00ba 001\/2023 &#8211; PROCESSO ADMINISTRATIVO N.\u00ba 202306039\/2023"},"content":{"rendered":"<p><strong>CONTRATANTE:<\/strong> PREFEITURA MUNICIPAL DE MAGALH\u00c3ES DE ALMEIDA\/MA, CNPJ: 06.*.976\/0001-*, <strong>REPRESENTANTE: <\/strong>FRANCISCO DE ASSIS ARAG\u00c3O, CPF: 376.*.208-* E JO\u00c3O AZ\u00caDO SOCIEDADE DE ADVOGADOS, CNPJ: 05.500.*\/0001-*, REPRESENTANTE LEGAL JO\u00c3O ULISSES DE BRITTO AZ\u00caDO, CPF: 800.*.204-*, CELEBRAM O PRESENTE TERMO ADITIVO DE PRAZO, CONFORME ARTIGO 57, INCISO I, DA LEI N.\u00b0 8.666\/93, E SUAS ALTERA\u00c7\u00d5ES, OU QUALQUER OUTRA LEI DE LICITA\u00c7\u00d5ES QUE ENTRAR EM VIGOR. <strong>VIG\u00caNCIA: <\/strong>31\/12\/2024. <strong>VALOR DO CONTRATO ORIGINAL:<\/strong> REMUNERA\u00c7\u00c3O HONOR\u00c1RIA FIXA E IRREAJUST\u00c1VEL, CORRESPONDENTE A R$ 0,12 (DOZE CENTAVOS) PARA CADA R$ 1,00 (UM REAL) DO MONTANTE RECUPERADO AOS COFRES MUNICIPAIS E CONDICIONADO A QUE ISSO VENHA A OCORRER. <strong>OBJETO: <\/strong>SERVI\u00c7OS JUR\u00cdDICOS ESPECIALIZADOS VISANDO \u00c0 CONTRATA\u00c7\u00c3O DE SERVI\u00c7OS ADVOCAT\u00cdCIOS PARA QUE PATROCINE DEMANDA JUDICIAL (CUMPRIMENTO DE SENTEN\u00c7A \u2013 PROCESSO N.\u00ba 0050616-27.1999.4.03.6100) VISANDO A RECUPERA\u00c7\u00c3O DOS VALORES QUE DEIXARAM DE SER REPASSADOS TEMPESTIVAMENTE AO MUNIC\u00cdPIO EM RAZ\u00c3O DA FIXA\u00c7\u00c3O A MENOR DO VALOR M\u00cdNIMO ANUAL POR ALUNO \u2013 VMAA. <strong>DOTA\u00c7\u00c3O:<\/strong> 04.122.0051.1129.0000 &#8211; MANUT. E FUNC. DA PROCURADORIA GERAL DO MUNICIPIO, &#8211; ELEMENTO DE DESPESA: 339039 \u2013 OUTROS SERVI\u00c7OS DE TERCEIROS PESSOA JUR\u00cdDICOS, CONSTANTES DO OR\u00c7AMENTO VIGENTE. MAGALH\u00c3ES DE ALMEIDA\/MA, 13\/06\/2024. FRANCISCO DE ASSIS ARAG\u00c3O, GESTOR FINANCEIRO PMMA-MA.<\/p>\n","protected":false},"author":4,"template":"","class_list":["post-22648","publicacoesdom","type-publicacoesdom","status-publish","hentry"],"acf":{"tipo_de_publicacao_diario":"28","e_retificacao":"1","origem_do_diario":"Poder Executivo","codigo_verificador":"721791eb11dceb9b1005677b5f2f8d5b844700e2"},"_links":{"self":[{"href":"https:\/\/magalhaesdealmeida.ma.gov.br\/transparencia\/wp-json\/wp\/v2\/publicacoesdom\/22648","targetHints":{"allow":["GET"]}}],"collection":[{"href":"https:\/\/magalhaesdealmeida.ma.gov.br\/transparencia\/wp-json\/wp\/v2\/publicacoesdom"}],"about":[{"href":"https:\/\/magalhaesdealmeida.ma.gov.br\/transparencia\/wp-json\/wp\/v2\/types\/publicacoesdom"}],"author":[{"embeddable":true,"href":"https:\/\/magalhaesdealmeida.ma.gov.br\/transparencia\/wp-json\/wp\/v2\/users\/4"}],"wp:attachment":[{"href":"https:\/\/magalhaesdealmeida.ma.gov.br\/transparencia\/wp-json\/wp\/v2\/media?parent=22648"}],"curies":[{"name":"wp","href":"https:\/\/api.w.org\/{rel}","templated":true}]}}

EXTRATO DE 1º TERMO ADITIVO PRAZO AO CONTRATO N.º 20230612002/2023 &#8211; INEXIGIBILIDADE N.º 001/2023 &#8211; PROCESSO ADMINISTRATIVO N.º 202306039/2023

<p><strong>CONTRATANTE:</strong> PREFEITURA MUNICIPAL DE MAGALHÃES DE ALMEIDA/MA, CNPJ: 06.*.976/0001-*, <strong>REPRESENTANTE: </strong>FRANCISCO DE ASSIS ARAGÃO, CPF: 376.*.208-* E JOÃO AZÊDO SOCIEDADE DE ADVOGADOS, CNPJ: 05.500.*/0001-*, REPRESENTANTE LEGAL JOÃO ULISSES DE BRITTO AZÊDO, CPF: 800.*.204-*, CELEBRAM O PRESENTE TERMO ADITIVO DE PRAZO, CONFORME ARTIGO 57, INCISO I, DA LEI N.° 8.666/93, E SUAS ALTERAÇÕES, OU QUALQUER OUTRA LEI DE LICITAÇÕES QUE ENTRAR EM VIGOR. <strong>VIGÊNCIA: </strong>31/12/2024. <strong>VALOR DO CONTRATO ORIGINAL:</strong> REMUNERAÇÃO HONORÁRIA FIXA E IRREAJUSTÁVEL, CORRESPONDENTE A R$ 0,12 (DOZE CENTAVOS) PARA CADA R$ 1,00 (UM REAL) DO MONTANTE RECUPERADO AOS COFRES MUNICIPAIS E CONDICIONADO A QUE ISSO VENHA A OCORRER. <strong>OBJETO: </strong>SERVIÇOS JURÍDICOS ESPECIALIZADOS VISANDO À CONTRATAÇÃO DE SERVIÇOS ADVOCATÍCIOS PARA QUE PATROCINE DEMANDA JUDICIAL (CUMPRIMENTO DE SENTENÇA – PROCESSO N.º 0050616-27.1999.4.03.6100) VISANDO A RECUPERAÇÃO DOS VALORES QUE DEIXARAM DE SER REPASSADOS TEMPESTIVAMENTE AO MUNICÍPIO EM RAZÃO DA FIXAÇÃO A MENOR DO VALOR MÍNIMO ANUAL POR ALUNO – VMAA. <strong>DOTAÇÃO:</strong> 04.122.0051.1129.0000 &#8211; MANUT. E FUNC. DA PROCURADORIA GERAL DO MUNICIPIO, &#8211; ELEMENTO DE DESPESA: 339039 – OUTROS SERVIÇOS DE TERCEIROS PESSOA JURÍDICOS, CONSTANTES DO ORÇAMENTO VIGENTE. MAGALHÃES DE ALMEIDA/MA, 13/06/2024. FRANCISCO DE ASSIS ARAGÃO, GESTOR FINANCEIRO PMMA-MA.</p>
