{"id":22919,"date":"2024-10-10T16:06:22","date_gmt":"2024-10-10T19:06:22","guid":{"rendered":"https:\/\/magalhaesdealmeida.ma.gov.br\/transparencia\/?post_type=publicacoesdom&#038;p=22919"},"modified":"2024-10-10T17:11:36","modified_gmt":"2024-10-10T20:11:36","slug":"extrato-do-contrato-n-o-20240617004-2024-processo-administrativo-n-o-202311077-2023-pe-srp-n-o-053-2023-cpl","status":"publish","type":"publicacoesdom","link":"https:\/\/magalhaesdealmeida.ma.gov.br\/transparencia\/publicacoesdom\/extrato-do-contrato-n-o-20240617004-2024-processo-administrativo-n-o-202311077-2023-pe-srp-n-o-053-2023-cpl\/","title":{"rendered":"EXTRATO DO CONTRATO N.\u00ba 20240617004\/2024 &#8211; PROCESSO ADMINISTRATIVO N.\u00ba 202311077\/2023 &#8211; CPL &#8211; PE SRP N.\u00ba 053\/2023"},"content":{"rendered":"<p><strong>CONTRATANTE:<\/strong> PREFEITURA MUNICIPAL DE MAGALH\u00c3ES DE ALMEIDA, CNPJ SOB O N.\u00ba 06.***.***\/0001-09, SECRETARIA MUNICIPAL DE ADMINISTRA\u00c7\u00c3O &#8211; SEMAD, SECRETARIA MUNICIPAL DE EDUCA\u00c7\u00c3O, CI\u00caNCIAS, TECNOLOGIA E INOVA\u00c7\u00c3O &#8211; SEMECTI, SECRETARIA MUNICIPAL DE SA\u00daDE &#8211; SEMUS E SECRETARIA MUNICIPAL DE ASSIST\u00caNCIA SOCIAL &#8211; SEMAS. <strong>REPRESENTANTE GESTOR RESPONS\u00c1VEL: <\/strong>SR. FRANCISCO DE ASSIS ARAG\u00c3O, PORTADOR DO CPF N.\u00ba 376.***.208-**, E A CONTRATADA EMPRESA F. P. SOARES COMERCIO E SERVI\u00c7OS LTDA, SITUADA NA AVENIDA 13, N.\u00ba 41D, QUADRA A, MAIOB\u00c3O, CEP: 65130-000, NA CIDADE DE PA\u00c7O DO LUMIAR\/MA, <strong>REPRESENTANTE:<\/strong> SR. FERNANDO PINHEIRO SOARES, CPF N.\u00ba 056.***.793-**, A SEGUIR DENOMINADA CONTRATADA. <strong>OBJETO:<\/strong> CONTRATA\u00c7\u00c3O MANUTEN\u00c7\u00c3O DE VE\u00cdCULOS PARA ATENDIMENTO DA PREFEITURA DO MUNIC\u00cdPIO DE MAGALH\u00c3ES DE ALMEIDA\/MA. <strong>FUNDAMENTO LEGAL:<\/strong> PREG\u00c3O ELETR\u00d4NICO SRP N.\u00ba 053\/2023 E REGE- SE PELAS DISPOSI\u00c7\u00d5ES EXPRESSAS NA LEI N.\u00ba 10.520\/02, DECRETO N.\u00ba 10.024\/19 E SUBSIDIARIAMENTE, NO QUE COUBER, AS DISPOSI\u00c7\u00d5ES DA LEI N.\u00ba 8.666\/93 E SUAS ALTERA\u00c7\u00d5ES POSTERIORES E PELOS PRECEITOS DE DIREITO P\u00daBLICO. <strong>VALOR CONTRATUAL:<\/strong> R$ 1.875.000,00 (UM MILH\u00c3O E OITOCENTOS E SETENTA E CINCO MIL REAIS). <strong>DOTA\u00c7\u00c3O:<\/strong> 04.122.0050.2006.0000 &#8211; MANUT. E FUNC. DA SECRETARIA DE ADMINISTRA\u00c7\u00c3O. 3. 3. 90. 39 &#8211; OUTROS SERVI\u00c7OS DE TERCEIROS &#8211; PESSOA JUR\u00edDICA. 08.122.0050.2111.0000 &#8211; MANUT. E FUNC. DA SEC. MUNICIPAL DE ASSIST\u00caNCIA SOCIAL. 3. 3. 90. 39 &#8211; OUTROS SERVI\u00c7OS DE TERCEIROS &#8211; PESSOA JUR\u00edDICA. 10.122.0050.2043.0000 &#8211; MANUT. E FUNC. DA SECRETARIA MUNICIPAL DE SA\u00daDE. 3. 3. 90. 39 OUTROS SERVI\u00c7OS DE TERCEIROS &#8211; PESSOA JUR1DICA. 12.361.0050.2013.0000 &#8211; MANUT. DA SEC. MUN. DE EDUCA\u00c7\u00c3O, CI\u00caNCIA, TECNOLOGIA E INOVA\u00c7\u00c3O. 3. 3. 90. 39 OUTROS SERVI\u00c7OS DE TERCEIROS &#8211; PESSOA JUR\u00edDICA. <strong>VIG\u00caNCIA:<\/strong> 12 MESES. MAGALH\u00c3ES DE ALMEIDA\/MA, 17 DE JUNHO DE 2024. FRANCISCO DE ASSIS ARAG\u00c3O, SECRET\u00c1RIO MUNICIPAL DE FINAN\u00c7AS\/GESTOR FINANCEIRO.<\/p>\n","protected":false},"author":4,"template":"","class_list":["post-22919","publicacoesdom","type-publicacoesdom","status-publish","hentry"],"acf":{"tipo_de_publicacao_diario":"28","e_retificacao":"1","origem_do_diario":"Poder Executivo","codigo_verificador":"288a38ba02597b389053952bd29575635094a57b"},"_links":{"self":[{"href":"https:\/\/magalhaesdealmeida.ma.gov.br\/transparencia\/wp-json\/wp\/v2\/publicacoesdom\/22919","targetHints":{"allow":["GET"]}}],"collection":[{"href":"https:\/\/magalhaesdealmeida.ma.gov.br\/transparencia\/wp-json\/wp\/v2\/publicacoesdom"}],"about":[{"href":"https:\/\/magalhaesdealmeida.ma.gov.br\/transparencia\/wp-json\/wp\/v2\/types\/publicacoesdom"}],"author":[{"embeddable":true,"href":"https:\/\/magalhaesdealmeida.ma.gov.br\/transparencia\/wp-json\/wp\/v2\/users\/4"}],"wp:attachment":[{"href":"https:\/\/magalhaesdealmeida.ma.gov.br\/transparencia\/wp-json\/wp\/v2\/media?parent=22919"}],"curies":[{"name":"wp","href":"https:\/\/api.w.org\/{rel}","templated":true}]}}

EXTRATO DO CONTRATO N.º 20240617004/2024 &#8211; PROCESSO ADMINISTRATIVO N.º 202311077/2023 &#8211; CPL &#8211; PE SRP N.º 053/2023

<p><strong>CONTRATANTE:</strong> PREFEITURA MUNICIPAL DE MAGALHÃES DE ALMEIDA, CNPJ SOB O N.º 06.***.***/0001-09, SECRETARIA MUNICIPAL DE ADMINISTRAÇÃO &#8211; SEMAD, SECRETARIA MUNICIPAL DE EDUCAÇÃO, CIÊNCIAS, TECNOLOGIA E INOVAÇÃO &#8211; SEMECTI, SECRETARIA MUNICIPAL DE SAÚDE &#8211; SEMUS E SECRETARIA MUNICIPAL DE ASSISTÊNCIA SOCIAL &#8211; SEMAS. <strong>REPRESENTANTE GESTOR RESPONSÁVEL: </strong>SR. FRANCISCO DE ASSIS ARAGÃO, PORTADOR DO CPF N.º 376.***.208-**, E A CONTRATADA EMPRESA F. P. SOARES COMERCIO E SERVIÇOS LTDA, SITUADA NA AVENIDA 13, N.º 41D, QUADRA A, MAIOBÃO, CEP: 65130-000, NA CIDADE DE PAÇO DO LUMIAR/MA, <strong>REPRESENTANTE:</strong> SR. FERNANDO PINHEIRO SOARES, CPF N.º 056.***.793-**, A SEGUIR DENOMINADA CONTRATADA. <strong>OBJETO:</strong> CONTRATAÇÃO MANUTENÇÃO DE VEÍCULOS PARA ATENDIMENTO DA PREFEITURA DO MUNICÍPIO DE MAGALHÃES DE ALMEIDA/MA. <strong>FUNDAMENTO LEGAL:</strong> PREGÃO ELETRÔNICO SRP N.º 053/2023 E REGE- SE PELAS DISPOSIÇÕES EXPRESSAS NA LEI N.º 10.520/02, DECRETO N.º 10.024/19 E SUBSIDIARIAMENTE, NO QUE COUBER, AS DISPOSIÇÕES DA LEI N.º 8.666/93 E SUAS ALTERAÇÕES POSTERIORES E PELOS PRECEITOS DE DIREITO PÚBLICO. <strong>VALOR CONTRATUAL:</strong> R$ 1.875.000,00 (UM MILHÃO E OITOCENTOS E SETENTA E CINCO MIL REAIS). <strong>DOTAÇÃO:</strong> 04.122.0050.2006.0000 &#8211; MANUT. E FUNC. DA SECRETARIA DE ADMINISTRAÇÃO. 3. 3. 90. 39 &#8211; OUTROS SERVIÇOS DE TERCEIROS &#8211; PESSOA JURíDICA. 08.122.0050.2111.0000 &#8211; MANUT. E FUNC. DA SEC. MUNICIPAL DE ASSISTÊNCIA SOCIAL. 3. 3. 90. 39 &#8211; OUTROS SERVIÇOS DE TERCEIROS &#8211; PESSOA JURíDICA. 10.122.0050.2043.0000 &#8211; MANUT. E FUNC. DA SECRETARIA MUNICIPAL DE SAÚDE. 3. 3. 90. 39 OUTROS SERVIÇOS DE TERCEIROS &#8211; PESSOA JUR1DICA. 12.361.0050.2013.0000 &#8211; MANUT. DA SEC. MUN. DE EDUCAÇÃO, CIÊNCIA, TECNOLOGIA E INOVAÇÃO. 3. 3. 90. 39 OUTROS SERVIÇOS DE TERCEIROS &#8211; PESSOA JURíDICA. <strong>VIGÊNCIA:</strong> 12 MESES. MAGALHÃES DE ALMEIDA/MA, 17 DE JUNHO DE 2024. FRANCISCO DE ASSIS ARAGÃO, SECRETÁRIO MUNICIPAL DE FINANÇAS/GESTOR FINANCEIRO.</p>
