{"id":22969,"date":"2024-10-21T11:47:05","date_gmt":"2024-10-21T14:47:05","guid":{"rendered":"https:\/\/magalhaesdealmeida.ma.gov.br\/transparencia\/?post_type=publicacoesdom&#038;p=22969"},"modified":"2024-10-21T11:47:05","modified_gmt":"2024-10-21T14:47:05","slug":"portaria-no-126-2024-gab","status":"publish","type":"publicacoesdom","link":"https:\/\/magalhaesdealmeida.ma.gov.br\/transparencia\/publicacoesdom\/portaria-no-126-2024-gab\/","title":{"rendered":"PORTARIA N\u00ba 126\/2024 &#8211; GAB"},"content":{"rendered":"<p><strong><u>PORTARIA DE EXONERA\u00c7\u00c3O &#8211; <\/u><\/strong>Institui a <strong>EXONERA\u00c7\u00c3O<\/strong>, da Sra. <strong>PRISCILA DA SILVA ARA\u00daJO<\/strong> do cargo de <strong>AUXILIAR DE SALA (DAI).<br \/>\n<\/strong><strong>PREFEITO MUNICIPAL DE MAGALH\u00c3ES DE ALMEIDA-MA, Estado do Maranh\u00e3o,<\/strong> no uso de suas atribui\u00e7\u00f5es legais e de conformidade com a Lei Org\u00e2nica Municipal art. 67, inciso VI e VIII, <strong><u>RESOLVE<\/u><\/strong><strong>:<br \/>\n<\/strong><strong>Art. 1\u00ba<\/strong> &#8211; <strong>EXONERAR, <\/strong>a Sra.<strong> PRISCILA DA SILVA ARAUJO<\/strong>, brasileira, solteira, maior, capaz, <strong>Matr\u00edcula n\u00b0 3309-6<\/strong>, portador do <strong>CPF n\u00ba 615.***.**3-55 RG: 04926*****13-3-SSP\/MA<\/strong> do cargo de <strong>AUXILIAR DE SALA (DAI), <\/strong>lotado na<strong> Secretaria Municipal de Educa\u00e7\u00e3o, Ci\u00eancias, Tecnologia e Inova\u00e7\u00e3o &#8211; SEMECTI.<br \/>\n<\/strong><strong>Art. 2\u00ba<\/strong> &#8211; Esta Portaria entra em vigor na data de sua publica\u00e7\u00e3o. Revogadas as disposi\u00e7\u00f5es em contr\u00e1rio.<br \/>\nLeia-se, Publique-se e Cumpra-se, em Magalh\u00e3es de Almeida\/MA, 21 de outubro de 2024. RAIMUNDO NONATO CARVALHO, Prefeito Municipal<\/p>\n","protected":false},"author":4,"template":"","class_list":["post-22969","publicacoesdom","type-publicacoesdom","status-publish","hentry"],"acf":{"tipo_de_publicacao_diario":"41","e_retificacao":"1","origem_do_diario":"Poder Executivo","codigo_verificador":"19475d6a90533cb66296d667a19c0aad85ea27b5"},"_links":{"self":[{"href":"https:\/\/magalhaesdealmeida.ma.gov.br\/transparencia\/wp-json\/wp\/v2\/publicacoesdom\/22969","targetHints":{"allow":["GET"]}}],"collection":[{"href":"https:\/\/magalhaesdealmeida.ma.gov.br\/transparencia\/wp-json\/wp\/v2\/publicacoesdom"}],"about":[{"href":"https:\/\/magalhaesdealmeida.ma.gov.br\/transparencia\/wp-json\/wp\/v2\/types\/publicacoesdom"}],"author":[{"embeddable":true,"href":"https:\/\/magalhaesdealmeida.ma.gov.br\/transparencia\/wp-json\/wp\/v2\/users\/4"}],"wp:attachment":[{"href":"https:\/\/magalhaesdealmeida.ma.gov.br\/transparencia\/wp-json\/wp\/v2\/media?parent=22969"}],"curies":[{"name":"wp","href":"https:\/\/api.w.org\/{rel}","templated":true}]}}

PORTARIA Nº 126/2024 &#8211; GAB

<p><strong><u>PORTARIA DE EXONERAÇÃO &#8211; </u></strong>Institui a <strong>EXONERAÇÃO</strong>, da Sra. <strong>PRISCILA DA SILVA ARAÚJO</strong> do cargo de <strong>AUXILIAR DE SALA (DAI).<br />
</strong><strong>PREFEITO MUNICIPAL DE MAGALHÃES DE ALMEIDA-MA, Estado do Maranhão,</strong> no uso de suas atribuições legais e de conformidade com a Lei Orgânica Municipal art. 67, inciso VI e VIII, <strong><u>RESOLVE</u></strong><strong>:<br />
</strong><strong>Art. 1º</strong> &#8211; <strong>EXONERAR, </strong>a Sra.<strong> PRISCILA DA SILVA ARAUJO</strong>, brasileira, solteira, maior, capaz, <strong>Matrícula n° 3309-6</strong>, portador do <strong>CPF nº 615.***.**3-55 RG: 04926*****13-3-SSP/MA</strong> do cargo de <strong>AUXILIAR DE SALA (DAI), </strong>lotado na<strong> Secretaria Municipal de Educação, Ciências, Tecnologia e Inovação &#8211; SEMECTI.<br />
</strong><strong>Art. 2º</strong> &#8211; Esta Portaria entra em vigor na data de sua publicação. Revogadas as disposições em contrário.<br />
Leia-se, Publique-se e Cumpra-se, em Magalhães de Almeida/MA, 21 de outubro de 2024. RAIMUNDO NONATO CARVALHO, Prefeito Municipal</p>
