{"id":23055,"date":"2024-11-04T10:00:42","date_gmt":"2024-11-04T13:00:42","guid":{"rendered":"https:\/\/magalhaesdealmeida.ma.gov.br\/transparencia\/?post_type=publicacoesdom&#038;p=23055"},"modified":"2024-11-04T10:00:42","modified_gmt":"2024-11-04T13:00:42","slug":"portaria-n-o-142-2024-gab","status":"publish","type":"publicacoesdom","link":"https:\/\/magalhaesdealmeida.ma.gov.br\/transparencia\/publicacoesdom\/portaria-n-o-142-2024-gab\/","title":{"rendered":"PORTARIA N.\u00ba 142\/2024 \u2013 GAB"},"content":{"rendered":"<p><strong>\u201cDISP\u00d5E SOBRE A CONCESS\u00c3O DE LICEN\u00c7A PR\u00caMIO \u00c0 SERVIDORA OCUPANTE DE CARGO DE PROVIMENTO EFETIVO DA SECRETARIA MUNICIPAL DE SA\u00daDE DE MAGALH\u00c3ES DE ALMEIDA-MA\u201d.<br \/>\n<\/strong><strong>Prefeito Municipal de Magalh\u00e3es de Almeida, Estado do Maranh\u00e3o RAIMUNDO NONATO CARVALHO<\/strong>, no uso de suas atribui\u00e7\u00f5es legais previstas na Lei Org\u00e2nica do Munic\u00edpio Art. 67, VI e VIII. <strong>RESOLVE:<br \/>\n<\/strong><strong>Art. 1\u00ba <\/strong>Conceder Licen\u00e7a Pr\u00eamio \u00e0 servidora <strong>NADIA FERREIRA DE CARVALHO<\/strong>, CPF: 003.***.**3-66, matr\u00edcula 705, ocupante de cargo de AUXILIAR OPERACIONAL DE SERVI\u00c7OS DIVERSOS &#8211; AOSD, lotada na U.B.S Mundoca Freitas, do quadro de provimento efetivo da Secretaria Municipal de Sa\u00fade, de acordo com o art.\u00ba 70 da lei n\u00b0 236\/98, Regime Jur\u00eddico \u00danico.<br \/>\n<strong>Par\u00e1grafo \u2013 \u00danico: <\/strong>A Licen\u00e7a Pr\u00eamio refere-se ao per\u00edodo de aquisi\u00e7\u00e3o de 01\/09\/2012 a 31\/08\/2017, que ser\u00e1 gozada do dia 01 de novembro de 2024 ao dia 30 de novembro de 2024.<br \/>\n<strong>Art. 2\u00ba &#8211; <\/strong>Esta portaria entra em vigor na data de sua publica\u00e7\u00e3o, tendo seus efeitos retroativos \u00e0 30 de outubro de 2024, revogada as disposi\u00e7\u00f5es em contr\u00e1rio.<br \/>\nLeia-se, Publique-se e cumpra-se em Magalh\u00e3es de Almeida\/MA, 04 de novembro de 2024. RAIMUNDO NONATO CARVALHO, Prefeito Municipal<\/p>\n","protected":false},"author":4,"template":"","class_list":["post-23055","publicacoesdom","type-publicacoesdom","status-publish","hentry"],"acf":{"tipo_de_publicacao_diario":"41","e_retificacao":"1","origem_do_diario":"Poder Executivo","codigo_verificador":"e0568e7d016c8e429b4a8cc66bdfdc6ea2a71cfc"},"_links":{"self":[{"href":"https:\/\/magalhaesdealmeida.ma.gov.br\/transparencia\/wp-json\/wp\/v2\/publicacoesdom\/23055","targetHints":{"allow":["GET"]}}],"collection":[{"href":"https:\/\/magalhaesdealmeida.ma.gov.br\/transparencia\/wp-json\/wp\/v2\/publicacoesdom"}],"about":[{"href":"https:\/\/magalhaesdealmeida.ma.gov.br\/transparencia\/wp-json\/wp\/v2\/types\/publicacoesdom"}],"author":[{"embeddable":true,"href":"https:\/\/magalhaesdealmeida.ma.gov.br\/transparencia\/wp-json\/wp\/v2\/users\/4"}],"wp:attachment":[{"href":"https:\/\/magalhaesdealmeida.ma.gov.br\/transparencia\/wp-json\/wp\/v2\/media?parent=23055"}],"curies":[{"name":"wp","href":"https:\/\/api.w.org\/{rel}","templated":true}]}}

PORTARIA N.º 142/2024 – GAB

<p><strong>“DISPÕE SOBRE A CONCESSÃO DE LICENÇA PRÊMIO À SERVIDORA OCUPANTE DE CARGO DE PROVIMENTO EFETIVO DA SECRETARIA MUNICIPAL DE SAÚDE DE MAGALHÃES DE ALMEIDA-MA”.<br />
</strong><strong>Prefeito Municipal de Magalhães de Almeida, Estado do Maranhão RAIMUNDO NONATO CARVALHO</strong>, no uso de suas atribuições legais previstas na Lei Orgânica do Município Art. 67, VI e VIII. <strong>RESOLVE:<br />
</strong><strong>Art. 1º </strong>Conceder Licença Prêmio à servidora <strong>NADIA FERREIRA DE CARVALHO</strong>, CPF: 003.***.**3-66, matrícula 705, ocupante de cargo de AUXILIAR OPERACIONAL DE SERVIÇOS DIVERSOS &#8211; AOSD, lotada na U.B.S Mundoca Freitas, do quadro de provimento efetivo da Secretaria Municipal de Saúde, de acordo com o art.º 70 da lei n° 236/98, Regime Jurídico Único.<br />
<strong>Parágrafo – Único: </strong>A Licença Prêmio refere-se ao período de aquisição de 01/09/2012 a 31/08/2017, que será gozada do dia 01 de novembro de 2024 ao dia 30 de novembro de 2024.<br />
<strong>Art. 2º &#8211; </strong>Esta portaria entra em vigor na data de sua publicação, tendo seus efeitos retroativos à 30 de outubro de 2024, revogada as disposições em contrário.<br />
Leia-se, Publique-se e cumpra-se em Magalhães de Almeida/MA, 04 de novembro de 2024. RAIMUNDO NONATO CARVALHO, Prefeito Municipal</p>
