{"id":23162,"date":"2024-11-22T11:00:05","date_gmt":"2024-11-22T14:00:05","guid":{"rendered":"https:\/\/magalhaesdealmeida.ma.gov.br\/transparencia\/?post_type=publicacoesdom&#038;p=23162"},"modified":"2024-11-22T14:11:44","modified_gmt":"2024-11-22T17:11:44","slug":"lei-no-641-de-22-de-novembro-de-2024","status":"publish","type":"publicacoesdom","link":"https:\/\/magalhaesdealmeida.ma.gov.br\/transparencia\/publicacoesdom\/lei-no-641-de-22-de-novembro-de-2024\/","title":{"rendered":"LEI N.\u00ba 641 de 22 de novembro de 2024."},"content":{"rendered":"<p><strong>ALTERA A LEI N.\u00ba 611 DE 27 DE MAR\u00c7O DE 2024, QUE DISP\u00d5E SOBRE DENOMINA\u00c7\u00c3O DE DUAS PRA\u00c7AS P\u00daBLICAS NA SEDE DO MUNICIPIO, DANDO NOVA REDA\u00c7\u00c3O AO ARTIGO 2\u00ba E D\u00c1 OUTRAS PROVID\u00caNCIAS.<br \/>\n<\/strong><strong>O PREFEITO MUNICIPAL DE MAGALH\u00c3ES DE ALMEIDA, ESTADO DO MARANH\u00c3O,<\/strong> no uso de suas atribui\u00e7\u00f5es que lhe s\u00e3o conferidas por Lei, <strong>FA\u00c7O SABER<\/strong> que a C\u00e2mara Municipal de Vereadores aprovou e eu <strong>SANCIONO<\/strong> a seguinte Lei:<br \/>\n<strong>Art. 1\u00ba<\/strong> &#8211; O artigo 2\u00ba da Lei n.\u00ba 611, de 27 de mar\u00e7o de 2024 &#8211; DISP\u00d5E SOBRE DENOMINA\u00c7\u00c3O DE DUAS PRA\u00c7AS P\u00daBLICAS NA SEDE DO MUNIC\u00cdPIO, passa a vigorar com a seguinte reda\u00e7\u00e3o:<br \/>\n<strong>Art. 2\u00ba<\/strong> &#8211; A Pra\u00e7a P\u00fablica situada entre a Rua Benedito Rom\u00e3o de Sousa e a Rua Rosa Costa, fica denominada de Pra\u00e7a \u201cFARAHDIBA CARVALHO SILVA SANTOS\u201d, <strong>e a Pra\u00e7a P\u00fablica situada entre a Avenida Get\u00falio Vargas e a Rua Pedro Spindola Moreira, fica denominada de \u201cPRA\u00c7A JOS\u00c9 LE\u00c3O NETO &#8211; (ZEQUINHA LE\u00c3O)\u201d.<br \/>\n<\/strong><strong>Par\u00e1grafo \u00danico<\/strong> \u2013 A presente Lei homenageia a senhora Farahdiba Carvalho Silva Santos e o senhor Jos\u00e9 Le\u00e3o Neto (Zequinha Le\u00e3o), perpetuando seus nomes em reconhecimento por suas colabora\u00e7\u00f5es no desenvolvimento do nosso munic\u00edpio.<br \/>\n<strong>Art. 3\u00ba<\/strong> &#8211; Esta Lei entra em vigor na data de sua publica\u00e7\u00e3o. Revogam-se as disposi\u00e7\u00f5es contr\u00e1rias.<br \/>\nPal\u00e1cio Benedito Lima e Silva, Gabinete do Prefeito Municipal de Magalh\u00e3es de Almeida &#8211; MA, em 22 de novembro de 2024. RAIMUNDO NONATO CARVALHO, Prefeito Municipal.<\/p>\n","protected":false},"author":4,"template":"","class_list":["post-23162","publicacoesdom","type-publicacoesdom","status-publish","hentry"],"acf":{"tipo_de_publicacao_diario":"34","e_retificacao":"1","origem_do_diario":"Poder Executivo","codigo_verificador":"99dafe6c35202cfcc9582c3b8360ef66b4ddaf3e"},"_links":{"self":[{"href":"https:\/\/magalhaesdealmeida.ma.gov.br\/transparencia\/wp-json\/wp\/v2\/publicacoesdom\/23162","targetHints":{"allow":["GET"]}}],"collection":[{"href":"https:\/\/magalhaesdealmeida.ma.gov.br\/transparencia\/wp-json\/wp\/v2\/publicacoesdom"}],"about":[{"href":"https:\/\/magalhaesdealmeida.ma.gov.br\/transparencia\/wp-json\/wp\/v2\/types\/publicacoesdom"}],"author":[{"embeddable":true,"href":"https:\/\/magalhaesdealmeida.ma.gov.br\/transparencia\/wp-json\/wp\/v2\/users\/4"}],"wp:attachment":[{"href":"https:\/\/magalhaesdealmeida.ma.gov.br\/transparencia\/wp-json\/wp\/v2\/media?parent=23162"}],"curies":[{"name":"wp","href":"https:\/\/api.w.org\/{rel}","templated":true}]}}

LEI N.º 641 de 22 de novembro de 2024.

<p><strong>ALTERA A LEI N.º 611 DE 27 DE MARÇO DE 2024, QUE DISPÕE SOBRE DENOMINAÇÃO DE DUAS PRAÇAS PÚBLICAS NA SEDE DO MUNICIPIO, DANDO NOVA REDAÇÃO AO ARTIGO 2º E DÁ OUTRAS PROVIDÊNCIAS.<br />
</strong><strong>O PREFEITO MUNICIPAL DE MAGALHÃES DE ALMEIDA, ESTADO DO MARANHÃO,</strong> no uso de suas atribuições que lhe são conferidas por Lei, <strong>FAÇO SABER</strong> que a Câmara Municipal de Vereadores aprovou e eu <strong>SANCIONO</strong> a seguinte Lei:<br />
<strong>Art. 1º</strong> &#8211; O artigo 2º da Lei n.º 611, de 27 de março de 2024 &#8211; DISPÕE SOBRE DENOMINAÇÃO DE DUAS PRAÇAS PÚBLICAS NA SEDE DO MUNICÍPIO, passa a vigorar com a seguinte redação:<br />
<strong>Art. 2º</strong> &#8211; A Praça Pública situada entre a Rua Benedito Romão de Sousa e a Rua Rosa Costa, fica denominada de Praça “FARAHDIBA CARVALHO SILVA SANTOS”, <strong>e a Praça Pública situada entre a Avenida Getúlio Vargas e a Rua Pedro Spindola Moreira, fica denominada de “PRAÇA JOSÉ LEÃO NETO &#8211; (ZEQUINHA LEÃO)”.<br />
</strong><strong>Parágrafo Único</strong> – A presente Lei homenageia a senhora Farahdiba Carvalho Silva Santos e o senhor José Leão Neto (Zequinha Leão), perpetuando seus nomes em reconhecimento por suas colaborações no desenvolvimento do nosso município.<br />
<strong>Art. 3º</strong> &#8211; Esta Lei entra em vigor na data de sua publicação. Revogam-se as disposições contrárias.<br />
Palácio Benedito Lima e Silva, Gabinete do Prefeito Municipal de Magalhães de Almeida &#8211; MA, em 22 de novembro de 2024. RAIMUNDO NONATO CARVALHO, Prefeito Municipal.</p>
