{"id":23242,"date":"2024-12-04T09:23:55","date_gmt":"2024-12-04T12:23:55","guid":{"rendered":"https:\/\/magalhaesdealmeida.ma.gov.br\/transparencia\/?post_type=publicacoesdom&#038;p=23242"},"modified":"2024-12-04T09:23:55","modified_gmt":"2024-12-04T12:23:55","slug":"extrato-3o-termo-aditivo-do-contrato-n-o-20222403001-2022-pe-n-o-015-2022-processo-administrativo-n-o-2022018-cpl","status":"publish","type":"publicacoesdom","link":"https:\/\/magalhaesdealmeida.ma.gov.br\/transparencia\/publicacoesdom\/extrato-3o-termo-aditivo-do-contrato-n-o-20222403001-2022-pe-n-o-015-2022-processo-administrativo-n-o-2022018-cpl\/","title":{"rendered":"EXTRATO 3\u00ba TERMO ADITIVO DO CONTRATO N.\u00ba 20222403001\/2022 &#8211; PE N.\u00ba 015\/2022 &#8211; PROCESSO ADMINISTRATIVO N.\u00ba 2022018 &#8211; CPL"},"content":{"rendered":"<p>A PREFEITURA MUNICIPAL DE MAGALH\u00c3ES DE ALMEIDA\/MA, DORAVANTE DENOMINADA CONTRATANTE, <strong>REPRESENTANTE:<\/strong> FRANCISCO DE ASSIS ARAG\u00c3O, CPF: 376.***.**8-00 , CELEBRAR COM A EMPRESA CASTRO CONSTRU\u00c7\u00d5ES E SERVI\u00c7OS EIRELI &#8211; A J CONSTRU\u00c7\u00d5ES &amp; SERVI\u00c7OS, CNPJ N\u00ba 01.217.167\/0001-71, REPRESENTANTE NESTE ATO O SR. ANT\u00d4NIO JOSE SILVA CASTRO, CPF: 270.***.**3-68, CELEBRAM O PRESENTE TERMO ADITIVO DE PRAZO, CONTRATO N.\u00ba 20222403001\/2022 E A PROPOSTA APRESENTADA PELA CONTRATADA, SUJEITANDO-SE CONTRATANTE E CONTRATADA, AS NORMAS DISCIPLINARES CONFORME ARTIGO 57, INCISO I, DA LEI N.\u00ba 8.666\/93, E SUAS ALTERA\u00c7\u00d5ES, OU QUALQUER OUTRA LEI DE LICITA\u00c7\u00d5ES QUE ENTRAR EM VIGOR. O PRAZO DE VIG\u00caNCIA DO CONTRATO N.\u00ba 20222403001\/2022, PREVISTO EM SUA CL\u00c1USULA D\u00c9CIMA QUARTA &#8211; FICA, PORTANTO PRORROGADO AT\u00c9 31 DE DEZEMBRO DE 2025, CONFORME ARTIGO 57, INCISO I, DA LEI N.\u00ba 8.666\/93, E SUAS ALTERA\u00c7\u00d5ES. VALOR DO CONTRATO ORIGINAL: VALOR DE R$ 83.700,00 (OITENTA E TR\u00caS MIL E SETECENTOS REAIS), VALOR MENSAL. <strong>OBJETO:<\/strong> ADITAMENTO DE PRAZO PARA SERVI\u00c7OS DE MANUTEN\u00c7\u00c3O PREVENTIVA E CORRETIVA DOS PO\u00c7OS ARTESIANOS DO MUNIC\u00cdPIO DE MAGALH\u00c3ES DE ALMEIDA\/MA. <strong>CR\u00c9DITO: <\/strong>17.512.0570.2049.0000 &#8211; MANUTEN\u00c7\u00c3O DO SISTEMA DE ABASTECIMENTO D\u00c1GUA. 33. 90. 39 &#8211; OUTROS SERVI\u00c7OS DE TERCEIROS PESSOA JUR\u00cdDICA. <strong>INALTERABILIDADE:<\/strong> PERMANECEM INALTERADAS AS DEMAIS CL\u00c1USULAS PAR\u00c1GRAFOS, CONDI\u00c7\u00d5ES E OBRIGA\u00c7\u00d5ES DO TERMO DE CONTRATO INICIAL QUE N\u00c3O COLIDIREM COM O DISPOSTO NESTE TERMO ADITIVO. MAGALH\u00c3ES DE ALMEIDA\/MA, 04 DE DEZEMBRO DE 2024. FRANCISCO DE ASSIS ARAG\u00c3O, GESTOR FINANCEIRO.<\/p>\n","protected":false},"author":4,"template":"","class_list":["post-23242","publicacoesdom","type-publicacoesdom","status-publish","hentry"],"acf":{"tipo_de_publicacao_diario":"28","e_retificacao":"1","origem_do_diario":"Poder Executivo","codigo_verificador":"175c43a9d93724c62ab0669cb082ac49888efe2a"},"_links":{"self":[{"href":"https:\/\/magalhaesdealmeida.ma.gov.br\/transparencia\/wp-json\/wp\/v2\/publicacoesdom\/23242","targetHints":{"allow":["GET"]}}],"collection":[{"href":"https:\/\/magalhaesdealmeida.ma.gov.br\/transparencia\/wp-json\/wp\/v2\/publicacoesdom"}],"about":[{"href":"https:\/\/magalhaesdealmeida.ma.gov.br\/transparencia\/wp-json\/wp\/v2\/types\/publicacoesdom"}],"author":[{"embeddable":true,"href":"https:\/\/magalhaesdealmeida.ma.gov.br\/transparencia\/wp-json\/wp\/v2\/users\/4"}],"wp:attachment":[{"href":"https:\/\/magalhaesdealmeida.ma.gov.br\/transparencia\/wp-json\/wp\/v2\/media?parent=23242"}],"curies":[{"name":"wp","href":"https:\/\/api.w.org\/{rel}","templated":true}]}}

EXTRATO 3º TERMO ADITIVO DO CONTRATO N.º 20222403001/2022 &#8211; PE N.º 015/2022 &#8211; PROCESSO ADMINISTRATIVO N.º 2022018 &#8211; CPL

<p>A PREFEITURA MUNICIPAL DE MAGALHÃES DE ALMEIDA/MA, DORAVANTE DENOMINADA CONTRATANTE, <strong>REPRESENTANTE:</strong> FRANCISCO DE ASSIS ARAGÃO, CPF: 376.***.**8-00 , CELEBRAR COM A EMPRESA CASTRO CONSTRUÇÕES E SERVIÇOS EIRELI &#8211; A J CONSTRUÇÕES &amp; SERVIÇOS, CNPJ Nº 01.217.167/0001-71, REPRESENTANTE NESTE ATO O SR. ANTÔNIO JOSE SILVA CASTRO, CPF: 270.***.**3-68, CELEBRAM O PRESENTE TERMO ADITIVO DE PRAZO, CONTRATO N.º 20222403001/2022 E A PROPOSTA APRESENTADA PELA CONTRATADA, SUJEITANDO-SE CONTRATANTE E CONTRATADA, AS NORMAS DISCIPLINARES CONFORME ARTIGO 57, INCISO I, DA LEI N.º 8.666/93, E SUAS ALTERAÇÕES, OU QUALQUER OUTRA LEI DE LICITAÇÕES QUE ENTRAR EM VIGOR. O PRAZO DE VIGÊNCIA DO CONTRATO N.º 20222403001/2022, PREVISTO EM SUA CLÁUSULA DÉCIMA QUARTA &#8211; FICA, PORTANTO PRORROGADO ATÉ 31 DE DEZEMBRO DE 2025, CONFORME ARTIGO 57, INCISO I, DA LEI N.º 8.666/93, E SUAS ALTERAÇÕES. VALOR DO CONTRATO ORIGINAL: VALOR DE R$ 83.700,00 (OITENTA E TRÊS MIL E SETECENTOS REAIS), VALOR MENSAL. <strong>OBJETO:</strong> ADITAMENTO DE PRAZO PARA SERVIÇOS DE MANUTENÇÃO PREVENTIVA E CORRETIVA DOS POÇOS ARTESIANOS DO MUNICÍPIO DE MAGALHÃES DE ALMEIDA/MA. <strong>CRÉDITO: </strong>17.512.0570.2049.0000 &#8211; MANUTENÇÃO DO SISTEMA DE ABASTECIMENTO DÁGUA. 33. 90. 39 &#8211; OUTROS SERVIÇOS DE TERCEIROS PESSOA JURÍDICA. <strong>INALTERABILIDADE:</strong> PERMANECEM INALTERADAS AS DEMAIS CLÁUSULAS PARÁGRAFOS, CONDIÇÕES E OBRIGAÇÕES DO TERMO DE CONTRATO INICIAL QUE NÃO COLIDIREM COM O DISPOSTO NESTE TERMO ADITIVO. MAGALHÃES DE ALMEIDA/MA, 04 DE DEZEMBRO DE 2024. FRANCISCO DE ASSIS ARAGÃO, GESTOR FINANCEIRO.</p>
