{"id":23267,"date":"2024-12-06T13:13:14","date_gmt":"2024-12-06T16:13:14","guid":{"rendered":"https:\/\/magalhaesdealmeida.ma.gov.br\/transparencia\/?post_type=publicacoesdom&#038;p=23267"},"modified":"2024-12-06T16:46:21","modified_gmt":"2024-12-06T19:46:21","slug":"lei-n-647-de-05-de-dezembro-de-2024","status":"publish","type":"publicacoesdom","link":"https:\/\/magalhaesdealmeida.ma.gov.br\/transparencia\/publicacoesdom\/lei-n-647-de-05-de-dezembro-de-2024\/","title":{"rendered":"LEI N.\u00ba 647 de 05 de dezembro de 2024."},"content":{"rendered":"<p><strong>Disp\u00f5e sobre denomina\u00e7\u00e3o de Pra\u00e7a P\u00fablica na sede do Munic\u00edpio de Magalh\u00e3es de Almeida e d\u00e1 outras provid\u00eancias.<\/strong><br \/>\n<strong>O PREFEITO MUNICIPAL DE MAGALH\u00c3ES DE ALMEIDA, ESTADO DO MARANH\u00c3O,<\/strong> no uso de suas atribui\u00e7\u00f5es que lhe s\u00e3o conferidas por Lei, <strong>FA\u00c7O SABER<\/strong> que a C\u00e2mara Municipal de Vereadores aprovou e eu <strong>SANCIONO<\/strong> a seguinte Lei:<br \/>\n<strong>Art. 1\u00ba &#8211;<\/strong> A Pra\u00e7a P\u00fablica localizada no in\u00edcio da Avenida Get\u00falio Vargas, entre as Ruas Rosa Costa e Celestino C\u00e2mara, fica denominada de <strong>\u201cPRA\u00c7A DA B\u00cdBLIA\u201d.<br \/>\n<\/strong><strong>\u00a71\u00ba <\/strong>\u2013 A Pra\u00e7a recebe o nome referido neste artigo em homenagem \u00e0 B\u00edblia, livro sagrado e base de f\u00e9 e conduta para os crist\u00e3os.<br \/>\n<strong>\u00a72\u00ba <\/strong>&#8211; A Pra\u00e7a objeto de nomea\u00e7\u00e3o pela presente Lei, cont\u00e9m um monumento \u00e0 B\u00edblia Sagrada, em formato de livro com os dizeres nas p\u00e1ginas vis\u00edveis: <sup>\u201c<\/sup>Porque Deus amou o mundo de tal maneira que deu o seu Filho unig\u00eanito, para que todo aquele que nele cr\u00ea n\u00e3o pere\u00e7a, mas tenha a vida eterna\u201d \u2013 (Jo\u00e3o 3.16), e \u201cE a vida eterna \u00e9 esta: que Te conhe\u00e7am, a Ti s\u00f3, por \u00fanico Deus verdadeiro, e a Jesus Cristo, a quem enviaste\u201d \u2013 (Jo\u00e3o 17.3).<br \/>\n<strong>Art. 2\u00ba &#8211;<\/strong> Esta Lei entra em vigor na data de sua publica\u00e7\u00e3o. Revogam-se as disposi\u00e7\u00f5es em contr\u00e1rio.<br \/>\nPal\u00e1cio Benedito Lima e Silva, Gabinete do Prefeito Municipal de Magalh\u00e3es de Almeida-MA, em 05 de dezembro de 2024. RAIMUNDO NONATO CARVALHO, Prefeito Municipal.<\/p>\n","protected":false},"author":4,"template":"","class_list":["post-23267","publicacoesdom","type-publicacoesdom","status-publish","hentry"],"acf":{"tipo_de_publicacao_diario":"34","e_retificacao":"1","origem_do_diario":"Poder Executivo","codigo_verificador":"c6ede11ca0c6a55742ad1e43797f9b0cc1dc189a"},"_links":{"self":[{"href":"https:\/\/magalhaesdealmeida.ma.gov.br\/transparencia\/wp-json\/wp\/v2\/publicacoesdom\/23267","targetHints":{"allow":["GET"]}}],"collection":[{"href":"https:\/\/magalhaesdealmeida.ma.gov.br\/transparencia\/wp-json\/wp\/v2\/publicacoesdom"}],"about":[{"href":"https:\/\/magalhaesdealmeida.ma.gov.br\/transparencia\/wp-json\/wp\/v2\/types\/publicacoesdom"}],"author":[{"embeddable":true,"href":"https:\/\/magalhaesdealmeida.ma.gov.br\/transparencia\/wp-json\/wp\/v2\/users\/4"}],"wp:attachment":[{"href":"https:\/\/magalhaesdealmeida.ma.gov.br\/transparencia\/wp-json\/wp\/v2\/media?parent=23267"}],"curies":[{"name":"wp","href":"https:\/\/api.w.org\/{rel}","templated":true}]}}

LEI N.º 647 de 05 de dezembro de 2024.

<p><strong>Dispõe sobre denominação de Praça Pública na sede do Município de Magalhães de Almeida e dá outras providências.</strong><br />
<strong>O PREFEITO MUNICIPAL DE MAGALHÃES DE ALMEIDA, ESTADO DO MARANHÃO,</strong> no uso de suas atribuições que lhe são conferidas por Lei, <strong>FAÇO SABER</strong> que a Câmara Municipal de Vereadores aprovou e eu <strong>SANCIONO</strong> a seguinte Lei:<br />
<strong>Art. 1º &#8211;</strong> A Praça Pública localizada no início da Avenida Getúlio Vargas, entre as Ruas Rosa Costa e Celestino Câmara, fica denominada de <strong>“PRAÇA DA BÍBLIA”.<br />
</strong><strong>§1º </strong>– A Praça recebe o nome referido neste artigo em homenagem à Bíblia, livro sagrado e base de fé e conduta para os cristãos.<br />
<strong>§2º </strong>&#8211; A Praça objeto de nomeação pela presente Lei, contém um monumento à Bíblia Sagrada, em formato de livro com os dizeres nas páginas visíveis: <sup>“</sup>Porque Deus amou o mundo de tal maneira que deu o seu Filho unigênito, para que todo aquele que nele crê não pereça, mas tenha a vida eterna” – (João 3.16), e “E a vida eterna é esta: que Te conheçam, a Ti só, por único Deus verdadeiro, e a Jesus Cristo, a quem enviaste” – (João 17.3).<br />
<strong>Art. 2º &#8211;</strong> Esta Lei entra em vigor na data de sua publicação. Revogam-se as disposições em contrário.<br />
Palácio Benedito Lima e Silva, Gabinete do Prefeito Municipal de Magalhães de Almeida-MA, em 05 de dezembro de 2024. RAIMUNDO NONATO CARVALHO, Prefeito Municipal.</p>
