{"id":23301,"date":"2024-12-12T16:55:57","date_gmt":"2024-12-12T19:55:57","guid":{"rendered":"https:\/\/magalhaesdealmeida.ma.gov.br\/transparencia\/?post_type=publicacoesdom&#038;p=23301"},"modified":"2024-12-12T17:14:50","modified_gmt":"2024-12-12T20:14:50","slug":"lei-n-o-648-de-05-de-dezembro-de-2024","status":"publish","type":"publicacoesdom","link":"https:\/\/magalhaesdealmeida.ma.gov.br\/transparencia\/publicacoesdom\/lei-n-o-648-de-05-de-dezembro-de-2024\/","title":{"rendered":"LEI N.\u00ba 648 de 05 de dezembro de 2024"},"content":{"rendered":"<p><strong>Disp\u00f5e sobre a isen\u00e7\u00e3o do pagamento da taxa de inscri\u00e7\u00e3o em concursos p\u00fablicos, no ambito do Munic\u00edpio de Magalh\u00e3es de Almeida, para pessoas com defici\u00eancia e pessoas comprovadamente de baixa renda e d\u00e1 outras provid\u00eancias.<\/strong><br \/>\n<strong>O PREFEITO MUNICIPAL DE MAGALH\u00c3ES DE ALMEIDA, ESTADO DO MARANH\u00c3O,<\/strong> no uso de suas atribui\u00e7\u00f5es que lhe s\u00e3o conferidas por Lei, <strong>FA\u00c7O SABER<\/strong> que a C\u00e2mara Municipal de Vereadores aprovou e eu <strong>SANCIONO<\/strong> a seguinte Lei:<br \/>\n<strong>Art. 1\u00ba &#8211;<\/strong> Ficam isentos do pagamento da taxa de inscri\u00e7\u00e3o em concursos p\u00fablicos para cargos, empregos ou fun\u00e7\u00f5es p\u00fablicas no \u00e2mbito da administra\u00e7\u00e3o direta e indireta Municipal, todos aqueles que, comprovadamente, sejam:<br \/>\n<strong>a) <\/strong>&#8211; portadores de defici\u00eancia, consoante defini\u00e7\u00e3o contida no artigo 2\u00ba da Lei Federal de n\u00ba 13.146, de 06 de julho de 2015 &#8211; Lei Brasileira de Inclus\u00e3o da Pessoa com Defici\u00eancia (Estatuto da Pessoa com Defici\u00eancia);<br \/>\n<strong>b)<\/strong> \u2013 pessoas em situa\u00e7\u00e3o de vulnerabilidade socioecon\u00f5mica por serem de familia de baixa renda, com registro no Cadastro \u00danico para programas sociais do governo federal \u2013 Cad\u00danico.<br \/>\n<strong>Par\u00e1grafo \u00danico<\/strong> \u2013 A comprova\u00e7\u00e3o referida no caput desta Lei, ser\u00e1 apresentada no momento da inscri\u00e7\u00e3o no certame, devendo a institui\u00e7\u00e3o realizadora regulamentar, em edital, de forma clara e objetiva.<br \/>\n<strong>Art. 2\u00ba &#8211;<\/strong> Esta Lei entra em vigor na data de sua publica\u00e7\u00e3o. Revogam-se as disposi\u00e7\u00f5es em contr\u00e1rio.<br \/>\nPal\u00e1cio Benedito Lima e Silva, Gabinete do Prefeito Municipal de Magalh\u00e3es de Almeida\/MA, em 05 de dezembro de 2024. RAIMUNDO NONATO CARVALHO, Prefeito Municipal.<\/p>\n","protected":false},"author":4,"template":"","class_list":["post-23301","publicacoesdom","type-publicacoesdom","status-publish","hentry"],"acf":{"tipo_de_publicacao_diario":"34","e_retificacao":"1","origem_do_diario":"Poder Executivo","codigo_verificador":"745d2e05077c3a456588a25d61ae929632fc58ec"},"_links":{"self":[{"href":"https:\/\/magalhaesdealmeida.ma.gov.br\/transparencia\/wp-json\/wp\/v2\/publicacoesdom\/23301","targetHints":{"allow":["GET"]}}],"collection":[{"href":"https:\/\/magalhaesdealmeida.ma.gov.br\/transparencia\/wp-json\/wp\/v2\/publicacoesdom"}],"about":[{"href":"https:\/\/magalhaesdealmeida.ma.gov.br\/transparencia\/wp-json\/wp\/v2\/types\/publicacoesdom"}],"author":[{"embeddable":true,"href":"https:\/\/magalhaesdealmeida.ma.gov.br\/transparencia\/wp-json\/wp\/v2\/users\/4"}],"wp:attachment":[{"href":"https:\/\/magalhaesdealmeida.ma.gov.br\/transparencia\/wp-json\/wp\/v2\/media?parent=23301"}],"curies":[{"name":"wp","href":"https:\/\/api.w.org\/{rel}","templated":true}]}}

LEI N.º 648 de 05 de dezembro de 2024

<p><strong>Dispõe sobre a isenção do pagamento da taxa de inscrição em concursos públicos, no ambito do Município de Magalhães de Almeida, para pessoas com deficiência e pessoas comprovadamente de baixa renda e dá outras providências.</strong><br />
<strong>O PREFEITO MUNICIPAL DE MAGALHÃES DE ALMEIDA, ESTADO DO MARANHÃO,</strong> no uso de suas atribuições que lhe são conferidas por Lei, <strong>FAÇO SABER</strong> que a Câmara Municipal de Vereadores aprovou e eu <strong>SANCIONO</strong> a seguinte Lei:<br />
<strong>Art. 1º &#8211;</strong> Ficam isentos do pagamento da taxa de inscrição em concursos públicos para cargos, empregos ou funções públicas no âmbito da administração direta e indireta Municipal, todos aqueles que, comprovadamente, sejam:<br />
<strong>a) </strong>&#8211; portadores de deficiência, consoante definição contida no artigo 2º da Lei Federal de nº 13.146, de 06 de julho de 2015 &#8211; Lei Brasileira de Inclusão da Pessoa com Deficiência (Estatuto da Pessoa com Deficiência);<br />
<strong>b)</strong> – pessoas em situação de vulnerabilidade socioeconõmica por serem de familia de baixa renda, com registro no Cadastro Único para programas sociais do governo federal – CadÚnico.<br />
<strong>Parágrafo Único</strong> – A comprovação referida no caput desta Lei, será apresentada no momento da inscrição no certame, devendo a instituição realizadora regulamentar, em edital, de forma clara e objetiva.<br />
<strong>Art. 2º &#8211;</strong> Esta Lei entra em vigor na data de sua publicação. Revogam-se as disposições em contrário.<br />
Palácio Benedito Lima e Silva, Gabinete do Prefeito Municipal de Magalhães de Almeida/MA, em 05 de dezembro de 2024. RAIMUNDO NONATO CARVALHO, Prefeito Municipal.</p>
