{"id":23302,"date":"2024-12-12T16:57:14","date_gmt":"2024-12-12T19:57:14","guid":{"rendered":"https:\/\/magalhaesdealmeida.ma.gov.br\/transparencia\/?post_type=publicacoesdom&#038;p=23302"},"modified":"2024-12-12T17:18:20","modified_gmt":"2024-12-12T20:18:20","slug":"lei-n-o-649-de-dezembro-de-2024","status":"publish","type":"publicacoesdom","link":"https:\/\/magalhaesdealmeida.ma.gov.br\/transparencia\/publicacoesdom\/lei-n-o-649-de-dezembro-de-2024\/","title":{"rendered":"LEI N.\u00ba 649 de dezembro de 2024"},"content":{"rendered":"<p><strong>Inclui no Calend\u00e1rio Oficial do munic\u00edpio de Magalh\u00e3es de Almeida, o Dia da Renova\u00e7\u00e3o Carism\u00e1tica Cat\u00f3lica e d\u00e1 outras provid\u00eancias.<br \/>\nO PREFEITO MUNICIPAL DE MAGALH\u00c3ES DE ALMEIDA, ESTADO DO MARANH\u00c3O,<\/strong> no uso de suas atribui\u00e7\u00f5es que lhe s\u00e3o conferidas por Lei, <strong>FA\u00c7O SABER<\/strong> que a C\u00e2mara Municipal de Vereadores aprovou e eu <strong>SANCIONO<\/strong> a seguinte Lei:<br \/>\nArt. 1\u00ba &#8211; Fica institu\u00eddo no calend\u00e1rio municipal de Magalh\u00e3es de Almeida o Dia Municipal da Renova\u00e7\u00e3o Carism\u00e1tica Cat\u00f3lica (R.C.C.).<br \/>\nArt. 2\u00ba &#8211; O dia da Renova\u00e7\u00e3o Carism\u00e1tica Cat\u00f3lica \u2013 R.C.C. passa a ser comemorado no dia 18 de junho, anualmente.<br \/>\nArt. 3\u00ba &#8211; O Dia Municipal da Renova\u00e7\u00e3o Carism\u00e1tica Cat\u00f3lica \u2013 R.C.C. tem por objetivo, atrav\u00e9s das mais variadas express\u00f5es existentes, a conscientiza\u00e7\u00e3o e difus\u00e3o da import\u00e2ncia da Cultura de Pentecostes.<br \/>\nArt. 4\u00ba &#8211; As despesas decorrentes com a execu\u00e7\u00e3o da presente Lei correr\u00e3o por conta de verbas pr\u00f3prias consignadas no or\u00e7amento.<br \/>\nArt. 5\u00ba &#8211; Esta Lei entra em vigor na data de sua publica\u00e7\u00e3o.<br \/>\nPal\u00e1cio Benedito Lima e Silva, Gabinete do Prefeito Municipal de Magalh\u00e3es de Almeida\/MA, em 05 de dezembro de 2024. RAIMUNDO NONATO CARVALHO, Prefeito Municipal.<\/p>\n","protected":false},"author":4,"template":"","class_list":["post-23302","publicacoesdom","type-publicacoesdom","status-publish","hentry"],"acf":{"tipo_de_publicacao_diario":"34","e_retificacao":"1","origem_do_diario":"Poder Executivo","codigo_verificador":"9ea6da0bd36987bf0bb9eefc1bd566439338404b"},"_links":{"self":[{"href":"https:\/\/magalhaesdealmeida.ma.gov.br\/transparencia\/wp-json\/wp\/v2\/publicacoesdom\/23302","targetHints":{"allow":["GET"]}}],"collection":[{"href":"https:\/\/magalhaesdealmeida.ma.gov.br\/transparencia\/wp-json\/wp\/v2\/publicacoesdom"}],"about":[{"href":"https:\/\/magalhaesdealmeida.ma.gov.br\/transparencia\/wp-json\/wp\/v2\/types\/publicacoesdom"}],"author":[{"embeddable":true,"href":"https:\/\/magalhaesdealmeida.ma.gov.br\/transparencia\/wp-json\/wp\/v2\/users\/4"}],"wp:attachment":[{"href":"https:\/\/magalhaesdealmeida.ma.gov.br\/transparencia\/wp-json\/wp\/v2\/media?parent=23302"}],"curies":[{"name":"wp","href":"https:\/\/api.w.org\/{rel}","templated":true}]}}

LEI N.º 649 de dezembro de 2024

<p><strong>Inclui no Calendário Oficial do município de Magalhães de Almeida, o Dia da Renovação Carismática Católica e dá outras providências.<br />
O PREFEITO MUNICIPAL DE MAGALHÃES DE ALMEIDA, ESTADO DO MARANHÃO,</strong> no uso de suas atribuições que lhe são conferidas por Lei, <strong>FAÇO SABER</strong> que a Câmara Municipal de Vereadores aprovou e eu <strong>SANCIONO</strong> a seguinte Lei:<br />
Art. 1º &#8211; Fica instituído no calendário municipal de Magalhães de Almeida o Dia Municipal da Renovação Carismática Católica (R.C.C.).<br />
Art. 2º &#8211; O dia da Renovação Carismática Católica – R.C.C. passa a ser comemorado no dia 18 de junho, anualmente.<br />
Art. 3º &#8211; O Dia Municipal da Renovação Carismática Católica – R.C.C. tem por objetivo, através das mais variadas expressões existentes, a conscientização e difusão da importância da Cultura de Pentecostes.<br />
Art. 4º &#8211; As despesas decorrentes com a execução da presente Lei correrão por conta de verbas próprias consignadas no orçamento.<br />
Art. 5º &#8211; Esta Lei entra em vigor na data de sua publicação.<br />
Palácio Benedito Lima e Silva, Gabinete do Prefeito Municipal de Magalhães de Almeida/MA, em 05 de dezembro de 2024. RAIMUNDO NONATO CARVALHO, Prefeito Municipal.</p>
