{"id":23336,"date":"2024-12-19T15:15:32","date_gmt":"2024-12-19T18:15:32","guid":{"rendered":"https:\/\/magalhaesdealmeida.ma.gov.br\/transparencia\/?post_type=publicacoesdom&#038;p=23336"},"modified":"2024-12-19T15:15:32","modified_gmt":"2024-12-19T18:15:32","slug":"1o-termo-aditivo-de-prazo-ao-contrato-n-o-20240115001-2024-concorrencia-publica-n-o-001-2023-processo-administrativo-n-o-202311080-2023","status":"publish","type":"publicacoesdom","link":"https:\/\/magalhaesdealmeida.ma.gov.br\/transparencia\/publicacoesdom\/1o-termo-aditivo-de-prazo-ao-contrato-n-o-20240115001-2024-concorrencia-publica-n-o-001-2023-processo-administrativo-n-o-202311080-2023\/","title":{"rendered":"1\u00ba TERMO ADITIVO DE PRAZO AO CONTRATO N.\u00ba 20240115001\/2024 &#8211; CONCORR\u00caNCIA P\u00daBLICA N.\u00ba 001\/2023 &#8211; PROCESSO ADMINISTRATIVO N.\u00ba 202311080\/2023"},"content":{"rendered":"<p><strong>DO OBJETO E PRAZO DE VIG\u00caNCIA DO CONTRATO: <\/strong>ADITIVO de prazo ao Contrato N.\u00ba 20240115001\/2024 para CONTRATA\u00c7\u00c3O DE EMPRESA PARA MICROGERA\u00c7\u00c3O DISTRIBU\u00cdDA UTILIZANDO SISTEMA FOTOVOLT\u00c1ICO CONECTADO \u00c0 REDE DE ENERGIA ELETRICA EM MAGALH\u00c3ES DE ALMEIDA\/MA, ter\u00e1 o prazo de vig\u00eancia do Contrato N.\u00ba 20240115001\/2024, previsto em sua CL\u00c1USULA TERCEIRA \u2013 DOS PRAZOS : (\u00a71\u00ba &#8211; Os prazos poder\u00e3o ser prorrogados, mantidas as demais cl\u00e1usulas do Contrato e assegurada a manuten\u00e7\u00e3o de seu equil\u00edbrio econ\u00f4mico-financeiro, de conformidade com o disposto no \u00a71\u00ba do Art. 57, da Lei n\u00ba 8.666\/93 e suas altera\u00e7\u00f5es, desde que justificado por escrito e devidamente aprovado pela CONTRATANTE), e subsidiariamente, no que couber, as disposi\u00e7\u00f5es da Lei n.\u00ba 8.666\/93 ou outra lei que que entrar em vigor no decorrer desse contrato, e dos princ\u00edpios gerais de direito.). Fica, portanto prorrogado at\u00e9 31 de Dezembro de 2025, conforme artigo 57, inciso I, da Lei n\u00b0 8.666\/93, e suas altera\u00e7\u00f5es. <strong>CONTRATANTE: <\/strong>Prefeitura Municipal de Magalh\u00e3es de Almeida\/MA, atrav\u00e9s da Secretaria Municipal de Administra\u00e7\u00e3o &#8211; SEMAD.\u00a0<strong>CONTRATADA:<\/strong> FLASH SOLAR LTDA, CNPJ: 46.179.838\/0001-95. Rua: Rio Flores, N\u00ba 151, Bairro: Trizidela, Cidade: Barra do Corda\/Maranh\u00e3o, representante: Lazaro Ara\u00fajo Oliveira, CPF: 051.***.**3-35, <strong>DO VALOR DO CONTRATO ORIGINAL:<\/strong> O valor global de R$ 3.790.781,50 (Tr\u00eas milh\u00f5es, setecentos e noventa mil, setecentos e oitenta e um reais e cinquenta centavos), permanecendo inalterado o valor original. <strong>DOTA\u00c7\u00c3O OR\u00c7AMENT\u00c1RIA: <\/strong>25 752 0550 1033 0000 &#8211; IMPLANT. E AMPL. DA REDE ELETRICA DA SEDE 44.90. 51 \u2013 000 &#8211; OBRAS E INSTALA\u00c7\u00d5ES. <strong>DA INALTERABILIDADE:<\/strong> Permanecem inalteradas as demais cl\u00e1usulas par\u00e1grafos, condi\u00e7\u00f5es e obriga\u00e7\u00f5es do Termo de Contrato inicial que n\u00e3o colidirem com o disposto neste Termo Aditivo. Magalh\u00e3es de Almeida\/MA, 11 de dezembro de 2024. Francisco de Assis Arag\u00e3o, Secret\u00e1rio Municipal de Finan\u00e7as.<\/p>\n","protected":false},"author":4,"template":"","class_list":["post-23336","publicacoesdom","type-publicacoesdom","status-publish","hentry"],"acf":{"tipo_de_publicacao_diario":"28","e_retificacao":"1","origem_do_diario":"Poder Executivo","codigo_verificador":"04531b7d6c74432dbed57c679171f7c1fcd8622f"},"_links":{"self":[{"href":"https:\/\/magalhaesdealmeida.ma.gov.br\/transparencia\/wp-json\/wp\/v2\/publicacoesdom\/23336","targetHints":{"allow":["GET"]}}],"collection":[{"href":"https:\/\/magalhaesdealmeida.ma.gov.br\/transparencia\/wp-json\/wp\/v2\/publicacoesdom"}],"about":[{"href":"https:\/\/magalhaesdealmeida.ma.gov.br\/transparencia\/wp-json\/wp\/v2\/types\/publicacoesdom"}],"author":[{"embeddable":true,"href":"https:\/\/magalhaesdealmeida.ma.gov.br\/transparencia\/wp-json\/wp\/v2\/users\/4"}],"wp:attachment":[{"href":"https:\/\/magalhaesdealmeida.ma.gov.br\/transparencia\/wp-json\/wp\/v2\/media?parent=23336"}],"curies":[{"name":"wp","href":"https:\/\/api.w.org\/{rel}","templated":true}]}}

1º TERMO ADITIVO DE PRAZO AO CONTRATO N.º 20240115001/2024 &#8211; CONCORRÊNCIA PÚBLICA N.º 001/2023 &#8211; PROCESSO ADMINISTRATIVO N.º 202311080/2023

<p><strong>DO OBJETO E PRAZO DE VIGÊNCIA DO CONTRATO: </strong>ADITIVO de prazo ao Contrato N.º 20240115001/2024 para CONTRATAÇÃO DE EMPRESA PARA MICROGERAÇÃO DISTRIBUÍDA UTILIZANDO SISTEMA FOTOVOLTÁICO CONECTADO À REDE DE ENERGIA ELETRICA EM MAGALHÃES DE ALMEIDA/MA, terá o prazo de vigência do Contrato N.º 20240115001/2024, previsto em sua CLÁUSULA TERCEIRA – DOS PRAZOS : (§1º &#8211; Os prazos poderão ser prorrogados, mantidas as demais cláusulas do Contrato e assegurada a manutenção de seu equilíbrio econômico-financeiro, de conformidade com o disposto no §1º do Art. 57, da Lei nº 8.666/93 e suas alterações, desde que justificado por escrito e devidamente aprovado pela CONTRATANTE), e subsidiariamente, no que couber, as disposições da Lei n.º 8.666/93 ou outra lei que que entrar em vigor no decorrer desse contrato, e dos princípios gerais de direito.). Fica, portanto prorrogado até 31 de Dezembro de 2025, conforme artigo 57, inciso I, da Lei n° 8.666/93, e suas alterações. <strong>CONTRATANTE: </strong>Prefeitura Municipal de Magalhães de Almeida/MA, através da Secretaria Municipal de Administração &#8211; SEMAD. <strong>CONTRATADA:</strong> FLASH SOLAR LTDA, CNPJ: 46.179.838/0001-95. Rua: Rio Flores, Nº 151, Bairro: Trizidela, Cidade: Barra do Corda/Maranhão, representante: Lazaro Araújo Oliveira, CPF: 051.***.**3-35, <strong>DO VALOR DO CONTRATO ORIGINAL:</strong> O valor global de R$ 3.790.781,50 (Três milhões, setecentos e noventa mil, setecentos e oitenta e um reais e cinquenta centavos), permanecendo inalterado o valor original. <strong>DOTAÇÃO ORÇAMENTÁRIA: </strong>25 752 0550 1033 0000 &#8211; IMPLANT. E AMPL. DA REDE ELETRICA DA SEDE 44.90. 51 – 000 &#8211; OBRAS E INSTALAÇÕES. <strong>DA INALTERABILIDADE:</strong> Permanecem inalteradas as demais cláusulas parágrafos, condições e obrigações do Termo de Contrato inicial que não colidirem com o disposto neste Termo Aditivo. Magalhães de Almeida/MA, 11 de dezembro de 2024. Francisco de Assis Aragão, Secretário Municipal de Finanças.</p>
