{"id":23337,"date":"2024-12-19T15:33:31","date_gmt":"2024-12-19T18:33:31","guid":{"rendered":"https:\/\/magalhaesdealmeida.ma.gov.br\/transparencia\/?post_type=publicacoesdom&#038;p=23337"},"modified":"2024-12-19T15:33:31","modified_gmt":"2024-12-19T18:33:31","slug":"3o-termo-aditivo-de-prazo-ao-contrato-n-o-20220105001-2021-processo-administrativo-n-o-00059-2021-tomada-de-precos-n-o-006-2021","status":"publish","type":"publicacoesdom","link":"https:\/\/magalhaesdealmeida.ma.gov.br\/transparencia\/publicacoesdom\/3o-termo-aditivo-de-prazo-ao-contrato-n-o-20220105001-2021-processo-administrativo-n-o-00059-2021-tomada-de-precos-n-o-006-2021\/","title":{"rendered":"3\u00ba TERMO ADITIVO DE PRAZO AO CONTRATO N.\u00ba 20220105001\/2021 &#8211; PROCESSO ADMINISTRATIVO N.\u00ba 00059\/2021 &#8211; TOMADA DE PRE\u00c7OS N.\u00ba 006\/2021"},"content":{"rendered":"<p><strong>OBJETO:<\/strong> SERVI\u00c7OS DE REFORMA DO MERCADO MUNICIPAL DE INTERESSE DA SECRETARIA DE ADMINISTRA\u00c7\u00c3O DE MAGALH\u00c3ES DE ALMEIDA\/MA. <strong>CONTRATANTE:<\/strong> Prefeitura Municipal de Magalh\u00e3es de Almeida\/MA, atrav\u00e9s da Secretaria Municipal de Administra\u00e7\u00e3o &#8211; SEMAD. <strong>CONTRATADA:<\/strong> 3D CONSTRU\u00c7\u00d5ES E SERVI\u00c7OS EIRELI, sediada na Rua: Dezenove N\u00b0 710, Quadra, 57 Lote 05, CEP: 65.632-430 Bairro: Planalto Boa Esperan\u00e7a, Timon\/MA, e inscrita no CNPJ: 30.505.501\/0001-90, neste ato representada pelo seu Administrador Sr. David Alves de Ara\u00fajo, residente no munic\u00edpio de Teresina\/PI, inscrito no CPF N.\u00ba 992.***.**3- 72 e RG N.\u00b0 2.***.**9. SSP\/PI. <strong>VALOR DO CONTRATO ORIGINAL: <\/strong>O valor global original de R$ 873.036,94 (Oitocentos e setenta e tr\u00eas mil, trinta e seis reais e noventa e quatro centavos). Permanece inalterado o valor. <strong>VIG\u00caNCIA DO CONTRATO:<\/strong> Ter\u00e1 o prazo de vig\u00eancia do Contrato N.\u00ba 20220105001\/2021, previsto em sua CL\u00c1USULA QUARTA &#8211; PRAZOS DE IN\u00cdCIO, DE ETAPAS DE EXECU\u00c7\u00c3O, DE CONCLUS\u00c3O, DE ENTREGA, DE OBSERVA\u00c7\u00c3O E DE RECEBIMENTO DEFINITIVO, e subsidiariamente, no que couber, as disposi\u00e7\u00f5es da Lei n.\u00ba 8.666\/93 ou outra lei que entrar em vigor no decorrer desse contrato, e dos princ\u00edpios gerais de direito. Fica, portanto prorrogado at\u00e9 31 de Dezembro de 2025, conforme artigo 57, inciso I, da Lei n.\u00b0 8.666\/93, e suas altera\u00e7\u00f5es. <strong>DOTA\u00c7\u00c3O:<\/strong> RECURSO FEDERAL (CEF E OUTROS) &#8211; MINIST\u00c9RIO DA AGRICULTURA, PECUARIA E ABASTECIMENTO N\u00b0 025270 \/ ANO DA PROPOSTA: 2020. 04.122.0060.1025.0000 &#8211; CONST. AMPL. REF. E EQUIP. PARA PR\u00c9DIOS P\u00daBLICOS 44.90.51.00 &#8211; OBRAS E INSTALA\u00c7\u00d5ES. <strong>DA INALTERABILIDADE:<\/strong> Permanecem inalteradas as demais cl\u00e1usulas par\u00e1grafos, condi\u00e7\u00f5es e obriga\u00e7\u00f5es do Termo de Contrato inicial que n\u00e3o colidirem com o disposto neste Termo Aditivo. Magalh\u00e3es de Almeida\/MA, 11 de dezembro de 2024. Francisco de Assis Arag\u00e3o, Secret\u00e1rio Municipal de Finan\u00e7as.<\/p>\n","protected":false},"author":4,"template":"","class_list":["post-23337","publicacoesdom","type-publicacoesdom","status-publish","hentry"],"acf":{"tipo_de_publicacao_diario":"28","e_retificacao":"1","origem_do_diario":"Poder Executivo","codigo_verificador":"b360a9d033773d3bdbaadcd84f294b5073d993f7"},"_links":{"self":[{"href":"https:\/\/magalhaesdealmeida.ma.gov.br\/transparencia\/wp-json\/wp\/v2\/publicacoesdom\/23337","targetHints":{"allow":["GET"]}}],"collection":[{"href":"https:\/\/magalhaesdealmeida.ma.gov.br\/transparencia\/wp-json\/wp\/v2\/publicacoesdom"}],"about":[{"href":"https:\/\/magalhaesdealmeida.ma.gov.br\/transparencia\/wp-json\/wp\/v2\/types\/publicacoesdom"}],"author":[{"embeddable":true,"href":"https:\/\/magalhaesdealmeida.ma.gov.br\/transparencia\/wp-json\/wp\/v2\/users\/4"}],"wp:attachment":[{"href":"https:\/\/magalhaesdealmeida.ma.gov.br\/transparencia\/wp-json\/wp\/v2\/media?parent=23337"}],"curies":[{"name":"wp","href":"https:\/\/api.w.org\/{rel}","templated":true}]}}

3º TERMO ADITIVO DE PRAZO AO CONTRATO N.º 20220105001/2021 &#8211; PROCESSO ADMINISTRATIVO N.º 00059/2021 &#8211; TOMADA DE PREÇOS N.º 006/2021

<p><strong>OBJETO:</strong> SERVIÇOS DE REFORMA DO MERCADO MUNICIPAL DE INTERESSE DA SECRETARIA DE ADMINISTRAÇÃO DE MAGALHÃES DE ALMEIDA/MA. <strong>CONTRATANTE:</strong> Prefeitura Municipal de Magalhães de Almeida/MA, através da Secretaria Municipal de Administração &#8211; SEMAD. <strong>CONTRATADA:</strong> 3D CONSTRUÇÕES E SERVIÇOS EIRELI, sediada na Rua: Dezenove N° 710, Quadra, 57 Lote 05, CEP: 65.632-430 Bairro: Planalto Boa Esperança, Timon/MA, e inscrita no CNPJ: 30.505.501/0001-90, neste ato representada pelo seu Administrador Sr. David Alves de Araújo, residente no município de Teresina/PI, inscrito no CPF N.º 992.***.**3- 72 e RG N.° 2.***.**9. SSP/PI. <strong>VALOR DO CONTRATO ORIGINAL: </strong>O valor global original de R$ 873.036,94 (Oitocentos e setenta e três mil, trinta e seis reais e noventa e quatro centavos). Permanece inalterado o valor. <strong>VIGÊNCIA DO CONTRATO:</strong> Terá o prazo de vigência do Contrato N.º 20220105001/2021, previsto em sua CLÁUSULA QUARTA &#8211; PRAZOS DE INÍCIO, DE ETAPAS DE EXECUÇÃO, DE CONCLUSÃO, DE ENTREGA, DE OBSERVAÇÃO E DE RECEBIMENTO DEFINITIVO, e subsidiariamente, no que couber, as disposições da Lei n.º 8.666/93 ou outra lei que entrar em vigor no decorrer desse contrato, e dos princípios gerais de direito. Fica, portanto prorrogado até 31 de Dezembro de 2025, conforme artigo 57, inciso I, da Lei n.° 8.666/93, e suas alterações. <strong>DOTAÇÃO:</strong> RECURSO FEDERAL (CEF E OUTROS) &#8211; MINISTÉRIO DA AGRICULTURA, PECUARIA E ABASTECIMENTO N° 025270 / ANO DA PROPOSTA: 2020. 04.122.0060.1025.0000 &#8211; CONST. AMPL. REF. E EQUIP. PARA PRÉDIOS PÚBLICOS 44.90.51.00 &#8211; OBRAS E INSTALAÇÕES. <strong>DA INALTERABILIDADE:</strong> Permanecem inalteradas as demais cláusulas parágrafos, condições e obrigações do Termo de Contrato inicial que não colidirem com o disposto neste Termo Aditivo. Magalhães de Almeida/MA, 11 de dezembro de 2024. Francisco de Assis Aragão, Secretário Municipal de Finanças.</p>
