{"id":23421,"date":"2024-12-31T16:07:17","date_gmt":"2024-12-31T19:07:17","guid":{"rendered":"https:\/\/magalhaesdealmeida.ma.gov.br\/transparencia\/?post_type=publicacoesdom&#038;p=23421"},"modified":"2024-12-31T17:20:05","modified_gmt":"2024-12-31T20:20:05","slug":"1o-termo-aditivo-de-prazo-ao-contrato-administrativo-n-o-20240610001-2024-concorrencia-eletronica-n-o-006-2024-processo-administrativo-n-o-202404027-2024","status":"publish","type":"publicacoesdom","link":"https:\/\/magalhaesdealmeida.ma.gov.br\/transparencia\/publicacoesdom\/1o-termo-aditivo-de-prazo-ao-contrato-administrativo-n-o-20240610001-2024-concorrencia-eletronica-n-o-006-2024-processo-administrativo-n-o-202404027-2024\/","title":{"rendered":"1\u00ba TERMO ADITIVO DE PRAZO AO CONTRATO ADMINISTRATIVO N.\u00ba 20240610001\/2024 &#8211; CONCORR\u00caNCIA ELETR\u00d4NICA N.\u00ba 006\/2024 &#8211; PROCESSO ADMINISTRATIVO N.\u00ba 202404027\/2024"},"content":{"rendered":"<p><strong>I \u2013 O<\/strong> <strong>MUNIC\u00cdPIO DE MAGALH\u00c3ES DE ALMEIDA\/MA<\/strong>, PESSOA JUR\u00cdDICA DE DIREITO P\u00daBLICO INTERNO, INSCRITO NO CNPJ\/MF SOB O N.\u00ba 06.988.976\/0001-09, NESTE ATO REPRESENTADO PELO SECRET\u00c1RIO MUNICIPAL DE FINAN\u00c7AS O SR. FRANCISCO DE ASSIS ARAG\u00c3O, INSCRITO NO CPF\/MF SOB N.\u00ba 376.***.**8-00 E PORTADOR DO REGISTRO DE IDENTIDADE (RG) SOB N.\u00ba 6.***.**3 SSP\/SP, E A EMPRESA <strong>J P SILVA CONSTRU\u00c7\u00d5ES\u00a0 E SERVI\u00c7OS LTDA, <\/strong>PESSOA JUR\u00cdDICA DE DIREITO PRIVADO, COM SEDE NA RUA AFONSO PENA\u00a0 N\u00ba 01, SALA B, CEP: 65.765-000, CENTRO,\u00a0 DOM PEDRO\/MA, INSCRITA NO CNPJ N\u00ba 20.204.714\/0001-29,\u00a0 REPRESENTANTE\u00a0 <strong>JARDEL PORTO SILVA,<\/strong>\u00a0 CPF: 018.***.**3-82 E RG\u00a0 N\u00ba 110*****9 SSP\/MA, AJUSTAM O PRESENTE TERMO CONSTANTE DOS AUTOS DA <strong>CONCORR\u00caNCIA ELETR\u00d4NICA N.\u00ba 006\/2024 \u2013 PROCESSO ADMINISTRATIVO N.\u00ba<\/strong> <strong>202404027\/24. <\/strong><strong>II \u2013 DO FUNDAMENTO LEGAL: <\/strong>O PRESENTE CONTRATO REGER-SE-\u00c1 PELAS CL\u00c1USULAS E CONDI\u00c7\u00d5ES NELE CONTIDAS, TEM FUNDAMENTO LEGAL PELA LEI FEDERAL N.\u00ba 14.133\/2021 EM SEU ARTIGO 105 E 107 E DEMAIS NORMAS REGULAMENTARES VIGENTES, APLIC\u00c1VEIS A ESP\u00c9CIE E QUE REGEM A MAT\u00c9RIA. <strong>III\u00a0 \u2013 DO OBJETO: <\/strong>CONTRATA\u00c7\u00c3O DE EMPRESA ESPECIALIZADA PARA EXECU\u00c7\u00c3O DOS SERVI\u00c7OS DE PAVIMENTA\u00c7\u00c3O EM TSD (TRATAMENTO SUPERFICIAL DUPLO) NO MUNIC\u00cdPIO DE MAGALH\u00c3ES DE ALMEIDA\/MA.<strong>IV \u2013 DO VALOR:<\/strong> R$ 1.310.664,53 (UM MILH\u00c3O TREZENTOS E DEZ MIL SEISCENTOS E SESSENTA E QUATRO REAIS E CINQUENTA E TR\u00caS CENTAVOS)\u00a0 APURADOS MEDIANTE CUSTOS, UNIT\u00c1RIOS E TOTAIS, APRESENTADOS PELA CONTRATADA, <strong>V &#8211; DO PRAZO DE VIG\u00caNCIA<\/strong>:\u00a0 O PRAZO DE VIG\u00caNCIA DA CONTRATA\u00c7\u00c3O \u00c9 DE 12 (DOZE) MESES, CONTADOS DA ASSINATURA, PRORROG\u00c1VEL POR AT\u00c9 10 ANOS, NA FORMA DOS ARTIGOS 106 E 107 DA LEI N\u00b0 14.133, DE 2021. <strong>VI \u2013 DA\u00a0 DOTA\u00c7\u00c3O: <\/strong>15.451.0555.1027.0000 &#8211; CONST.RECUP. CAL\u00c7AMENTO, MEIO FIO E SARJETAS. 44.90.51 &#8211; OBRAS E INSTALA\u00c7\u00d5ES. MAGALH\u00c3ES DE ALMEIDA\/MA, EM 19 \u00a0DE DEZEMBRO DE 2024. FRANCISCO DE ASSIS ARAG\u00c3O, SECRET\u00c1RIO MUNICIPAL DE FINAN\u00c7AS\/GESTOR FINANCEIRO PMMA\/MA.<\/p>\n","protected":false},"author":4,"template":"","class_list":["post-23421","publicacoesdom","type-publicacoesdom","status-publish","hentry"],"acf":{"tipo_de_publicacao_diario":"28","e_retificacao":"1","origem_do_diario":"Poder Executivo","codigo_verificador":"18a59c22976a9ef6d84a19849b362010abee3571"},"_links":{"self":[{"href":"https:\/\/magalhaesdealmeida.ma.gov.br\/transparencia\/wp-json\/wp\/v2\/publicacoesdom\/23421","targetHints":{"allow":["GET"]}}],"collection":[{"href":"https:\/\/magalhaesdealmeida.ma.gov.br\/transparencia\/wp-json\/wp\/v2\/publicacoesdom"}],"about":[{"href":"https:\/\/magalhaesdealmeida.ma.gov.br\/transparencia\/wp-json\/wp\/v2\/types\/publicacoesdom"}],"author":[{"embeddable":true,"href":"https:\/\/magalhaesdealmeida.ma.gov.br\/transparencia\/wp-json\/wp\/v2\/users\/4"}],"wp:attachment":[{"href":"https:\/\/magalhaesdealmeida.ma.gov.br\/transparencia\/wp-json\/wp\/v2\/media?parent=23421"}],"curies":[{"name":"wp","href":"https:\/\/api.w.org\/{rel}","templated":true}]}}

1º TERMO ADITIVO DE PRAZO AO CONTRATO ADMINISTRATIVO N.º 20240610001/2024 &#8211; CONCORRÊNCIA ELETRÔNICA N.º 006/2024 &#8211; PROCESSO ADMINISTRATIVO N.º 202404027/2024

<p><strong>I – O</strong> <strong>MUNICÍPIO DE MAGALHÃES DE ALMEIDA/MA</strong>, PESSOA JURÍDICA DE DIREITO PÚBLICO INTERNO, INSCRITO NO CNPJ/MF SOB O N.º 06.988.976/0001-09, NESTE ATO REPRESENTADO PELO SECRETÁRIO MUNICIPAL DE FINANÇAS O SR. FRANCISCO DE ASSIS ARAGÃO, INSCRITO NO CPF/MF SOB N.º 376.***.**8-00 E PORTADOR DO REGISTRO DE IDENTIDADE (RG) SOB N.º 6.***.**3 SSP/SP, E A EMPRESA <strong>J P SILVA CONSTRUÇÕES  E SERVIÇOS LTDA, </strong>PESSOA JURÍDICA DE DIREITO PRIVADO, COM SEDE NA RUA AFONSO PENA  Nº 01, SALA B, CEP: 65.765-000, CENTRO,  DOM PEDRO/MA, INSCRITA NO CNPJ Nº 20.204.714/0001-29,  REPRESENTANTE  <strong>JARDEL PORTO SILVA,</strong>  CPF: 018.***.**3-82 E RG  Nº 110*****9 SSP/MA, AJUSTAM O PRESENTE TERMO CONSTANTE DOS AUTOS DA <strong>CONCORRÊNCIA ELETRÔNICA N.º 006/2024 – PROCESSO ADMINISTRATIVO N.º</strong> <strong>202404027/24. </strong><strong>II – DO FUNDAMENTO LEGAL: </strong>O PRESENTE CONTRATO REGER-SE-Á PELAS CLÁUSULAS E CONDIÇÕES NELE CONTIDAS, TEM FUNDAMENTO LEGAL PELA LEI FEDERAL N.º 14.133/2021 EM SEU ARTIGO 105 E 107 E DEMAIS NORMAS REGULAMENTARES VIGENTES, APLICÁVEIS A ESPÉCIE E QUE REGEM A MATÉRIA. <strong>III  – DO OBJETO: </strong>CONTRATAÇÃO DE EMPRESA ESPECIALIZADA PARA EXECUÇÃO DOS SERVIÇOS DE PAVIMENTAÇÃO EM TSD (TRATAMENTO SUPERFICIAL DUPLO) NO MUNICÍPIO DE MAGALHÃES DE ALMEIDA/MA.<strong>IV – DO VALOR:</strong> R$ 1.310.664,53 (UM MILHÃO TREZENTOS E DEZ MIL SEISCENTOS E SESSENTA E QUATRO REAIS E CINQUENTA E TRÊS CENTAVOS)  APURADOS MEDIANTE CUSTOS, UNITÁRIOS E TOTAIS, APRESENTADOS PELA CONTRATADA, <strong>V &#8211; DO PRAZO DE VIGÊNCIA</strong>:  O PRAZO DE VIGÊNCIA DA CONTRATAÇÃO É DE 12 (DOZE) MESES, CONTADOS DA ASSINATURA, PRORROGÁVEL POR ATÉ 10 ANOS, NA FORMA DOS ARTIGOS 106 E 107 DA LEI N° 14.133, DE 2021. <strong>VI – DA  DOTAÇÃO: </strong>15.451.0555.1027.0000 &#8211; CONST.RECUP. CALÇAMENTO, MEIO FIO E SARJETAS. 44.90.51 &#8211; OBRAS E INSTALAÇÕES. MAGALHÃES DE ALMEIDA/MA, EM 19  DE DEZEMBRO DE 2024. FRANCISCO DE ASSIS ARAGÃO, SECRETÁRIO MUNICIPAL DE FINANÇAS/GESTOR FINANCEIRO PMMA/MA.</p>
