{"id":23436,"date":"2025-01-02T16:40:53","date_gmt":"2025-01-02T19:40:53","guid":{"rendered":"https:\/\/magalhaesdealmeida.ma.gov.br\/transparencia\/?post_type=publicacoesdom&#038;p=23436"},"modified":"2025-01-02T16:43:37","modified_gmt":"2025-01-02T19:43:37","slug":"portaria-n-o-001-2025-gab","status":"publish","type":"publicacoesdom","link":"https:\/\/magalhaesdealmeida.ma.gov.br\/transparencia\/publicacoesdom\/portaria-n-o-001-2025-gab\/","title":{"rendered":"PORTARIA N.\u00ba 001\/2025 &#8211; GAB"},"content":{"rendered":"<p><strong>\u201cDISP\u00d5E SOBRE A CONCESS\u00c3O DE LICEN\u00c7A PR\u00caMIO AO SERVIDOR OCUPANTE DE CARGO DE PROVIMENTO EFETIVO DA SECRETARIA MUNICIPAL DE SA\u00daDE DE MAGALH\u00c3ES DE ALMEIDA-MA\u201d.<br \/>\n<\/strong><strong>O Prefeito Municipal de Magalh\u00e3es de Almeida, Estado do Maranh\u00e3o<\/strong>, RAIMUNDO NONATO CARVALHO, no uso de suas atribui\u00e7\u00f5es legais previstas na Lei Org\u00e2nica do Munic\u00edpio Art. 67, VI e VIII; <strong>RESOLVE:<br \/>\n<\/strong><strong>Art. 1\u00ba Conceder Licen\u00e7a Pr\u00eamio \u00e0 servidora THAYSE DE CARVALHO NASCIMENTO, <\/strong>CPF: 035.***.**3-14,<strong> matr\u00edcula 696-1, <\/strong>ocupante de cargo de Auxiliar Operacional de Servi\u00e7os Diversos &#8211; A.O.S.D., lotado na Secretaria Municipal de Sa\u00fade, do quadro de provimento efetivo da Secretaria Municipal de Sa\u00fade, de acordo com o art.\u00ba 70 da lei n\u00b0 236\/98, Regime Jur\u00eddico \u00danico.<br \/>\n<strong>Par\u00e1grafo \u00fanico: <\/strong>A Licen\u00e7a Pr\u00eamio refere-se ao<strong> per\u00edodo de aquisi\u00e7\u00e3o de 03\/09\/2012 a 02\/09\/2017, <\/strong>que ser\u00e1 gozada do dia 02 de janeiro de 2025 ao dia 31 de janeiro de 2025.<br \/>\n<strong>Art. 2\u00ba &#8211; <\/strong>Esta portaria entra em vigor na data de sua publica\u00e7\u00e3o, revogada as disposi\u00e7\u00f5es em contr\u00e1rio.<strong><br \/>\n<\/strong>Leia-se, Publique-se e cumpra-se em Magalh\u00e3es de Almeida\/MA, 02 de janeiro de 2025. RAIMUNDO NONATO CARVALHO<strong>, <\/strong>Prefeito Municipal.<\/p>\n","protected":false},"author":4,"template":"","class_list":["post-23436","publicacoesdom","type-publicacoesdom","status-publish","hentry"],"acf":{"tipo_de_publicacao_diario":"41","e_retificacao":"1","origem_do_diario":"Poder Executivo","codigo_verificador":"33fa4cb26b0273c5dc81254319d0ac4eca366198"},"_links":{"self":[{"href":"https:\/\/magalhaesdealmeida.ma.gov.br\/transparencia\/wp-json\/wp\/v2\/publicacoesdom\/23436","targetHints":{"allow":["GET"]}}],"collection":[{"href":"https:\/\/magalhaesdealmeida.ma.gov.br\/transparencia\/wp-json\/wp\/v2\/publicacoesdom"}],"about":[{"href":"https:\/\/magalhaesdealmeida.ma.gov.br\/transparencia\/wp-json\/wp\/v2\/types\/publicacoesdom"}],"author":[{"embeddable":true,"href":"https:\/\/magalhaesdealmeida.ma.gov.br\/transparencia\/wp-json\/wp\/v2\/users\/4"}],"wp:attachment":[{"href":"https:\/\/magalhaesdealmeida.ma.gov.br\/transparencia\/wp-json\/wp\/v2\/media?parent=23436"}],"curies":[{"name":"wp","href":"https:\/\/api.w.org\/{rel}","templated":true}]}}

PORTARIA N.º 001/2025 &#8211; GAB

<p><strong>“DISPÕE SOBRE A CONCESSÃO DE LICENÇA PRÊMIO AO SERVIDOR OCUPANTE DE CARGO DE PROVIMENTO EFETIVO DA SECRETARIA MUNICIPAL DE SAÚDE DE MAGALHÃES DE ALMEIDA-MA”.<br />
</strong><strong>O Prefeito Municipal de Magalhães de Almeida, Estado do Maranhão</strong>, RAIMUNDO NONATO CARVALHO, no uso de suas atribuições legais previstas na Lei Orgânica do Município Art. 67, VI e VIII; <strong>RESOLVE:<br />
</strong><strong>Art. 1º Conceder Licença Prêmio à servidora THAYSE DE CARVALHO NASCIMENTO, </strong>CPF: 035.***.**3-14,<strong> matrícula 696-1, </strong>ocupante de cargo de Auxiliar Operacional de Serviços Diversos &#8211; A.O.S.D., lotado na Secretaria Municipal de Saúde, do quadro de provimento efetivo da Secretaria Municipal de Saúde, de acordo com o art.º 70 da lei n° 236/98, Regime Jurídico Único.<br />
<strong>Parágrafo único: </strong>A Licença Prêmio refere-se ao<strong> período de aquisição de 03/09/2012 a 02/09/2017, </strong>que será gozada do dia 02 de janeiro de 2025 ao dia 31 de janeiro de 2025.<br />
<strong>Art. 2º &#8211; </strong>Esta portaria entra em vigor na data de sua publicação, revogada as disposições em contrário.<strong><br />
</strong>Leia-se, Publique-se e cumpra-se em Magalhães de Almeida/MA, 02 de janeiro de 2025. RAIMUNDO NONATO CARVALHO<strong>, </strong>Prefeito Municipal.</p>
