{"id":23562,"date":"2025-01-15T15:38:55","date_gmt":"2025-01-15T18:38:55","guid":{"rendered":"https:\/\/magalhaesdealmeida.ma.gov.br\/transparencia\/?post_type=publicacoesdom&#038;p=23562"},"modified":"2025-01-15T15:39:41","modified_gmt":"2025-01-15T18:39:41","slug":"portaria-n-o-023-2025-gab","status":"publish","type":"publicacoesdom","link":"https:\/\/magalhaesdealmeida.ma.gov.br\/transparencia\/publicacoesdom\/portaria-n-o-023-2025-gab\/","title":{"rendered":"PORTARIA N.\u00ba 023\/2025 &#8211; GAB"},"content":{"rendered":"<p><strong><u>TERMO DE NOMEA\u00c7\u00c3O &#8211; <\/u><\/strong><strong>O Prefeito Municipal de Magalh\u00e3es de Almeida, Estado do Maranh\u00e3o<\/strong>, no uso de suas atribui\u00e7\u00f5es e de conformidade com a Lei Org\u00e2nica Municipal Artigo 67, incisos VI e VIII.<br \/>\n<strong>Considerando<\/strong> o disposto no inciso II, do art. 9\u00ba da Lei n\u00ba 236 de 02 de janeiro de 1998. <strong>RESOLVE:<br \/>\n<\/strong><strong>Art. 1\u00ba<\/strong> &#8211; <strong>NOMEAR <\/strong>o(a) Sr(a). <strong>LARA ELISABETH COSTA CARVALHO<\/strong>, brasileiro(a), maior, capaz, portador(a) do <strong>CPF n\u00ba 060.***.**3-57, <\/strong>para exercer o cargo de <strong>Coordenador(a) de Vigil\u00e2ncia Epidemiol\u00f3gica, <\/strong>lotado(a) na Secretaria Municipal de Sa\u00fade &#8211; SEMUS de Magalh\u00e3es de Almeida-MA.<br \/>\n<strong>Art. 2\u00ba<\/strong> &#8211; Esta portaria entra em vigor na data de sua publica\u00e7\u00e3o, revogada as disposi\u00e7\u00f5es em contr\u00e1rio.<br \/>\nLeia-se, Publique-se e cumpra-se em Magalhaes de Almeida\/MA, 15 de Janeiro de 2025. RAIMUNDO NONATO CARVALHO, Prefeito Municipal<\/p>\n","protected":false},"author":4,"template":"","class_list":["post-23562","publicacoesdom","type-publicacoesdom","status-publish","hentry"],"acf":{"tipo_de_publicacao_diario":"41","e_retificacao":"1","origem_do_diario":"Poder Executivo","codigo_verificador":"915c2af8baf923ae9039c612e56480288f594f7f"},"_links":{"self":[{"href":"https:\/\/magalhaesdealmeida.ma.gov.br\/transparencia\/wp-json\/wp\/v2\/publicacoesdom\/23562","targetHints":{"allow":["GET"]}}],"collection":[{"href":"https:\/\/magalhaesdealmeida.ma.gov.br\/transparencia\/wp-json\/wp\/v2\/publicacoesdom"}],"about":[{"href":"https:\/\/magalhaesdealmeida.ma.gov.br\/transparencia\/wp-json\/wp\/v2\/types\/publicacoesdom"}],"author":[{"embeddable":true,"href":"https:\/\/magalhaesdealmeida.ma.gov.br\/transparencia\/wp-json\/wp\/v2\/users\/4"}],"wp:attachment":[{"href":"https:\/\/magalhaesdealmeida.ma.gov.br\/transparencia\/wp-json\/wp\/v2\/media?parent=23562"}],"curies":[{"name":"wp","href":"https:\/\/api.w.org\/{rel}","templated":true}]}}

PORTARIA N.º 023/2025 &#8211; GAB

<p><strong><u>TERMO DE NOMEAÇÃO &#8211; </u></strong><strong>O Prefeito Municipal de Magalhães de Almeida, Estado do Maranhão</strong>, no uso de suas atribuições e de conformidade com a Lei Orgânica Municipal Artigo 67, incisos VI e VIII.<br />
<strong>Considerando</strong> o disposto no inciso II, do art. 9º da Lei nº 236 de 02 de janeiro de 1998. <strong>RESOLVE:<br />
</strong><strong>Art. 1º</strong> &#8211; <strong>NOMEAR </strong>o(a) Sr(a). <strong>LARA ELISABETH COSTA CARVALHO</strong>, brasileiro(a), maior, capaz, portador(a) do <strong>CPF nº 060.***.**3-57, </strong>para exercer o cargo de <strong>Coordenador(a) de Vigilância Epidemiológica, </strong>lotado(a) na Secretaria Municipal de Saúde &#8211; SEMUS de Magalhães de Almeida-MA.<br />
<strong>Art. 2º</strong> &#8211; Esta portaria entra em vigor na data de sua publicação, revogada as disposições em contrário.<br />
Leia-se, Publique-se e cumpra-se em Magalhaes de Almeida/MA, 15 de Janeiro de 2025. RAIMUNDO NONATO CARVALHO, Prefeito Municipal</p>
