{"id":23704,"date":"2025-01-22T16:02:39","date_gmt":"2025-01-22T19:02:39","guid":{"rendered":"https:\/\/magalhaesdealmeida.ma.gov.br\/transparencia\/?post_type=publicacoesdom&#038;p=23704"},"modified":"2025-01-22T17:11:38","modified_gmt":"2025-01-22T20:11:38","slug":"portaria-n-o-064-2025-gab","status":"publish","type":"publicacoesdom","link":"https:\/\/magalhaesdealmeida.ma.gov.br\/transparencia\/publicacoesdom\/portaria-n-o-064-2025-gab\/","title":{"rendered":"PORTARIA N.\u00ba 064\/2025 &#8211; GAB"},"content":{"rendered":"<p><strong>\u00a0<\/strong><strong><u>ERMO DE DESIGNA\u00c7\u00c3O &#8211; <\/u><\/strong><strong>O Prefeito Municipal de Magalh\u00e3es de Almeida, Estado do Maranh\u00e3o<\/strong>, no uso de suas atribui\u00e7\u00f5es e de conformidade com a Lei Org\u00e2nica Municipal Artigo 67, incisos VI e VIII.<br \/>\n<strong>Considerando<\/strong> o disposto no inciso II, do art. 9\u00ba da Lei n\u00ba 236 de 02 de janeiro de 1998. <strong>RESOLVE:<br \/>\n<\/strong><strong>Art. 1\u00ba<\/strong> &#8211; <strong>DESIGNAR <\/strong>o(a) <strong>servidora p\u00fablica municipal efetiva, matr\u00edcula n<\/strong><strong>\u00b0 72-1 <\/strong>\u00a0\u00a0Sr(a). <strong>MICHELLE CANDEIRA RAMOS ESC\u00d3RCIO<\/strong>, brasileiro(a), maior, capaz, portador(a) do <strong>CPF n\u00ba 716.***.**1-53 , <\/strong>para exercer o cargo de <strong>Coordenador(a) de Estat\u00edstica <\/strong><strong>(DAS-2)<\/strong>, na Secretaria Municipal de Educa\u00e7\u00e3o, Ci\u00eancias, Tecnologia e Inova\u00e7\u00e3o &#8211; SEMECTI do Munic\u00edpio de Magalh\u00e3es de Almeida-MA.<br \/>\n<strong>Art. 2\u00ba<\/strong> &#8211; Esta portaria entra em vigor na data de sua publica\u00e7\u00e3o, revogada as disposi\u00e7\u00f5es em contr\u00e1rio.<br \/>\nLeia-se, Publique-se e cumpra-se em Magalhaes de Almeida\/MA, 22 de Janeiro de 2025. Raimundo Nonato Carvalho, Prefeito Municipal<\/p>\n","protected":false},"author":4,"template":"","class_list":["post-23704","publicacoesdom","type-publicacoesdom","status-publish","hentry"],"acf":{"tipo_de_publicacao_diario":"41","e_retificacao":"1","origem_do_diario":"Poder Executivo","codigo_verificador":"041dc5b3d83e963f164acccc7e4b4038b2ebb29e"},"_links":{"self":[{"href":"https:\/\/magalhaesdealmeida.ma.gov.br\/transparencia\/wp-json\/wp\/v2\/publicacoesdom\/23704","targetHints":{"allow":["GET"]}}],"collection":[{"href":"https:\/\/magalhaesdealmeida.ma.gov.br\/transparencia\/wp-json\/wp\/v2\/publicacoesdom"}],"about":[{"href":"https:\/\/magalhaesdealmeida.ma.gov.br\/transparencia\/wp-json\/wp\/v2\/types\/publicacoesdom"}],"author":[{"embeddable":true,"href":"https:\/\/magalhaesdealmeida.ma.gov.br\/transparencia\/wp-json\/wp\/v2\/users\/4"}],"wp:attachment":[{"href":"https:\/\/magalhaesdealmeida.ma.gov.br\/transparencia\/wp-json\/wp\/v2\/media?parent=23704"}],"curies":[{"name":"wp","href":"https:\/\/api.w.org\/{rel}","templated":true}]}}

PORTARIA N.º 064/2025 &#8211; GAB

<p><strong> </strong><strong><u>ERMO DE DESIGNAÇÃO &#8211; </u></strong><strong>O Prefeito Municipal de Magalhães de Almeida, Estado do Maranhão</strong>, no uso de suas atribuições e de conformidade com a Lei Orgânica Municipal Artigo 67, incisos VI e VIII.<br />
<strong>Considerando</strong> o disposto no inciso II, do art. 9º da Lei nº 236 de 02 de janeiro de 1998. <strong>RESOLVE:<br />
</strong><strong>Art. 1º</strong> &#8211; <strong>DESIGNAR </strong>o(a) <strong>servidora pública municipal efetiva, matrícula n</strong><strong>° 72-1 </strong>  Sr(a). <strong>MICHELLE CANDEIRA RAMOS ESCÓRCIO</strong>, brasileiro(a), maior, capaz, portador(a) do <strong>CPF nº 716.***.**1-53 , </strong>para exercer o cargo de <strong>Coordenador(a) de Estatística </strong><strong>(DAS-2)</strong>, na Secretaria Municipal de Educação, Ciências, Tecnologia e Inovação &#8211; SEMECTI do Município de Magalhães de Almeida-MA.<br />
<strong>Art. 2º</strong> &#8211; Esta portaria entra em vigor na data de sua publicação, revogada as disposições em contrário.<br />
Leia-se, Publique-se e cumpra-se em Magalhaes de Almeida/MA, 22 de Janeiro de 2025. Raimundo Nonato Carvalho, Prefeito Municipal</p>
