{"id":23978,"date":"2025-02-03T10:29:01","date_gmt":"2025-02-03T13:29:01","guid":{"rendered":"https:\/\/magalhaesdealmeida.ma.gov.br\/transparencia\/?post_type=publicacoesdom&#038;p=23978"},"modified":"2025-02-03T10:29:01","modified_gmt":"2025-02-03T13:29:01","slug":"resultado-preliminar-de-habilitacao-do-edital-chamamento-publico-n-o-004-2024-para-selecao-de-projetos-para-firmar-termo-de-execucao-cultural-com-recursos-da-politica-nacional-aldir-blanc-de-fomento-a","status":"publish","type":"publicacoesdom","link":"https:\/\/magalhaesdealmeida.ma.gov.br\/transparencia\/publicacoesdom\/resultado-preliminar-de-habilitacao-do-edital-chamamento-publico-n-o-004-2024-para-selecao-de-projetos-para-firmar-termo-de-execucao-cultural-com-recursos-da-politica-nacional-aldir-blanc-de-fomento-a\/","title":{"rendered":"RESULTADO PRELIMINAR DE HABILITA\u00c7\u00c3O DO EDITAL CHAMAMENTO P\u00daBLICO N.\u00ba 004\/2024 PARA SELE\u00c7\u00c3O DE PROJETOS PARA FIRMAR TERMO DE EXECU\u00c7\u00c3O CULTURAL COM RECURSOS DA POL\u00cdTICA NACIONAL ALDIR BLANC DE FOMENTO \u00c0 CULTURA \u2013 PNAB (LEI N.\u00ba 14.399\/2022)"},"content":{"rendered":"<p>A Prefeitura Municipal de Munic\u00edpio de Magalh\u00e3es de Almeida do Maranh\u00e3o, por interm\u00e9dio da Secretaria Municipal de Cultura e Turismo\u00a0no uso de suas atribui\u00e7\u00f5es legais que lhe s\u00e3o conferidas pela Lei Municipal, <strong>TORNA P\u00daBLICO RESULTADO PRELIMINAR DE HABILITA\u00c7\u00c3O<\/strong> ao Edital de Chamamento P\u00fablico n.\u00ba 04\/2024 para sele\u00e7\u00e3o de projetos para formar termo de execu\u00e7\u00e3o cultural com recursos da pol\u00edtica nacional Aldir Blanc de fomento \u00e0 cultura \u2013 PNAB (LEI N.\u00ba 14.399\/2022).<br \/>\nO objeto deste Edital \u00e9 a sele\u00e7\u00e3o de projetos culturais para receberem apoio financeiro nas categorias descritas no Anexo I, com o objetivo de incentivar as diversas formas de manifesta\u00e7\u00f5es culturais do Munic\u00edpio de Magalh\u00e3es de Almeida do Maranh\u00e3o.<\/p>\n<table width=\"485\">\n<tbody>\n<tr>\n<td style=\"text-align: center\" width=\"138\"><strong>Proponente<\/strong><\/td>\n<td style=\"text-align: center\" width=\"83\"><strong>CPF<\/strong><\/td>\n<td style=\"text-align: center\" width=\"60\"><strong>Categoria<\/strong><\/td>\n<td style=\"text-align: center\" width=\"21\"><strong>N.\u00ba<\/strong><\/td>\n<td style=\"text-align: center\" width=\"32\"><strong>Cota<\/strong><\/td>\n<td style=\"text-align: center\" width=\"31\"><strong>Nota<\/strong><\/td>\n<td style=\"text-align: center\" width=\"55\"><strong>Situa\u00e7\u00e3o<\/strong><\/td>\n<td style=\"text-align: center\" width=\"65\"><strong>Habilita\u00e7\u00e3o<\/strong><\/td>\n<\/tr>\n<tr>\n<td width=\"138\">Edson Mendon\u00e7a da Costa<\/td>\n<td style=\"text-align: center\" width=\"83\">615.254.333-93<\/td>\n<td style=\"text-align: center\" width=\"60\">Teatro<\/td>\n<td style=\"text-align: center\" width=\"21\">1<\/td>\n<td style=\"text-align: center\" width=\"32\">N\u00e3o<\/td>\n<td style=\"text-align: center\" width=\"31\">80<\/td>\n<td style=\"text-align: center\" width=\"55\">Aprovado<\/td>\n<td style=\"text-align: center\" width=\"65\">Habilitado<\/td>\n<\/tr>\n<\/tbody>\n<\/table>\n<p>Magalh\u00e3es de Almeida\/MA, 03 de fevereiro de 2025. MAELIO CESAR FREITAS DOS SANTOS, SECRET\u00c1RIO MUNICIPAL DE CULTURA E TURISMO.<\/p>\n","protected":false},"author":4,"template":"","class_list":["post-23978","publicacoesdom","type-publicacoesdom","status-publish","hentry"],"acf":{"tipo_de_publicacao_diario":"0","e_retificacao":"1","origem_do_diario":"Poder Executivo","codigo_verificador":"f9f583eefcb2e017a4ef40c7f974477862277a9c"},"_links":{"self":[{"href":"https:\/\/magalhaesdealmeida.ma.gov.br\/transparencia\/wp-json\/wp\/v2\/publicacoesdom\/23978","targetHints":{"allow":["GET"]}}],"collection":[{"href":"https:\/\/magalhaesdealmeida.ma.gov.br\/transparencia\/wp-json\/wp\/v2\/publicacoesdom"}],"about":[{"href":"https:\/\/magalhaesdealmeida.ma.gov.br\/transparencia\/wp-json\/wp\/v2\/types\/publicacoesdom"}],"author":[{"embeddable":true,"href":"https:\/\/magalhaesdealmeida.ma.gov.br\/transparencia\/wp-json\/wp\/v2\/users\/4"}],"wp:attachment":[{"href":"https:\/\/magalhaesdealmeida.ma.gov.br\/transparencia\/wp-json\/wp\/v2\/media?parent=23978"}],"curies":[{"name":"wp","href":"https:\/\/api.w.org\/{rel}","templated":true}]}}

RESULTADO PRELIMINAR DE HABILITAÇÃO DO EDITAL CHAMAMENTO PÚBLICO N.º 004/2024 PARA SELEÇÃO DE PROJETOS PARA FIRMAR TERMO DE EXECUÇÃO CULTURAL COM RECURSOS DA POLÍTICA NACIONAL ALDIR BLANC DE FOMENTO À CULTURA – PNAB (LEI N.º 14.399/2022)

<p>A Prefeitura Municipal de Município de Magalhães de Almeida do Maranhão, por intermédio da Secretaria Municipal de Cultura e Turismo no uso de suas atribuições legais que lhe são conferidas pela Lei Municipal, <strong>TORNA PÚBLICO RESULTADO PRELIMINAR DE HABILITAÇÃO</strong> ao Edital de Chamamento Público n.º 04/2024 para seleção de projetos para formar termo de execução cultural com recursos da política nacional Aldir Blanc de fomento à cultura – PNAB (LEI N.º 14.399/2022).<br />
O objeto deste Edital é a seleção de projetos culturais para receberem apoio financeiro nas categorias descritas no Anexo I, com o objetivo de incentivar as diversas formas de manifestações culturais do Município de Magalhães de Almeida do Maranhão.</p>
<table width="485">
<tbody>
<tr>
<td style="text-align: center" width="138"><strong>Proponente</strong></td>
<td style="text-align: center" width="83"><strong>CPF</strong></td>
<td style="text-align: center" width="60"><strong>Categoria</strong></td>
<td style="text-align: center" width="21"><strong>N.º</strong></td>
<td style="text-align: center" width="32"><strong>Cota</strong></td>
<td style="text-align: center" width="31"><strong>Nota</strong></td>
<td style="text-align: center" width="55"><strong>Situação</strong></td>
<td style="text-align: center" width="65"><strong>Habilitação</strong></td>
</tr>
<tr>
<td width="138">Edson Mendonça da Costa</td>
<td style="text-align: center" width="83">615.254.333-93</td>
<td style="text-align: center" width="60">Teatro</td>
<td style="text-align: center" width="21">1</td>
<td style="text-align: center" width="32">Não</td>
<td style="text-align: center" width="31">80</td>
<td style="text-align: center" width="55">Aprovado</td>
<td style="text-align: center" width="65">Habilitado</td>
</tr>
</tbody>
</table>
<p>Magalhães de Almeida/MA, 03 de fevereiro de 2025. MAELIO CESAR FREITAS DOS SANTOS, SECRETÁRIO MUNICIPAL DE CULTURA E TURISMO.</p>
