{"id":24037,"date":"2025-02-04T12:55:41","date_gmt":"2025-02-04T15:55:41","guid":{"rendered":"https:\/\/magalhaesdealmeida.ma.gov.br\/transparencia\/?post_type=publicacoesdom&#038;p=24037"},"modified":"2025-02-04T12:55:41","modified_gmt":"2025-02-04T15:55:41","slug":"portaria-no-130-2025-gab","status":"publish","type":"publicacoesdom","link":"https:\/\/magalhaesdealmeida.ma.gov.br\/transparencia\/publicacoesdom\/portaria-no-130-2025-gab\/","title":{"rendered":"PORTARIA N\u00ba 130\/2025 \u2013 GAB"},"content":{"rendered":"<p><strong><u>TERMO DE RETIFICA\u00c7\u00c3O &#8211; <\/u><\/strong><strong>RETIFICA o objeto da portaria n\u00ba <\/strong><strong>\u00ba 110\/2025-GAB <\/strong>que <strong>DESIGNA o(a)<\/strong> <strong>servidor(a) p\u00fablico(a) municipal efetivo<\/strong><strong>(a), matr\u00edcula n\u00ba<\/strong> <strong>460-1<\/strong> Sr(a). <strong>LEANDRO ESC\u00d3RCIO DA SILVA<\/strong>, para exercer o cargo de <strong>Coordenador(a) Administrativo de Im\u00f3veis e Patrim\u00f4nio.<br \/>\n<\/strong><strong>O PREFEITO MUNICIPAL DE MAGALH\u00c3ES DE ALMEIDA, Estado do Maranh\u00e3o<\/strong>, no uso de suas atribui\u00e7\u00f5es legais, de acordo com o artigo 67, inciso VI, da Lei Org\u00e2nica Municipal, <strong><u>RESOLVE<\/u><\/strong><strong>:<br \/>\n<\/strong><strong>Artigo 1\u00ba<\/strong> &#8211; <strong>RETIFICAR<\/strong> A PORTARIA <strong>N\u00b0 110\/2025-GAB<\/strong> de 03 de fevereiro de 2025, publicada no Di\u00e1rio Oficial Municipal-DOM n\u00b01547 no dia 03 de fevereiro de 2025.<br \/>\nOnde se l\u00ea: \u201c<strong>Coordenador(a) Administrativo de Im\u00f3veis e Patrim\u00f4nio (DAS-4) <\/strong>\u201d<br \/>\nLeia-se: \u201c<strong>Coordenador(a) Administrativo de Im\u00f3veis e Patrim\u00f4nio (DAS-1) <\/strong>\u201d<br \/>\n<strong>Art. 2\u00ba<\/strong> &#8211; Esta Portaria entra em vigor na data de sua publica\u00e7\u00e3o, revogadas as disposi\u00e7\u00f5es em contr\u00e1rio.<br \/>\nLeia-se, Publique-se e Cumpra-se, em Magalh\u00e3es de Almeida\/MA, 04 de fevereiro de 2025. Raimundo Nonato Carvalho, Prefeito Municipal<\/p>\n","protected":false},"author":4,"template":"","class_list":["post-24037","publicacoesdom","type-publicacoesdom","status-publish","hentry"],"acf":{"tipo_de_publicacao_diario":"41","e_retificacao":"1","origem_do_diario":"Poder Executivo","codigo_verificador":"37cd0f7345d9fcddee8e34069e08f98708f834ef"},"_links":{"self":[{"href":"https:\/\/magalhaesdealmeida.ma.gov.br\/transparencia\/wp-json\/wp\/v2\/publicacoesdom\/24037","targetHints":{"allow":["GET"]}}],"collection":[{"href":"https:\/\/magalhaesdealmeida.ma.gov.br\/transparencia\/wp-json\/wp\/v2\/publicacoesdom"}],"about":[{"href":"https:\/\/magalhaesdealmeida.ma.gov.br\/transparencia\/wp-json\/wp\/v2\/types\/publicacoesdom"}],"author":[{"embeddable":true,"href":"https:\/\/magalhaesdealmeida.ma.gov.br\/transparencia\/wp-json\/wp\/v2\/users\/4"}],"wp:attachment":[{"href":"https:\/\/magalhaesdealmeida.ma.gov.br\/transparencia\/wp-json\/wp\/v2\/media?parent=24037"}],"curies":[{"name":"wp","href":"https:\/\/api.w.org\/{rel}","templated":true}]}}

PORTARIA Nº 130/2025 – GAB

<p><strong><u>TERMO DE RETIFICAÇÃO &#8211; </u></strong><strong>RETIFICA o objeto da portaria nº </strong><strong>º 110/2025-GAB </strong>que <strong>DESIGNA o(a)</strong> <strong>servidor(a) público(a) municipal efetivo</strong><strong>(a), matrícula nº</strong> <strong>460-1</strong> Sr(a). <strong>LEANDRO ESCÓRCIO DA SILVA</strong>, para exercer o cargo de <strong>Coordenador(a) Administrativo de Imóveis e Patrimônio.<br />
</strong><strong>O PREFEITO MUNICIPAL DE MAGALHÃES DE ALMEIDA, Estado do Maranhão</strong>, no uso de suas atribuições legais, de acordo com o artigo 67, inciso VI, da Lei Orgânica Municipal, <strong><u>RESOLVE</u></strong><strong>:<br />
</strong><strong>Artigo 1º</strong> &#8211; <strong>RETIFICAR</strong> A PORTARIA <strong>N° 110/2025-GAB</strong> de 03 de fevereiro de 2025, publicada no Diário Oficial Municipal-DOM n°1547 no dia 03 de fevereiro de 2025.<br />
Onde se lê: “<strong>Coordenador(a) Administrativo de Imóveis e Patrimônio (DAS-4) </strong>”<br />
Leia-se: “<strong>Coordenador(a) Administrativo de Imóveis e Patrimônio (DAS-1) </strong>”<br />
<strong>Art. 2º</strong> &#8211; Esta Portaria entra em vigor na data de sua publicação, revogadas as disposições em contrário.<br />
Leia-se, Publique-se e Cumpra-se, em Magalhães de Almeida/MA, 04 de fevereiro de 2025. Raimundo Nonato Carvalho, Prefeito Municipal</p>
